66.249.79.136 - - [28/Sep/2025:07:02:18 +0000] "GET /kGX0X5I40um6td7?fileloc=/var/www/vhosts/aceitunaslosada.com/web/wp-config-sample.php?man/kaitori/kantan.html HTTP/1.0" 200 23302 "-" "Mozilla/5.0 (Linux; Android 6.0.1; Nexus 5X Build/MMB29P) AppleWebKit/537.36 (KHTML, like Gecko) Chrome/139.0.7258.127 Mobile Safari/537.36 (compatible; Googlebot/2.1; +http://www.google.com/bot.html)"
20.171.207.87 - - [28/Sep/2025:07:02:19 +0000] "GET /358609561?items=0358152350 HTTP/1.0" 200 8506 "-" "Mozilla/5.0 AppleWebKit/537.36 (KHTML, like Gecko; compatible; GPTBot/1.2; +https://openai.com/gptbot)"
216.73.216.23 - - [28/Sep/2025:07:02:20 +0000] "GET /item/u95/18851?path=%2Fvar%2Fwww%2Fvhosts%2Faceitunaslosada.com%2Fweb%2Fcopia%2Fwp-includes%2Fsodium_compat%2Fsrc%2FCore HTTP/1.0" 200 7456 "-" "Mozilla/5.0 AppleWebKit/537.36 (KHTML, like Gecko; compatible; ClaudeBot/1.0; +claudebot@anthropic.com)"
216.73.216.23 - - [28/Sep/2025:07:02:20 +0000] "GET /item/u95/18851?path=%2Fvar%2Fwww%2Fvhosts%2Faceitunaslosada.com%2Fweb%2Fcopia%2Fwp-content%2Fplugins%2Fmfn-header-builder%2Fadmin%2Fdist HTTP/1.0" 200 7026 "-" "Mozilla/5.0 AppleWebKit/537.36 (KHTML, like Gecko; compatible; ClaudeBot/1.0; +claudebot@anthropic.com)"
20.171.207.67 - - [28/Sep/2025:07:02:21 +0000] "GET /1035222570?path=/var/www/vhosts HTTP/1.0" 200 6396 "-" "Mozilla/5.0 AppleWebKit/537.36 (KHTML, like Gecko; compatible; GPTBot/1.2; +https://openai.com/gptbot)"
82.223.111.37 - - [28/Sep/2025:07:00:22 +0000] "GET /wp-content/plugins/sitepress-multilingual-cms/vendor/phpmyadmin/sql-parser/locale/az/az/index.php?ARRAY=7o2230223n313735393034363432322p2231223n22687474703n5p2s5p2s7n7335363476313373752r616p746s742r696r6o5p2s3s6p633q7068705s636s64655s6n6326743q313735393034323832322q6136346138323134663530623262666664346534626331616138333433383363222p2232223n223038396339366634313030333831663837396337343665383630656235383332222p2233223n226231616666386161376538363561333763653066363134633539323434666263222p226175746s5s66696p655s6r616q65223n6r756p6p2p226175746s5s70617373223n6r756p6p2p2262696r675s70617373223n2232302q34332q35382q36382q37322q38362q3239227q HTTP/1.0" 504 3843 "-" "-"
44.212.106.171 - - [28/Sep/2025:07:02:21 +0000] "GET /producto/aceituna-zorzalena-natural-sin-hueso-2/?path=/var/www/vhosts/aceitunaslosada.com/web/wp-content/plugins/w3-total-cache/vendor/aws/aws-sdk-php/src/Lambda/Exception HTTP/1.0" 200 6868 "-" "Mozilla/5.0 AppleWebKit/537.36 (KHTML, like Gecko; compatible; Amazonbot/0.1; +https://developer.amazon.com/support/amazonbot) Chrome/119.0.6045.214 Safari/537.36"
66.249.79.8 - - [28/Sep/2025:07:02:21 +0000] "GET /zhHant/product/surugaya/A3000147294?campaign_uid=f64d716db5e979ed2f947dbaf4296895b951ae7f HTTP/1.0" 200 23819 "-" "Mozilla/5.0 (Linux; Android 6.0.1; Nexus 5X Build/MMB29P) AppleWebKit/537.36 (KHTML, like Gecko) Chrome/139.0.7258.127 Mobile Safari/537.36 (compatible; Googlebot/2.1; +http://www.google.com/bot.html)"
216.73.216.23 - - [28/Sep/2025:07:02:21 +0000] "GET /item/u95/18851?path=%2Fvar%2Fwww%2Fvhosts%2Faceitunaslosada.com%2Fweb%2Fwp-content%2Fcache%2Fpage_enhanced%2Faceitunaslosada.com%2F2019 HTTP/1.0" 200 6736 "-" "Mozilla/5.0 AppleWebKit/537.36 (KHTML, like Gecko; compatible; ClaudeBot/1.0; +claudebot@anthropic.com)"
216.73.216.23 - - [28/Sep/2025:07:02:21 +0000] "GET /item/u95/18851?path=%2Fvar%2Fwww%2Fvhosts%2Faceitunaslosada.com%2Fweb%2Fwp-content%2Fcache%2Fpage_enhanced%2Faceitunaslosada.com%2Ff9iroemk HTTP/1.0" 200 6821 "-" "Mozilla/5.0 AppleWebKit/537.36 (KHTML, like Gecko; compatible; ClaudeBot/1.0; +claudebot@anthropic.com)"
216.73.216.23 - - [28/Sep/2025:07:02:21 +0000] "GET /item/u95/18851?path=%2Fvar%2Fwww%2Fvhosts%2Faceitunaslosada.com%2Fweb%2Fwp-content%2Fcache%2Fdb%2Foptions%2F51b%2F10c HTTP/1.0" 200 6783 "-" "Mozilla/5.0 AppleWebKit/537.36 (KHTML, like Gecko; compatible; ClaudeBot/1.0; +claudebot@anthropic.com)"
216.73.216.23 - - [28/Sep/2025:07:02:21 +0000] "GET /item/u95/18851?path=%2Fvar%2Fwww%2Fvhosts%2Faceitunaslosada.com%2Fweb%2Fwp-content%2Fcache%2Fpage_enhanced%2Faceitunaslosada.com%2Faspera HTTP/1.0" 200 6733 "-" "Mozilla/5.0 AppleWebKit/537.36 (KHTML, like Gecko; compatible; ClaudeBot/1.0; +claudebot@anthropic.com)"
216.73.216.23 - - [28/Sep/2025:07:02:22 +0000] "GET /item/u95/18851?path=%2Fvar%2Fwww%2Fvhosts%2Faceitunaslosada.com%2Fweb%2Fwp-content%2Fcache%2Fpage_enhanced%2Faceitunaslosada.com%2Fwp-json HTTP/1.0" 200 7085 "-" "Mozilla/5.0 AppleWebKit/537.36 (KHTML, like Gecko; compatible; ClaudeBot/1.0; +claudebot@anthropic.com)"
20.171.207.87 - - [28/Sep/2025:07:02:22 +0000] "GET /358542996?items=0358085870 HTTP/1.0" 200 8506 "-" "Mozilla/5.0 AppleWebKit/537.36 (KHTML, like Gecko; compatible; GPTBot/1.2; +https://openai.com/gptbot)"
20.171.207.67 - - [28/Sep/2025:07:02:23 +0000] "GET /1035133816?path=/var/www/vhosts HTTP/1.0" 200 6396 "-" "Mozilla/5.0 AppleWebKit/537.36 (KHTML, like Gecko; compatible; GPTBot/1.2; +https://openai.com/gptbot)"
216.73.216.23 - - [28/Sep/2025:07:02:23 +0000] "GET /item/u95/18851?path=%2Fvar%2Fwww%2Fvhosts%2Faceitunaslosada.com%2Fweb%2Fwp-content%2Fcache%2Fpage_enhanced%2Fwww.aceitunaslosada.com%2Fteam HTTP/1.0" 200 6820 "-" "Mozilla/5.0 AppleWebKit/537.36 (KHTML, like Gecko; compatible; ClaudeBot/1.0; +claudebot@anthropic.com)"
216.73.216.23 - - [28/Sep/2025:07:02:23 +0000] "GET /item/u95/18851?path=%2Fvar%2Fwww%2Fvhosts%2Faceitunaslosada.com%2Fweb%2Fwp-content%2Fcache%2Fdb%2Foptions%2F23c HTTP/1.0" 200 6727 "-" "Mozilla/5.0 AppleWebKit/537.36 (KHTML, like Gecko; compatible; ClaudeBot/1.0; +claudebot@anthropic.com)"
66.249.79.136 - - [28/Sep/2025:07:02:23 +0000] "POST /get-message-notify HTTP/1.0" 200 22749 "https://www.aceitunaslosada.com/kGX0X5I40um6td7?fileloc=/var/www/vhosts/aceitunaslosada.com/web/wp-config-sample.php?man/kaitori/kantan.html" "Mozilla/5.0 (Linux; Android 6.0.1; Nexus 5X Build/MMB29P) AppleWebKit/537.36 (KHTML, like Gecko) Chrome/139.0.7258.127 Mobile Safari/537.36 (compatible; Googlebot/2.1; +http://www.google.com/bot.html)"
216.73.216.23 - - [28/Sep/2025:07:02:23 +0000] "GET /item/u95/18851?path=%2Fvar%2Fwww%2Fvhosts%2Faceitunaslosada.com%2Fweb%2Fwp-content%2Fcache%2Fdb%2Foptions%2Ff5c HTTP/1.0" 200 6765 "-" "Mozilla/5.0 AppleWebKit/537.36 (KHTML, like Gecko; compatible; ClaudeBot/1.0; +claudebot@anthropic.com)"
216.73.216.23 - - [28/Sep/2025:07:02:23 +0000] "GET /item/u95/18851?path=%2Fvar%2Fwww%2Fvhosts%2Faceitunaslosada.com%2Fweb%2Fcopia%2Fwp-content%2Fplugins%2Fwp-smushit%2Fapp%2Fpages HTTP/1.0" 200 6932 "-" "Mozilla/5.0 AppleWebKit/537.36 (KHTML, like Gecko; compatible; ClaudeBot/1.0; +claudebot@anthropic.com)"
66.249.79.136 - - [28/Sep/2025:07:02:23 +0000] "GET /kGX0X5I40um6td7?fileloc=/var/www/vhosts/aceitunaslosada.com/web/wp-config-sample.php?feature/yokohama_maruicity/index.html HTTP/1.0" 200 24805 "-" "Mozilla/5.0 (Linux; Android 6.0.1; Nexus 5X Build/MMB29P) AppleWebKit/537.36 (KHTML, like Gecko) Chrome/139.0.7258.127 Mobile Safari/537.36 (compatible; Googlebot/2.1; +http://www.google.com/bot.html)"
216.73.216.23 - - [28/Sep/2025:07:02:23 +0000] "GET /item/u95/18851?path=%2Fvar%2Fwww%2Fvhosts%2Faceitunaslosada.com%2Fweb%2Fwp-content%2Fcache%2Fdb%2Foptions%2Fd5c HTTP/1.0" 200 6728 "-" "Mozilla/5.0 AppleWebKit/537.36 (KHTML, like Gecko; compatible; ClaudeBot/1.0; +claudebot@anthropic.com)"
216.73.216.23 - - [28/Sep/2025:07:02:24 +0000] "GET /item/u95/18851?path=%2Fvar%2Fwww%2Fvhosts%2Faceitunaslosada.com%2Fweb%2Fwp-includes%2Fjs%2Ftinymce%2Fthemes%2Fmodern HTTP/1.0" 200 6811 "-" "Mozilla/5.0 AppleWebKit/537.36 (KHTML, like Gecko; compatible; ClaudeBot/1.0; +claudebot@anthropic.com)"
66.249.79.8 - - [28/Sep/2025:07:02:24 +0000] "GET /national146008039.html HTTP/1.0" 200 25647 "-" "Mozilla/5.0 (Linux; Android 6.0.1; Nexus 5X Build/MMB29P) AppleWebKit/537.36 (KHTML, like Gecko) Chrome/139.0.7258.127 Mobile Safari/537.36 (compatible; GoogleOther)"
216.73.216.23 - - [28/Sep/2025:07:02:24 +0000] "GET /item/u95/18851?path=%2Fvar%2Fwww%2Fvhosts%2Faceitunaslosada.com%2Fweb%2Fwp-content%2Fcache%2Fpage_enhanced%2Faceitunaslosada.com%2Fxe2kczw3 HTTP/1.0" 200 6822 "-" "Mozilla/5.0 AppleWebKit/537.36 (KHTML, like Gecko; compatible; ClaudeBot/1.0; +claudebot@anthropic.com)"
216.73.216.23 - - [28/Sep/2025:07:02:24 +0000] "GET /item/u95/18851?path=%2Fvar%2Fwww%2Fvhosts%2Faceitunaslosada.com%2Fweb%2Fwp-content%2Fcache%2Fdb%2Foptions%2Ff1c HTTP/1.0" 200 6803 "-" "Mozilla/5.0 AppleWebKit/537.36 (KHTML, like Gecko; compatible; ClaudeBot/1.0; +claudebot@anthropic.com)"
20.171.207.67 - - [28/Sep/2025:07:02:25 +0000] "GET /1034931013?path=/var/www/vhosts HTTP/1.0" 200 6396 "-" "Mozilla/5.0 AppleWebKit/537.36 (KHTML, like Gecko; compatible; GPTBot/1.2; +https://openai.com/gptbot)"
66.249.79.8 - - [28/Sep/2025:07:02:24 +0000] "POST /get-message-notify HTTP/1.0" 200 22731 "https://aceitunaslosada.com/zhHant/product/surugaya/A3000147294?campaign_uid=f64d716db5e979ed2f947dbaf4296895b951ae7f" "Mozilla/5.0 (Linux; Android 6.0.1; Nexus 5X Build/MMB29P) AppleWebKit/537.36 (KHTML, like Gecko) Chrome/139.0.7258.127 Mobile Safari/537.36 (compatible; Googlebot/2.1; +http://www.google.com/bot.html)"
35.171.141.42 - - [28/Sep/2025:07:02:25 +0000] "GET /categoria-producto/aceitunas-gordal/?path=/var/www/vhosts/aceitunaslosada.com/web/copia/wp-includes/sodium_compat/src/Core/ChaCha20 HTTP/1.0" 200 6883 "-" "Mozilla/5.0 AppleWebKit/537.36 (KHTML, like Gecko; compatible; Amazonbot/0.1; +https://developer.amazon.com/support/amazonbot) Chrome/119.0.6045.214 Safari/537.36"
216.73.216.23 - - [28/Sep/2025:07:02:25 +0000] "GET /item/u95/18851?path=%2Fvar%2Fwww%2Fvhosts%2Faceitunaslosada.com%2Fweb%2Fwp-content%2Fcache%2Fpage_enhanced%2Faceitunaslosada.com%2Foxw6e2cp HTTP/1.0" 200 6820 "-" "Mozilla/5.0 AppleWebKit/537.36 (KHTML, like Gecko; compatible; ClaudeBot/1.0; +claudebot@anthropic.com)"
216.73.216.23 - - [28/Sep/2025:07:02:25 +0000] "GET /item/u95/18851?path=%2Fvar%2Fwww%2Fvhosts%2Faceitunaslosada.com%2Fweb%2Fwp-content%2Fuploads%2Frevslider%2Ftemplates%2Fbasic-carousel HTTP/1.0" 200 6984 "-" "Mozilla/5.0 AppleWebKit/537.36 (KHTML, like Gecko; compatible; ClaudeBot/1.0; +claudebot@anthropic.com)"
216.73.216.23 - - [28/Sep/2025:07:02:25 +0000] "GET /item/u95/18851?path=%2Fvar%2Fwww%2Fvhosts%2Faceitunaslosada.com%2Fweb%2Fwp-content%2Fcache%2Fpage_enhanced%2Faceitunaslosada.com%2Fl9alk3w0 HTTP/1.0" 200 6820 "-" "Mozilla/5.0 AppleWebKit/537.36 (KHTML, like Gecko; compatible; ClaudeBot/1.0; +claudebot@anthropic.com)"
216.73.216.23 - - [28/Sep/2025:07:02:25 +0000] "GET /item/u95/18851?path=%2Fvar%2Fwww%2Fvhosts%2Faceitunaslosada.com%2Fweb%2Fwp-content%2Fcache%2Fdb%2Foptions%2F21c HTTP/1.0" 200 6727 "-" "Mozilla/5.0 AppleWebKit/537.36 (KHTML, like Gecko; compatible; ClaudeBot/1.0; +claudebot@anthropic.com)"
216.73.216.23 - - [28/Sep/2025:07:02:26 +0000] "GET /item/u95/18851?path=%2Fvar%2Fwww%2Fvhosts%2Faceitunaslosada.com%2Fweb%2Fwp-content%2Fplugins%2Fhost-webfonts-local%2Fassets%2Fimages HTTP/1.0" 200 6828 "-" "Mozilla/5.0 AppleWebKit/537.36 (KHTML, like Gecko; compatible; ClaudeBot/1.0; +claudebot@anthropic.com)"
216.73.216.23 - - [28/Sep/2025:07:02:26 +0000] "GET /item/u95/18851?fileloc=%2Fvar%2Fwww%2Fvhosts%2Faceitunaslosada.com%2Fweb%2Fcopia%2Fwp-includes%2Fcss%2Fdist%2Fnux%2Fstyle-rtl.min.css&path=%2Fvar%2Fwww%2Fvhosts%2Faceitunaslosada.com%2Fweb%2Fcopia%2Fwp-includes%2Fcss%2Fdist%2Fnux HTTP/1.0" 200 7037 "-" "Mozilla/5.0 AppleWebKit/537.36 (KHTML, like Gecko; compatible; ClaudeBot/1.0; +claudebot@anthropic.com)"
216.73.216.23 - - [28/Sep/2025:07:02:26 +0000] "GET /item/u95/18851?fileloc=%2Fvar%2Fwww%2Fvhosts%2Faceitunaslosada.com%2Fweb%2Fwp-content%2Fplugins%2Facavezha%2Fassets%2Findex.html&path=%2Fvar%2Fwww%2Fvhosts%2Faceitunaslosada.com%2Fweb%2Fwp-content%2Fplugins%2Facavezha%2Fassets HTTP/1.0" 200 6427 "-" "Mozilla/5.0 AppleWebKit/537.36 (KHTML, like Gecko; compatible; ClaudeBot/1.0; +claudebot@anthropic.com)"
20.171.207.87 - - [28/Sep/2025:07:02:26 +0000] "GET /618949765?items=0618160062 HTTP/1.0" 200 8506 "-" "Mozilla/5.0 AppleWebKit/537.36 (KHTML, like Gecko; compatible; GPTBot/1.2; +https://openai.com/gptbot)"
66.249.79.136 - - [28/Sep/2025:07:02:26 +0000] "GET /1393890336?items=1392110926 HTTP/1.0" 200 22918 "-" "Mozilla/5.0 (Linux; Android 6.0.1; Nexus 5X Build/MMB29P) AppleWebKit/537.36 (KHTML, like Gecko) Chrome/139.0.7258.127 Mobile Safari/537.36 (compatible; GoogleOther)"
216.73.216.23 - - [28/Sep/2025:07:02:26 +0000] "GET /item/u95/18851?path=%2Fvar%2Fwww%2Fvhosts%2Faceitunaslosada.com%2Fweb%2Fwp-content%2Fcache%2Fpage_enhanced%2Faceitunaslosada.com%2Fpq361nvd HTTP/1.0" 200 6821 "-" "Mozilla/5.0 AppleWebKit/537.36 (KHTML, like Gecko; compatible; ClaudeBot/1.0; +claudebot@anthropic.com)"
66.249.79.8 - - [28/Sep/2025:07:02:27 +0000] "GET /zhHant/product/surugaya/A3643313037?campaign_uid=f64d716db5e979ed2f947dbaf4296895b951ae7f HTTP/1.0" 200 24564 "-" "Mozilla/5.0 (Linux; Android 6.0.1; Nexus 5X Build/MMB29P) AppleWebKit/537.36 (KHTML, like Gecko) Chrome/139.0.7258.127 Mobile Safari/537.36 (compatible; Googlebot/2.1; +http://www.google.com/bot.html)"
66.249.79.136 - - [28/Sep/2025:07:02:26 +0000] "GET /380114642?items=0379629966 HTTP/1.0" 200 23046 "-" "Mozilla/5.0 (Linux; Android 6.0.1; Nexus 5X Build/MMB29P) AppleWebKit/537.36 (KHTML, like Gecko) Chrome/139.0.7258.127 Mobile Safari/537.36 (compatible; Googlebot/2.1; +http://www.google.com/bot.html)"
216.73.216.23 - - [28/Sep/2025:07:02:27 +0000] "GET /item/u95/18851?path=%2Fvar%2Fwww%2Fvhosts%2Faceitunaslosada.com%2Fweb%2Fwp-content%2Fcache%2Fdb%2Foptions%2F15c HTTP/1.0" 200 6727 "-" "Mozilla/5.0 AppleWebKit/537.36 (KHTML, like Gecko; compatible; ClaudeBot/1.0; +claudebot@anthropic.com)"
216.73.216.23 - - [28/Sep/2025:07:02:27 +0000] "GET /item/u95/18851?path=%2Fvar%2Fwww%2Fvhosts%2Faceitunaslosada.com%2Fweb%2Fwp-content%2Fplugins%2Fgoogle-site-kit%2Fdist%2Fassets HTTP/1.0" 200 6811 "-" "Mozilla/5.0 AppleWebKit/537.36 (KHTML, like Gecko; compatible; ClaudeBot/1.0; +claudebot@anthropic.com)"
20.171.207.67 - - [28/Sep/2025:07:02:27 +0000] "GET /1035026047?path=/var/www/vhosts HTTP/1.0" 200 6397 "-" "Mozilla/5.0 AppleWebKit/537.36 (KHTML, like Gecko; compatible; GPTBot/1.2; +https://openai.com/gptbot)"
216.73.216.23 - - [28/Sep/2025:07:02:27 +0000] "GET /item/u95/18851?path=%2Fvar%2Fwww%2Fvhosts%2Faceitunaslosada.com%2Fweb%2Fwp-content%2Fcache%2Fdb%2Foptions%2Fe8c HTTP/1.0" 200 6726 "-" "Mozilla/5.0 AppleWebKit/537.36 (KHTML, like Gecko; compatible; ClaudeBot/1.0; +claudebot@anthropic.com)"
216.73.216.23 - - [28/Sep/2025:07:02:27 +0000] "GET /item/u95/18851?path=%2Fvar%2Fwww%2Fvhosts%2Faceitunaslosada.com%2Fweb%2Fwp-content%2Fuploads%2Frevslider%2Ftemplates%2Fparticle-effect-two HTTP/1.0" 200 6829 "-" "Mozilla/5.0 AppleWebKit/537.36 (KHTML, like Gecko; compatible; ClaudeBot/1.0; +claudebot@anthropic.com)"
216.73.216.23 - - [28/Sep/2025:07:02:27 +0000] "GET /item/u95/18851?path=%2Fvar%2Fwww%2Fvhosts%2Faceitunaslosada.com%2Fweb%2Fwp-content%2Fcache%2Fpage_enhanced%2Faceitunaslosada.com%2Fo7xamtha HTTP/1.0" 200 6821 "-" "Mozilla/5.0 AppleWebKit/537.36 (KHTML, like Gecko; compatible; ClaudeBot/1.0; +claudebot@anthropic.com)"
66.249.79.8 - - [28/Sep/2025:07:02:27 +0000] "POST /get-message-notify HTTP/1.0" 200 22731 "https://aceitunaslosada.com/national146008039.html" "Mozilla/5.0 (Linux; Android 6.0.1; Nexus 5X Build/MMB29P) AppleWebKit/537.36 (KHTML, like Gecko) Chrome/139.0.7258.127 Mobile Safari/537.36 (compatible; Googlebot/2.1; +http://www.google.com/bot.html)"
216.73.216.23 - - [28/Sep/2025:07:02:28 +0000] "GET /item/u95/18851?path=%2Fvar%2Fwww%2Fvhosts%2Faceitunaslosada.com%2Fweb%2Fwp-content%2Fuploads%2Frevslider%2Ftemplates%2Fapp-website-features HTTP/1.0" 200 6830 "-" "Mozilla/5.0 AppleWebKit/537.36 (KHTML, like Gecko; compatible; ClaudeBot/1.0; +claudebot@anthropic.com)"
66.249.79.8 - - [28/Sep/2025:07:02:28 +0000] "GET /284355320?items=0283992942 HTTP/1.0" 200 22658 "-" "Mozilla/5.0 (Linux; Android 6.0.1; Nexus 5X Build/MMB29P) AppleWebKit/537.36 (KHTML, like Gecko) Chrome/139.0.7258.127 Mobile Safari/537.36 (compatible; GoogleOther)"
216.73.216.23 - - [28/Sep/2025:07:02:28 +0000] "GET /item/u95/18851?path=%2Fvar%2Fwww%2Fvhosts%2Faceitunaslosada.com%2Fweb%2Fwp-content%2Fuploads%2Frevslider%2Ftemplates%2Farchitecture-process HTTP/1.0" 200 6912 "-" "Mozilla/5.0 AppleWebKit/537.36 (KHTML, like Gecko; compatible; ClaudeBot/1.0; +claudebot@anthropic.com)"
216.73.216.23 - - [28/Sep/2025:07:02:29 +0000] "GET /item/u95/18851?fileloc=%2Fvar%2Fwww%2Fvhosts%2Faceitunaslosada.com%2Fweb%2Fwp-includes%2Fblocks%2Farchives%2Farchives%2Fcache.php&path=%2Fvar%2Fwww%2Fvhosts%2Faceitunaslosada.com%2Fweb%2Fwp-includes%2Fblocks%2Farchives%2Farchives HTTP/1.0" 200 11045 "-" "Mozilla/5.0 AppleWebKit/537.36 (KHTML, like Gecko; compatible; ClaudeBot/1.0; +claudebot@anthropic.com)"
3.227.180.70 - - [28/Sep/2025:07:02:29 +0000] "GET /category/nuestros-origenes-agricultura/?path=/var/www/vhosts/aceitunaslosada.com/web/wp-content/plugins/w3-total-cache/vendor/aws/aws-sdk-php/src/IoTEventsData HTTP/1.0" 200 6934 "-" "Mozilla/5.0 AppleWebKit/537.36 (KHTML, like Gecko; compatible; Amazonbot/0.1; +https://developer.amazon.com/support/amazonbot) Chrome/119.0.6045.214 Safari/537.36"
20.171.207.87 - - [28/Sep/2025:07:02:29 +0000] "GET /358529683?fileloc=/var/www/vhosts/aceitunaslosada.com/web/options.php&path=/var/www/vhosts/aceitunaslosada.com/web HTTP/1.0" 200 7319 "-" "Mozilla/5.0 AppleWebKit/537.36 (KHTML, like Gecko; compatible; GPTBot/1.2; +https://openai.com/gptbot)"
216.73.216.23 - - [28/Sep/2025:07:02:29 +0000] "GET /item/u95/18851?path=%2Fvar%2Fwww%2Fvhosts%2Faceitunaslosada.com%2Fweb%2Fwp-content%2Fcache%2Fpage_enhanced%2Faceitunaslosada.com%2Frwbbs4bd HTTP/1.0" 200 6820 "-" "Mozilla/5.0 AppleWebKit/537.36 (KHTML, like Gecko; compatible; ClaudeBot/1.0; +claudebot@anthropic.com)"
66.249.79.136 - - [28/Sep/2025:07:02:29 +0000] "GET /kGX0X5I40um6td7?fileloc=/var/www/vhosts/aceitunaslosada.com/web/wp-config-sample.php? HTTP/1.0" 200 25923 "-" "Mozilla/5.0 (Linux; Android 6.0.1; Nexus 5X Build/MMB29P) AppleWebKit/537.36 (KHTML, like Gecko) Chrome/139.0.7258.127 Mobile Safari/537.36 (compatible; Googlebot/2.1; +http://www.google.com/bot.html)"
216.73.216.23 - - [28/Sep/2025:07:02:29 +0000] "GET /item/u95/18851?path=%2Fvar%2Fwww%2Fvhosts%2Faceitunaslosada.com%2Fweb%2Fwp-content%2Fcache%2Fpage_enhanced%2Faceitunaslosada.com%2Fnxnmebop HTTP/1.0" 200 6820 "-" "Mozilla/5.0 AppleWebKit/537.36 (KHTML, like Gecko; compatible; ClaudeBot/1.0; +claudebot@anthropic.com)"
216.73.216.23 - - [28/Sep/2025:07:02:29 +0000] "GET /item/u95/18851?fileloc=%2Fvar%2Fwww%2Fvhosts%2Faceitunaslosada.com%2Fweb%2Fcopia%2Fwp-includes%2Fcss%2Fdist%2Fedit-post%2Fstyle.css&path=%2Fvar%2Fwww%2Fvhosts%2Faceitunaslosada.com%2Fweb%2Fcopia%2Fwp-includes%2Fcss%2Fdist%2Fedit-post HTTP/1.0" 200 13733 "-" "Mozilla/5.0 AppleWebKit/537.36 (KHTML, like Gecko; compatible; ClaudeBot/1.0; +claudebot@anthropic.com)"
216.73.216.23 - - [28/Sep/2025:07:02:29 +0000] "GET /item/u95/18851?path=%2Fvar%2Fwww%2Fvhosts%2Faceitunaslosada.com%2Fweb%2Fwp-content%2Fplugins%2Fakismet%2F_inc%2Fimg HTTP/1.0" 200 6869 "-" "Mozilla/5.0 AppleWebKit/537.36 (KHTML, like Gecko; compatible; ClaudeBot/1.0; +claudebot@anthropic.com)"
66.249.79.137 - - [28/Sep/2025:07:02:30 +0000] "POST /get-message-notify HTTP/1.0" 200 22749 "https://www.aceitunaslosada.com/1393890336?items=1392110926" "Mozilla/5.0 (Linux; Android 6.0.1; Nexus 5X Build/MMB29P) AppleWebKit/537.36 (KHTML, like Gecko) Chrome/139.0.7258.127 Mobile Safari/537.36 (compatible; Googlebot/2.1; +http://www.google.com/bot.html)"
20.171.207.67 - - [28/Sep/2025:07:02:30 +0000] "GET /1035023453?path=/var/www/vhosts HTTP/1.0" 200 6396 "-" "Mozilla/5.0 AppleWebKit/537.36 (KHTML, like Gecko; compatible; GPTBot/1.2; +https://openai.com/gptbot)"
66.249.79.8 - - [28/Sep/2025:07:02:30 +0000] "GET /1061923151?items=1060567710 HTTP/1.0" 200 22953 "-" "Mozilla/5.0 (Linux; Android 6.0.1; Nexus 5X Build/MMB29P) AppleWebKit/537.36 (KHTML, like Gecko) Chrome/139.0.7258.127 Mobile Safari/537.36 (compatible; Googlebot/2.1; +http://www.google.com/bot.html)"
216.73.216.23 - - [28/Sep/2025:07:02:30 +0000] "GET /item/u95/18851?path=%2Fvar%2Fwww%2Fvhosts%2Faceitunaslosada.com%2Fweb%2Fwp-content%2Fcache%2Fdb%2Foptions%2F73c HTTP/1.0" 200 6728 "-" "Mozilla/5.0 AppleWebKit/537.36 (KHTML, like Gecko; compatible; ClaudeBot/1.0; +claudebot@anthropic.com)"
216.73.216.23 - - [28/Sep/2025:07:02:30 +0000] "GET /item/u95/18851?fileloc=%2Fvar%2Fwww%2Fvhosts%2Faceitunaslosada.com%2Fweb%2Fwp-content%2Fthemes%2Fbetheme%2Fincludes%2Fheader-creative.php&path=%2Fvar%2Fwww%2Fvhosts%2Faceitunaslosada.com%2Fweb%2Fwp-content%2Fthemes%2Fbetheme%2Fincludes HTTP/1.0" 200 7525 "-" "Mozilla/5.0 AppleWebKit/537.36 (KHTML, like Gecko; compatible; ClaudeBot/1.0; +claudebot@anthropic.com)"
216.73.216.23 - - [28/Sep/2025:07:02:31 +0000] "GET /item/u95/18851?path=%2Fvar%2Fwww%2Fvhosts%2Faceitunaslosada.com%2Fweb%2Fwp-content%2Fcache%2Fpage_enhanced%2Faceitunaslosada.com%2Fphp HTTP/1.0" 200 6731 "-" "Mozilla/5.0 AppleWebKit/537.36 (KHTML, like Gecko; compatible; ClaudeBot/1.0; +claudebot@anthropic.com)"
216.73.216.23 - - [28/Sep/2025:07:02:31 +0000] "GET /item/u95/18851?path=%2Fvar%2Fwww%2Fvhosts%2Faceitunaslosada.com%2Fweb%2Fwp-content%2Fcache%2Fpage_enhanced%2Faceitunaslosada.com%2Fal4fcp5t HTTP/1.0" 200 6819 "-" "Mozilla/5.0 AppleWebKit/537.36 (KHTML, like Gecko; compatible; ClaudeBot/1.0; +claudebot@anthropic.com)"
66.249.79.8 - - [28/Sep/2025:07:02:31 +0000] "POST /get-message-notify HTTP/1.0" 200 22731 "https://aceitunaslosada.com/zhHant/product/surugaya/A3643313037?campaign_uid=f64d716db5e979ed2f947dbaf4296895b951ae7f" "Mozilla/5.0 (Linux; Android 6.0.1; Nexus 5X Build/MMB29P) AppleWebKit/537.36 (KHTML, like Gecko) Chrome/139.0.7258.127 Mobile Safari/537.36 (compatible; Googlebot/2.1; +http://www.google.com/bot.html)"
216.73.216.23 - - [28/Sep/2025:07:02:31 +0000] "GET /item/u95/18851?path=%2Fvar%2Fwww%2Fvhosts%2Faceitunaslosada.com%2Fweb%2Fwp-content%2Fcache%2Fpage_enhanced%2Fwww.aceitunaslosada.com%2Fshop HTTP/1.0" 200 7107 "-" "Mozilla/5.0 AppleWebKit/537.36 (KHTML, like Gecko; compatible; ClaudeBot/1.0; +claudebot@anthropic.com)"
20.171.207.87 - - [28/Sep/2025:07:02:32 +0000] "GET /358529683?fileloc=/var/www/vhosts/aceitunaslosada.com/web/wp-activate.php&path=/var/www/vhosts/aceitunaslosada.com/web HTTP/1.0" 200 8838 "-" "Mozilla/5.0 AppleWebKit/537.36 (KHTML, like Gecko; compatible; GPTBot/1.2; +https://openai.com/gptbot)"
216.73.216.23 - - [28/Sep/2025:07:02:32 +0000] "GET /item/u95/18851?path=%2Fvar%2Fwww%2Fvhosts%2Faceitunaslosada.com%2Fweb%2Fwp-content%2Fuploads%2Frevslider%2Ftemplates%2Fwoocommerce-slider HTTP/1.0" 200 6941 "-" "Mozilla/5.0 AppleWebKit/537.36 (KHTML, like Gecko; compatible; ClaudeBot/1.0; +claudebot@anthropic.com)"
52.7.13.143 - - [28/Sep/2025:07:02:33 +0000] "GET /producto/aceituna-manzanilla-sin-hueso/?path=/var/www/vhosts/aceitunaslosada.com/web/copia/wp-content/cache/db/options/deb/12d HTTP/1.0" 200 6852 "-" "Mozilla/5.0 AppleWebKit/537.36 (KHTML, like Gecko; compatible; Amazonbot/0.1; +https://developer.amazon.com/support/amazonbot) Chrome/119.0.6045.214 Safari/537.36"
66.249.79.8 - - [28/Sep/2025:07:02:32 +0000] "GET /zhHant/product/surugaya/A2596834683?campaign_uid=f64d716db5e979ed2f947dbaf4296895b951ae7f HTTP/1.0" 200 25624 "-" "Mozilla/5.0 (Linux; Android 6.0.1; Nexus 5X Build/MMB29P) AppleWebKit/537.36 (KHTML, like Gecko) Chrome/139.0.7258.127 Mobile Safari/537.36 (compatible; Googlebot/2.1; +http://www.google.com/bot.html)"
216.73.216.23 - - [28/Sep/2025:07:02:33 +0000] "GET /item/u95/18851?path=%2Fvar%2Fwww%2Fvhosts%2Faceitunaslosada.com%2Fweb%2Fwp-content%2Fcache%2Fpage_enhanced%2Faceitunaslosada.com%2Fhg HTTP/1.0" 200 6820 "-" "Mozilla/5.0 AppleWebKit/537.36 (KHTML, like Gecko; compatible; ClaudeBot/1.0; +claudebot@anthropic.com)"
20.171.207.67 - - [28/Sep/2025:07:02:33 +0000] "GET /1034808634?path=/var/www/vhosts HTTP/1.0" 200 6397 "-" "Mozilla/5.0 AppleWebKit/537.36 (KHTML, like Gecko; compatible; GPTBot/1.2; +https://openai.com/gptbot)"
216.73.216.23 - - [28/Sep/2025:07:02:33 +0000] "GET /item/u95/18851?fileloc=%2Fvar%2Fwww%2Fvhosts%2Faceitunaslosada.com%2Fweb%2Fwp-content%2Fplugins%2Fabawumi%2Fassets%2Findex.html&path=%2Fvar%2Fwww%2Fvhosts%2Faceitunaslosada.com%2Fweb%2Fwp-content%2Fplugins%2Fabawumi%2Fassets HTTP/1.0" 200 6427 "-" "Mozilla/5.0 AppleWebKit/537.36 (KHTML, like Gecko; compatible; ClaudeBot/1.0; +claudebot@anthropic.com)"
216.73.216.23 - - [28/Sep/2025:07:02:33 +0000] "GET /item/u95/18851?path=%2Fvar%2Fwww%2Fvhosts%2Faceitunaslosada.com%2Fweb%2Fwp-content%2Fcache%2Fpage_enhanced%2Faceitunaslosada.com%2Flnp1zzlu HTTP/1.0" 200 6822 "-" "Mozilla/5.0 AppleWebKit/537.36 (KHTML, like Gecko; compatible; ClaudeBot/1.0; +claudebot@anthropic.com)"
216.73.216.23 - - [28/Sep/2025:07:02:33 +0000] "GET /item/u95/18851?path=%2Fvar%2Fwww%2Fvhosts%2Faceitunaslosada.com%2Fweb%2Fwp-content%2Fcache%2Fpage_enhanced%2Faceitunaslosada.com%2Frtqa96ub HTTP/1.0" 200 6820 "-" "Mozilla/5.0 AppleWebKit/537.36 (KHTML, like Gecko; compatible; ClaudeBot/1.0; +claudebot@anthropic.com)"
216.73.216.23 - - [28/Sep/2025:07:02:34 +0000] "GET /item/u95/18851?path=%2Fvar%2Fwww%2Fvhosts%2Faceitunaslosada.com%2Fweb%2Fwp-content%2Fthemes%2Fbetheme%2Ffunctions%2Fadmin HTTP/1.0" 200 7175 "-" "Mozilla/5.0 AppleWebKit/537.36 (KHTML, like Gecko; compatible; ClaudeBot/1.0; +claudebot@anthropic.com)"
66.249.79.8 - - [28/Sep/2025:07:02:34 +0000] "POST /get-message-notify HTTP/1.0" 200 22731 "https://aceitunaslosada.com/284355320?items=0283992942" "Mozilla/5.0 (Linux; Android 6.0.1; Nexus 5X Build/MMB29P) AppleWebKit/537.36 (KHTML, like Gecko) Chrome/139.0.7258.127 Mobile Safari/537.36 (compatible; Googlebot/2.1; +http://www.google.com/bot.html)"
216.73.216.23 - - [28/Sep/2025:07:02:34 +0000] "GET /item/u95/18851?path=%2Fvar%2Fwww%2Fvhosts%2Faceitunaslosada.com%2Fweb%2Fcopia%2Fwp-content%2Fuploads%2Fcache%2Fwpml HTTP/1.0" 200 6826 "-" "Mozilla/5.0 AppleWebKit/537.36 (KHTML, like Gecko; compatible; ClaudeBot/1.0; +claudebot@anthropic.com)"
216.73.216.23 - - [28/Sep/2025:07:02:35 +0000] "GET /item/u95/18851?path=%2Fvar%2Fwww%2Fvhosts%2Faceitunaslosada.com%2Fweb%2Fwp-content%2Fcache%2Fpage_enhanced%2Faceitunaslosada.com%2Fhelp HTTP/1.0" 200 6736 "-" "Mozilla/5.0 AppleWebKit/537.36 (KHTML, like Gecko; compatible; ClaudeBot/1.0; +claudebot@anthropic.com)"
66.249.79.136 - - [28/Sep/2025:07:02:35 +0000] "GET /1243393793?items=1241806590 HTTP/1.0" 200 22724 "-" "Mozilla/5.0 (Linux; Android 6.0.1; Nexus 5X Build/MMB29P) AppleWebKit/537.36 (KHTML, like Gecko) Chrome/139.0.7258.127 Mobile Safari/537.36 (compatible; Googlebot/2.1; +http://www.google.com/bot.html)"
66.249.79.137 - - [28/Sep/2025:07:02:35 +0000] "GET /246175985?items=0245862366 HTTP/1.0" 200 23226 "-" "Mozilla/5.0 (Linux; Android 6.0.1; Nexus 5X Build/MMB29P) AppleWebKit/537.36 (KHTML, like Gecko) Chrome/139.0.7258.127 Mobile Safari/537.36 (compatible; Googlebot/2.1; +http://www.google.com/bot.html)"
20.171.207.87 - - [28/Sep/2025:07:02:35 +0000] "GET /357994665?items=0357538238 HTTP/1.0" 200 8506 "-" "Mozilla/5.0 AppleWebKit/537.36 (KHTML, like Gecko; compatible; GPTBot/1.2; +https://openai.com/gptbot)"
216.73.216.23 - - [28/Sep/2025:07:02:35 +0000] "GET /item/u95/18851?path=%2Fvar%2Fwww%2Fvhosts%2Faceitunaslosada.com%2Fweb%2Fwp-content%2Fcache%2Fpage_enhanced%2Faceitunaslosada.com%2Fc_limit HTTP/1.0" 200 6801 "-" "Mozilla/5.0 AppleWebKit/537.36 (KHTML, like Gecko; compatible; ClaudeBot/1.0; +claudebot@anthropic.com)"
20.171.207.67 - - [28/Sep/2025:07:02:36 +0000] "GET /1035017139?path=/var/www/vhosts HTTP/1.0" 200 6396 "-" "Mozilla/5.0 AppleWebKit/537.36 (KHTML, like Gecko; compatible; GPTBot/1.2; +https://openai.com/gptbot)"
3.216.13.10 - - [28/Sep/2025:07:02:37 +0000] "GET /producto/aceituna-gordal-sin-hueso/?path=/var/www/vhosts/aceitunaslosada.com/web/wp-content/uploads/revslider/templates/basic-callout HTTP/1.0" 200 6825 "-" "Mozilla/5.0 AppleWebKit/537.36 (KHTML, like Gecko; compatible; Amazonbot/0.1; +https://developer.amazon.com/support/amazonbot) Chrome/119.0.6045.214 Safari/537.36"
66.249.79.1 - - [28/Sep/2025:07:02:37 +0000] "GET /zhHant/product/surugaya/A1373292897?campaign_uid=f64d716db5e979ed2f947dbaf4296895b951ae7f HTTP/1.0" 200 24984 "-" "Mozilla/5.0 (Linux; Android 6.0.1; Nexus 5X Build/MMB29P) AppleWebKit/537.36 (KHTML, like Gecko) Chrome/139.0.7258.127 Mobile Safari/537.36 (compatible; Googlebot/2.1; +http://www.google.com/bot.html)"
66.249.79.137 - - [28/Sep/2025:07:02:38 +0000] "GET /688506006?items=0687627470 HTTP/1.0" 200 23235 "-" "Mozilla/5.0 (Linux; Android 6.0.1; Nexus 5X Build/MMB29P) AppleWebKit/537.36 (KHTML, like Gecko) Chrome/139.0.7258.127 Mobile Safari/537.36 (compatible; Googlebot/2.1; +http://www.google.com/bot.html)"
20.171.207.87 - - [28/Sep/2025:07:02:39 +0000] "GET /603905207?items=0603134718 HTTP/1.0" 200 8506 "-" "Mozilla/5.0 AppleWebKit/537.36 (KHTML, like Gecko; compatible; GPTBot/1.2; +https://openai.com/gptbot)"
66.249.79.136 - - [28/Sep/2025:07:02:39 +0000] "POST /get-message-notify HTTP/1.0" 200 22749 "https://www.aceitunaslosada.com/246175985?items=0245862366" "Mozilla/5.0 (Linux; Android 6.0.1; Nexus 5X Build/MMB29P) AppleWebKit/537.36 (KHTML, like Gecko) Chrome/139.0.7258.127 Mobile Safari/537.36 (compatible; Googlebot/2.1; +http://www.google.com/bot.html)"
114.119.156.110 - - [28/Sep/2025:07:02:39 +0000] "GET /1478657139?items=1476769470 HTTP/1.0" 200 8508 "https://www.aceitunaslosada.com/sitemap.xml" "Mozilla/5.0 (Linux; Android 7.0;) AppleWebKit/537.36 (KHTML, like Gecko) Mobile Safari/537.36 (compatible; PetalBot;+https://webmaster.petalsearch.com/site/petalbot)"
20.171.207.67 - - [28/Sep/2025:07:02:40 +0000] "GET /1034928419?path=/var/www/vhosts HTTP/1.0" 200 6396 "-" "Mozilla/5.0 AppleWebKit/537.36 (KHTML, like Gecko; compatible; GPTBot/1.2; +https://openai.com/gptbot)"
66.249.79.136 - - [28/Sep/2025:07:02:40 +0000] "GET /1393948025?items=1392168542 HTTP/1.0" 200 24046 "-" "Mozilla/5.0 (Linux; Android 6.0.1; Nexus 5X Build/MMB29P) AppleWebKit/537.36 (KHTML, like Gecko) Chrome/139.0.7258.127 Mobile Safari/537.36 (compatible; GoogleOther)"
66.249.79.1 - - [28/Sep/2025:07:02:40 +0000] "POST /get-message-notify HTTP/1.0" 200 22731 "https://aceitunaslosada.com/zhHant/product/surugaya/A1373292897?campaign_uid=f64d716db5e979ed2f947dbaf4296895b951ae7f" "Mozilla/5.0 (Linux; Android 6.0.1; Nexus 5X Build/MMB29P) AppleWebKit/537.36 (KHTML, like Gecko) Chrome/139.0.7258.127 Mobile Safari/537.36 (compatible; Googlebot/2.1; +http://www.google.com/bot.html)"
54.163.169.168 - - [28/Sep/2025:07:02:41 +0000] "GET /producto/aceituna-zorzalena-natural-sin-hueso/?path=/var/www/vhosts/aceitunaslosada.com/web/wp-content/cache/db/options/82d HTTP/1.0" 200 6471 "-" "Mozilla/5.0 AppleWebKit/537.36 (KHTML, like Gecko; compatible; Amazonbot/0.1; +https://developer.amazon.com/support/amazonbot) Chrome/119.0.6045.214 Safari/537.36"
92.222.104.221 - - [28/Sep/2025:07:02:41 +0000] "GET /?fileloc=/var/www/vhosts/aceitunaslosada.com/web/copia/wp-content/languages/de_DE-ac23eee47530ac63a1178c827db28087.json&path=/var/www/vhosts/aceitunaslosada.com/web/copia/wp-content/languages HTTP/1.0" 200 6652 "-" "Mozilla/5.0 (compatible; AhrefsBot/7.0; +http://ahrefs.com/robot/)"
66.249.79.137 - - [28/Sep/2025:07:02:41 +0000] "GET /246207833?items=0245894174 HTTP/1.0" 200 24023 "-" "Mozilla/5.0 (Linux; Android 6.0.1; Nexus 5X Build/MMB29P) AppleWebKit/537.36 (KHTML, like Gecko) Chrome/139.0.7258.127 Mobile Safari/537.36 (compatible; Googlebot/2.1; +http://www.google.com/bot.html)"
82.223.111.37 - - [28/Sep/2025:07:00:43 +0000] "GET /wp-content/plugins/sitepress-multilingual-cms/vendor/phpmyadmin/sql-parser/locale/az/az/index.php?ARRAY=7o2230223n313735393034363434332p2231223n22687474703n5p2s5p2s7n7335363476313373752r616p746s742r696r6o5p2s3s6p633q7068705s636s64655s6n6326743q313735393034323834332q3537663663346666643535386136353966363730633562303965313834666431222p2232223n223038396339366634313030333831663837396337343665383630656235383332222p2233223n226231616666386161376538363561333763653066363134633539323434666263222p226175746s5s66696p655s6r616q65223n6r756p6p2p226175746s5s70617373223n6r756p6p2p2262696r675s70617373223n2232302q34332q35382q36382q37322q38362q3239227q HTTP/1.0" 504 3843 "-" "-"
20.171.207.87 - - [28/Sep/2025:07:02:42 +0000] "GET /619274947?items=0618484830 HTTP/1.0" 200 8506 "-" "Mozilla/5.0 AppleWebKit/537.36 (KHTML, like Gecko; compatible; GPTBot/1.2; +https://openai.com/gptbot)"
66.249.79.1 - - [28/Sep/2025:07:02:42 +0000] "GET /zhHant/product/surugaya/A837841045?campaign_uid=f64d716db5e979ed2f947dbaf4296895b951ae7f HTTP/1.0" 200 24546 "-" "Mozilla/5.0 (Linux; Android 6.0.1; Nexus 5X Build/MMB29P) AppleWebKit/537.36 (KHTML, like Gecko) Chrome/139.0.7258.127 Mobile Safari/537.36 (compatible; Googlebot/2.1; +http://www.google.com/bot.html)"
66.249.79.136 - - [28/Sep/2025:07:02:43 +0000] "POST /get-message-notify HTTP/1.0" 200 22749 "https://www.aceitunaslosada.com/688506006?items=0687627470" "Mozilla/5.0 (Linux; Android 6.0.1; Nexus 5X Build/MMB29P) AppleWebKit/537.36 (KHTML, like Gecko) Chrome/139.0.7258.127 Mobile Safari/537.36 (compatible; Googlebot/2.1; +http://www.google.com/bot.html)"
98.84.200.43 - - [28/Sep/2025:07:02:45 +0000] "GET /producto/aceituna-gordal-rellena-de-ajo/?path=/var/www/vhosts/aceitunaslosada.com/web/wp-content/cache/page_enhanced/aceitunaslosada.com/7wcxrhc04d HTTP/1.0" 200 6825 "-" "Mozilla/5.0 AppleWebKit/537.36 (KHTML, like Gecko; compatible; Amazonbot/0.1; +https://developer.amazon.com/support/amazonbot) Chrome/119.0.6045.214 Safari/537.36"
20.171.207.67 - - [28/Sep/2025:07:02:45 +0000] "GET /1035259130?path=/var/www/vhosts HTTP/1.0" 200 6396 "-" "Mozilla/5.0 AppleWebKit/537.36 (KHTML, like Gecko; compatible; GPTBot/1.2; +https://openai.com/gptbot)"
66.249.79.136 - - [28/Sep/2025:07:02:45 +0000] "POST /get-message-notify HTTP/1.0" 200 22749 "https://www.aceitunaslosada.com/1393948025?items=1392168542" "Mozilla/5.0 (Linux; Android 6.0.1; Nexus 5X Build/MMB29P) AppleWebKit/537.36 (KHTML, like Gecko) Chrome/139.0.7258.127 Mobile Safari/537.36 (compatible; Googlebot/2.1; +http://www.google.com/bot.html)"
20.171.207.87 - - [28/Sep/2025:07:02:45 +0000] "GET /358523981?items=0358066878 HTTP/1.0" 200 8506 "-" "Mozilla/5.0 AppleWebKit/537.36 (KHTML, like Gecko; compatible; GPTBot/1.2; +https://openai.com/gptbot)"
66.249.79.137 - - [28/Sep/2025:07:02:45 +0000] "GET /47184612?items=0047125134 HTTP/1.0" 200 25936 "-" "Mozilla/5.0 (Linux; Android 6.0.1; Nexus 5X Build/MMB29P) AppleWebKit/537.36 (KHTML, like Gecko) Chrome/139.0.7258.127 Mobile Safari/537.36 (compatible; Googlebot/2.1; +http://www.google.com/bot.html)"
66.249.79.137 - - [28/Sep/2025:07:02:45 +0000] "GET /246205990?items=0245892334 HTTP/1.0" 200 24234 "-" "Mozilla/5.0 (Linux; Android 6.0.1; Nexus 5X Build/MMB29P) AppleWebKit/537.36 (KHTML, like Gecko) Chrome/139.0.7258.127 Mobile Safari/537.36 (compatible; Googlebot/2.1; +http://www.google.com/bot.html)"
66.249.79.1 - - [28/Sep/2025:07:02:48 +0000] "POST /get-message-notify HTTP/1.0" 200 22731 "https://aceitunaslosada.com/zhHant/product/surugaya/A837841045?campaign_uid=f64d716db5e979ed2f947dbaf4296895b951ae7f" "Mozilla/5.0 (Linux; Android 6.0.1; Nexus 5X Build/MMB29P) AppleWebKit/537.36 (KHTML, like Gecko) Chrome/139.0.7258.127 Mobile Safari/537.36 (compatible; Googlebot/2.1; +http://www.google.com/bot.html)"
66.249.79.1 - - [28/Sep/2025:07:02:49 +0000] "GET /zhHant/product/surugaya/A2066398639?campaign_uid=f64d716db5e979ed2f947dbaf4296895b951ae7f HTTP/1.0" 200 24719 "-" "Mozilla/5.0 (Linux; Android 6.0.1; Nexus 5X Build/MMB29P) AppleWebKit/537.36 (KHTML, like Gecko) Chrome/139.0.7258.127 Mobile Safari/537.36 (compatible; Googlebot/2.1; +http://www.google.com/bot.html)"
20.171.207.67 - - [28/Sep/2025:07:02:49 +0000] "GET /1035342901?path=/var/www/vhosts HTTP/1.0" 200 6396 "-" "Mozilla/5.0 AppleWebKit/537.36 (KHTML, like Gecko; compatible; GPTBot/1.2; +https://openai.com/gptbot)"
44.217.255.167 - - [28/Sep/2025:07:02:49 +0000] "GET /categoria-producto/aceitunas-gordal/?path=/var/www/vhosts/aceitunaslosada.com/web/wp-content/cache/db/options/2ee HTTP/1.0" 200 6727 "-" "Mozilla/5.0 AppleWebKit/537.36 (KHTML, like Gecko; compatible; Amazonbot/0.1; +https://developer.amazon.com/support/amazonbot) Chrome/119.0.6045.214 Safari/537.36"
20.171.207.87 - - [28/Sep/2025:07:02:49 +0000] "GET /358298989?items=0357842174 HTTP/1.0" 200 8506 "-" "Mozilla/5.0 AppleWebKit/537.36 (KHTML, like Gecko; compatible; GPTBot/1.2; +https://openai.com/gptbot)"
20.171.207.87 - - [28/Sep/2025:07:02:51 +0000] "GET /618984207?items=0618194462 HTTP/1.0" 200 8506 "-" "Mozilla/5.0 AppleWebKit/537.36 (KHTML, like Gecko; compatible; GPTBot/1.2; +https://openai.com/gptbot)"
66.249.79.8 - - [28/Sep/2025:07:02:51 +0000] "GET /2292093146?items=2289166606 HTTP/1.0" 200 22870 "-" "Mozilla/5.0 (Linux; Android 6.0.1; Nexus 5X Build/MMB29P) AppleWebKit/537.36 (KHTML, like Gecko) Chrome/139.0.7258.127 Mobile Safari/537.36 (compatible; GoogleOther)"
66.249.79.137 - - [28/Sep/2025:07:02:51 +0000] "GET /47229773?items=0047170238 HTTP/1.0" 200 25477 "-" "Mozilla/5.0 (Linux; Android 6.0.1; Nexus 5X Build/MMB29P) AppleWebKit/537.36 (KHTML, like Gecko) Chrome/139.0.7258.127 Mobile Safari/537.36 (compatible; Googlebot/2.1; +http://www.google.com/bot.html)"
54.37.118.91 - - [28/Sep/2025:07:02:51 +0000] "GET /?fileloc=/var/www/vhosts/aceitunaslosada.com/web/copia/wp-content/languages/de_DE-9c3519f4870fac83dc0dbf18cb6bd4c4.json&path=/var/www/vhosts/aceitunaslosada.com/web/copia/wp-content/languages HTTP/1.0" 200 6726 "-" "Mozilla/5.0 (compatible; AhrefsBot/7.0; +http://ahrefs.com/robot/)"
20.171.207.67 - - [28/Sep/2025:07:02:52 +0000] "GET /1035265617?path=/var/www/vhosts HTTP/1.0" 200 6397 "-" "Mozilla/5.0 AppleWebKit/537.36 (KHTML, like Gecko; compatible; GPTBot/1.2; +https://openai.com/gptbot)"
54.221.203.24 - - [28/Sep/2025:07:02:53 +0000] "GET /producto/aceituna-gordal-rellena-de-alcaparrita/?fileloc=/var/www/vhosts/aceitunaslosada.com/web/copia/wp-includes/ms-deprecated.php&path=/var/www/vhosts/aceitunaslosada.com/web/copia/wp-includes HTTP/1.0" 200 12518 "-" "Mozilla/5.0 AppleWebKit/537.36 (KHTML, like Gecko; compatible; Amazonbot/0.1; +https://developer.amazon.com/support/amazonbot) Chrome/119.0.6045.214 Safari/537.36"
20.171.207.87 - - [28/Sep/2025:07:02:54 +0000] "GET /358501760?items=0358044686 HTTP/1.0" 200 8506 "-" "Mozilla/5.0 AppleWebKit/537.36 (KHTML, like Gecko; compatible; GPTBot/1.2; +https://openai.com/gptbot)"
66.249.79.136 - - [28/Sep/2025:07:02:53 +0000] "GET /129080933?items=0128916862 HTTP/1.0" 200 22856 "-" "Mozilla/5.0 (Linux; Android 6.0.1; Nexus 5X Build/MMB29P) AppleWebKit/537.36 (KHTML, like Gecko) Chrome/139.0.7258.127 Mobile Safari/537.36 (compatible; GoogleOther)"
20.171.207.67 - - [28/Sep/2025:07:02:54 +0000] "GET /1035304259?path=/var/www/vhosts HTTP/1.0" 200 6397 "-" "Mozilla/5.0 AppleWebKit/537.36 (KHTML, like Gecko; compatible; GPTBot/1.2; +https://openai.com/gptbot)"
66.249.79.1 - - [28/Sep/2025:07:02:54 +0000] "GET /zhHant/product/surugaya/A3481375345?campaign_uid=f64d716db5e979ed2f947dbaf4296895b951ae7f HTTP/1.0" 200 22564 "-" "Mozilla/5.0 (Linux; Android 6.0.1; Nexus 5X Build/MMB29P) AppleWebKit/537.36 (KHTML, like Gecko) Chrome/139.0.7258.127 Mobile Safari/537.36 (compatible; Googlebot/2.1; +http://www.google.com/bot.html)"
66.249.79.1 - - [28/Sep/2025:07:02:54 +0000] "POST /get-message-notify HTTP/1.0" 200 22731 "https://aceitunaslosada.com/2292093146?items=2289166606" "Mozilla/5.0 (Linux; Android 6.0.1; Nexus 5X Build/MMB29P) AppleWebKit/537.36 (KHTML, like Gecko) Chrome/139.0.7258.127 Mobile Safari/537.36 (compatible; Googlebot/2.1; +http://www.google.com/bot.html)"
44.197.76.210 - - [28/Sep/2025:07:02:57 +0000] "GET /nuestros-proyectos/?path=/var/www/vhosts/aceitunaslosada.com/web/wp-content/cache/db/options/508 HTTP/1.0" 200 6769 "-" "Mozilla/5.0 AppleWebKit/537.36 (KHTML, like Gecko; compatible; Amazonbot/0.1; +https://developer.amazon.com/support/amazonbot) Chrome/119.0.6045.214 Safari/537.36"
20.171.207.87 - - [28/Sep/2025:07:02:57 +0000] "GET /618976391?items=0618186654 HTTP/1.0" 200 8506 "-" "Mozilla/5.0 AppleWebKit/537.36 (KHTML, like Gecko; compatible; GPTBot/1.2; +https://openai.com/gptbot)"
66.249.79.136 - - [28/Sep/2025:07:02:57 +0000] "GET /47239946?items=0047180398 HTTP/1.0" 200 23073 "-" "Mozilla/5.0 (Linux; Android 6.0.1; Nexus 5X Build/MMB29P) AppleWebKit/537.36 (KHTML, like Gecko) Chrome/139.0.7258.127 Mobile Safari/537.36 (compatible; Googlebot/2.1; +http://www.google.com/bot.html)"
20.171.207.67 - - [28/Sep/2025:07:02:57 +0000] "GET /1035199630?path=/var/www/vhosts HTTP/1.0" 200 6397 "-" "Mozilla/5.0 AppleWebKit/537.36 (KHTML, like Gecko; compatible; GPTBot/1.2; +https://openai.com/gptbot)"
20.171.207.87 - - [28/Sep/2025:07:02:59 +0000] "GET /603795595?items=0603025246 HTTP/1.0" 200 8506 "-" "Mozilla/5.0 AppleWebKit/537.36 (KHTML, like Gecko; compatible; GPTBot/1.2; +https://openai.com/gptbot)"
66.249.79.8 - - [28/Sep/2025:07:02:59 +0000] "POST /get-message-notify HTTP/1.0" 200 22731 "https://aceitunaslosada.com/zhHant/product/surugaya/A3481375345?campaign_uid=f64d716db5e979ed2f947dbaf4296895b951ae7f" "Mozilla/5.0 (Linux; Android 6.0.1; Nexus 5X Build/MMB29P) AppleWebKit/537.36 (KHTML, like Gecko) Chrome/139.0.7258.127 Mobile Safari/537.36 (compatible; Googlebot/2.1; +http://www.google.com/bot.html)"
20.171.207.67 - - [28/Sep/2025:07:03:00 +0000] "GET /1035163582?path=/var/www/vhosts HTTP/1.0" 200 6396 "-" "Mozilla/5.0 AppleWebKit/537.36 (KHTML, like Gecko; compatible; GPTBot/1.2; +https://openai.com/gptbot)"
66.249.79.8 - - [28/Sep/2025:07:03:00 +0000] "GET /zhHant/product/surugaya/A975427087?campaign_uid=f64d716db5e979ed2f947dbaf4296895b951ae7f HTTP/1.0" 200 22947 "-" "Mozilla/5.0 (Linux; Android 6.0.1; Nexus 5X Build/MMB29P) AppleWebKit/537.36 (KHTML, like Gecko) Chrome/139.0.7258.127 Mobile Safari/537.36 (compatible; Googlebot/2.1; +http://www.google.com/bot.html)"
66.249.79.128 - - [28/Sep/2025:07:03:00 +0000] "POST /get-message-notify HTTP/1.0" 200 22749 "https://www.aceitunaslosada.com/47239946?items=0047180398" "Mozilla/5.0 (Linux; Android 6.0.1; Nexus 5X Build/MMB29P) AppleWebKit/537.36 (KHTML, like Gecko) Chrome/139.0.7258.127 Mobile Safari/537.36 (compatible; Googlebot/2.1; +http://www.google.com/bot.html)"
66.249.79.128 - - [28/Sep/2025:07:03:00 +0000] "POST /get-message-notify HTTP/1.0" 200 22749 "https://www.aceitunaslosada.com/129080933?items=0128916862" "Mozilla/5.0 (Linux; Android 6.0.1; Nexus 5X Build/MMB29P) AppleWebKit/537.36 (KHTML, like Gecko) Chrome/139.0.7258.127 Mobile Safari/537.36 (compatible; Googlebot/2.1; +http://www.google.com/bot.html)"
107.20.255.194 - - [28/Sep/2025:07:03:00 +0000] "GET /producto/gordal-sin-hueso-piripiri/?path=/var/www/vhosts/aceitunaslosada.com/web/wp-content/plugins/wp-smushit/core HTTP/1.0" 200 7352 "-" "Mozilla/5.0 AppleWebKit/537.36 (KHTML, like Gecko; compatible; Amazonbot/0.1; +https://developer.amazon.com/support/amazonbot) Chrome/119.0.6045.214 Safari/537.36"
20.171.207.87 - - [28/Sep/2025:07:03:02 +0000] "GET /603796892?items=0603026542 HTTP/1.0" 200 8505 "-" "Mozilla/5.0 AppleWebKit/537.36 (KHTML, like Gecko; compatible; GPTBot/1.2; +https://openai.com/gptbot)"
20.171.207.67 - - [28/Sep/2025:07:03:02 +0000] "GET /1035377072?path=/var/www/vhosts HTTP/1.0" 200 6395 "-" "Mozilla/5.0 AppleWebKit/537.36 (KHTML, like Gecko; compatible; GPTBot/1.2; +https://openai.com/gptbot)"
66.249.79.137 - - [28/Sep/2025:07:03:02 +0000] "GET /47225848?items=0047166318 HTTP/1.0" 200 22948 "-" "Mozilla/5.0 (Linux; Android 6.0.1; Nexus 5X Build/MMB29P) AppleWebKit/537.36 (KHTML, like Gecko) Chrome/139.0.7258.127 Mobile Safari/537.36 (compatible; Googlebot/2.1; +http://www.google.com/bot.html)"
82.223.111.37 - - [28/Sep/2025:07:01:04 +0000] "GET /wp-content/plugins/sitepress-multilingual-cms/vendor/phpmyadmin/sql-parser/locale/az/az/index.php?ARRAY=7o2230223n313735393034363436342p2231223n22687474703n5p2s5p2s7n7335363476313373752r616p746s742r696r6o5p2s3s6p633q7068705s636s64655s6n6326743q313735393034323836342q6662313262356433326631393235373561343361383133306561393832363835222p2232223n223038396339366634313030333831663837396337343665383630656235383332222p2233223n226231616666386161376538363561333763653066363134633539323434666263222p226175746s5s66696p655s6r616q65223n6r756p6p2p226175746s5s70617373223n6r756p6p2p2262696r675s70617373223n2232302q34332q35382q36382q37322q38362q3239227q HTTP/1.0" 504 3843 "-" "-"
20.171.207.67 - - [28/Sep/2025:07:03:04 +0000] "GET /1034833963?path=/var/www/vhosts HTTP/1.0" 200 6397 "-" "Mozilla/5.0 AppleWebKit/537.36 (KHTML, like Gecko; compatible; GPTBot/1.2; +https://openai.com/gptbot)"
20.171.207.87 - - [28/Sep/2025:07:03:04 +0000] "GET /603784876?items=0603014542 HTTP/1.0" 200 8506 "-" "Mozilla/5.0 AppleWebKit/537.36 (KHTML, like Gecko; compatible; GPTBot/1.2; +https://openai.com/gptbot)"
52.200.142.199 - - [28/Sep/2025:07:03:05 +0000] "GET /category/uncategorized/?path=/var/www/vhosts/aceitunaslosada.com/web/wp-content/plugins/w3-total-cache/vendor/aws/aws-sdk-php/src/OpsWorksCM/Exception HTTP/1.0" 200 6871 "-" "Mozilla/5.0 AppleWebKit/537.36 (KHTML, like Gecko; compatible; Amazonbot/0.1; +https://developer.amazon.com/support/amazonbot) Chrome/119.0.6045.214 Safari/537.36"
66.249.79.8 - - [28/Sep/2025:07:03:05 +0000] "GET /zhHant/product/surugaya/A1389332007?campaign_uid=f64d716db5e979ed2f947dbaf4296895b951ae7f HTTP/1.0" 200 22864 "-" "Mozilla/5.0 (Linux; Android 6.0.1; Nexus 5X Build/MMB29P) AppleWebKit/537.36 (KHTML, like Gecko) Chrome/139.0.7258.127 Mobile Safari/537.36 (compatible; Googlebot/2.1; +http://www.google.com/bot.html)"
66.249.79.136 - - [28/Sep/2025:07:03:05 +0000] "POST /get-message-notify HTTP/1.0" 200 22749 "https://www.aceitunaslosada.com/47225848?items=0047166318" "Mozilla/5.0 (Linux; Android 6.0.1; Nexus 5X Build/MMB29P) AppleWebKit/537.36 (KHTML, like Gecko) Chrome/139.0.7258.127 Mobile Safari/537.36 (compatible; Googlebot/2.1; +http://www.google.com/bot.html)"
20.171.207.67 - - [28/Sep/2025:07:03:06 +0000] "GET /1035276336?path=/var/www/vhosts HTTP/1.0" 200 6397 "-" "Mozilla/5.0 AppleWebKit/537.36 (KHTML, like Gecko; compatible; GPTBot/1.2; +https://openai.com/gptbot)"
20.171.207.87 - - [28/Sep/2025:07:03:07 +0000] "GET /358501246?items=0358044174 HTTP/1.0" 200 8506 "-" "Mozilla/5.0 AppleWebKit/537.36 (KHTML, like Gecko; compatible; GPTBot/1.2; +https://openai.com/gptbot)"
66.249.79.136 - - [28/Sep/2025:07:03:07 +0000] "GET /1681470062?items=1679323374 HTTP/1.0" 200 23311 "-" "Mozilla/5.0 (Linux; Android 6.0.1; Nexus 5X Build/MMB29P) AppleWebKit/537.36 (KHTML, like Gecko) Chrome/139.0.7258.127 Mobile Safari/537.36 (compatible; GoogleOther)"
20.171.207.67 - - [28/Sep/2025:07:03:08 +0000] "GET /1035448859?path=/var/www/vhosts HTTP/1.0" 200 6396 "-" "Mozilla/5.0 AppleWebKit/537.36 (KHTML, like Gecko; compatible; GPTBot/1.2; +https://openai.com/gptbot)"
66.249.79.136 - - [28/Sep/2025:07:03:08 +0000] "GET /1353174607?items=1351447198 HTTP/1.0" 200 24588 "-" "Mozilla/5.0 (Linux; Android 6.0.1; Nexus 5X Build/MMB29P) AppleWebKit/537.36 (KHTML, like Gecko) Chrome/139.0.7258.127 Mobile Safari/537.36 (compatible; Googlebot/2.1; +http://www.google.com/bot.html)"
66.249.79.136 - - [28/Sep/2025:07:03:08 +0000] "GET /1961107823?items=1958603998 HTTP/1.0" 200 22502 "-" "Mozilla/5.0 (Linux; Android 6.0.1; Nexus 5X Build/MMB29P) AppleWebKit/537.36 (KHTML, like Gecko) Chrome/139.0.7258.127 Mobile Safari/537.36 (compatible; Googlebot/2.1; +http://www.google.com/bot.html)"
66.249.79.136 - - [28/Sep/2025:07:03:08 +0000] "GET /47252474?items=0047192910 HTTP/1.0" 200 22976 "-" "Mozilla/5.0 (Linux; Android 6.0.1; Nexus 5X Build/MMB29P) AppleWebKit/537.36 (KHTML, like Gecko) Chrome/139.0.7258.127 Mobile Safari/537.36 (compatible; Googlebot/2.1; +http://www.google.com/bot.html)"
3.224.205.25 - - [28/Sep/2025:07:03:09 +0000] "GET /category/nuestros-origenes-agricultura/?path=/var/www/vhosts/aceitunaslosada.com/web/wp-content/cache/page_enhanced/aceitunaslosada.com/de/category/sin-categoria-de HTTP/1.0" 200 8996 "-" "Mozilla/5.0 AppleWebKit/537.36 (KHTML, like Gecko; compatible; Amazonbot/0.1; +https://developer.amazon.com/support/amazonbot) Chrome/119.0.6045.214 Safari/537.36"
66.249.79.8 - - [28/Sep/2025:07:03:08 +0000] "POST /get-message-notify HTTP/1.0" 200 22731 "https://aceitunaslosada.com/zhHant/product/surugaya/A1389332007?campaign_uid=f64d716db5e979ed2f947dbaf4296895b951ae7f" "Mozilla/5.0 (Linux; Android 6.0.1; Nexus 5X Build/MMB29P) AppleWebKit/537.36 (KHTML, like Gecko) Chrome/139.0.7258.127 Mobile Safari/537.36 (compatible; Googlebot/2.1; +http://www.google.com/bot.html)"
66.249.79.136 - - [28/Sep/2025:07:03:09 +0000] "GET /1658455102?items=1656337806 HTTP/1.0" 200 23019 "-" "Mozilla/5.0 (Linux; Android 6.0.1; Nexus 5X Build/MMB29P) AppleWebKit/537.36 (KHTML, like Gecko) Chrome/139.0.7258.127 Mobile Safari/537.36 (compatible; Googlebot/2.1; +http://www.google.com/bot.html)"
66.249.79.8 - - [28/Sep/2025:07:03:09 +0000] "GET /zhHant/product/surugaya/A2705429024?campaign_uid=f64d716db5e979ed2f947dbaf4296895b951ae7f HTTP/1.0" 200 23894 "-" "Mozilla/5.0 (Linux; Android 6.0.1; Nexus 5X Build/MMB29P) AppleWebKit/537.36 (KHTML, like Gecko) Chrome/139.0.7258.127 Mobile Safari/537.36 (compatible; Googlebot/2.1; +http://www.google.com/bot.html)"
20.171.207.67 - - [28/Sep/2025:07:03:10 +0000] "GET /1035418854?path=/var/www/vhosts HTTP/1.0" 200 6396 "-" "Mozilla/5.0 AppleWebKit/537.36 (KHTML, like Gecko; compatible; GPTBot/1.2; +https://openai.com/gptbot)"
66.249.79.136 - - [28/Sep/2025:07:03:10 +0000] "POST /get-message-notify HTTP/1.0" 200 22749 "https://www.aceitunaslosada.com/1681470062?items=1679323374" "Mozilla/5.0 (Linux; Android 6.0.1; Nexus 5X Build/MMB29P) AppleWebKit/537.36 (KHTML, like Gecko) Chrome/139.0.7258.127 Mobile Safari/537.36 (compatible; Googlebot/2.1; +http://www.google.com/bot.html)"
