216.73.216.23 - - [28/Sep/2025:06:50:11 +0000] "GET /item/u95/18851?fileloc=%2Fvar%2Fwww%2Fvhosts%2Faceitunaslosada.com%2Fweb%2Fcopia%2Fwp-content%2Fplugins%2Fjetpack%2Funinstall.php&path=%2Fvar%2Fwww%2Fvhosts%2Faceitunaslosada.com%2Fweb%2Fcopia%2Fwp-content%2Fplugins%2Fjetpack HTTP/1.0" 200 7009 "-" "Mozilla/5.0 AppleWebKit/537.36 (KHTML, like Gecko; compatible; ClaudeBot/1.0; +claudebot@anthropic.com)"
216.73.216.23 - - [28/Sep/2025:06:50:11 +0000] "GET /item/u95/18851?fileloc=%2Fvar%2Fwww%2Fvhosts%2Faceitunaslosada.com%2Fweb%2Fwp-content%2Fplugins%2Finsta-gallery%2Fincludes%2Fwidget.php&path=%2Fvar%2Fwww%2Fvhosts%2Faceitunaslosada.com%2Fweb%2Fwp-content%2Fplugins%2Finsta-gallery%2Fincludes HTTP/1.0" 200 7556 "-" "Mozilla/5.0 AppleWebKit/537.36 (KHTML, like Gecko; compatible; ClaudeBot/1.0; +claudebot@anthropic.com)"
216.73.216.23 - - [28/Sep/2025:06:50:12 +0000] "GET /item/u95/18851?fileloc=%2Fvar%2Fwww%2Fvhosts%2Faceitunaslosada.com%2Fweb%2Fwp-includes%2Fjs%2Ftinymce%2Fplugins%2Fcharmap%2Fplugin.min.js&path=%2Fvar%2Fwww%2Fvhosts%2Faceitunaslosada.com%2Fweb%2Fwp-includes%2Fjs%2Ftinymce%2Fplugins%2Fcharmap HTTP/1.0" 200 9889 "-" "Mozilla/5.0 AppleWebKit/537.36 (KHTML, like Gecko; compatible; ClaudeBot/1.0; +claudebot@anthropic.com)"
66.249.79.8 - - [28/Sep/2025:06:50:12 +0000] "POST /get-message-notify HTTP/1.0" 200 22731 "https://aceitunaslosada.com/1532511084?items=1530554638" "Mozilla/5.0 (Linux; Android 6.0.1; Nexus 5X Build/MMB29P) AppleWebKit/537.36 (KHTML, like Gecko) Chrome/139.0.7258.127 Mobile Safari/537.36 (compatible; Googlebot/2.1; +http://www.google.com/bot.html)"
20.171.207.87 - - [28/Sep/2025:06:50:12 +0000] "GET /358498106?items=0358041038 HTTP/1.0" 200 8506 "-" "Mozilla/5.0 AppleWebKit/537.36 (KHTML, like Gecko; compatible; GPTBot/1.2; +https://openai.com/gptbot)"
66.249.79.8 - - [28/Sep/2025:06:50:13 +0000] "GET /product/edit/A1806027886 HTTP/1.0" 200 24639 "-" "Mozilla/5.0 (Linux; Android 6.0.1; Nexus 5X Build/MMB29P) AppleWebKit/537.36 (KHTML, like Gecko) Chrome/139.0.7258.127 Mobile Safari/537.36 (compatible; Googlebot/2.1; +http://www.google.com/bot.html)"
66.249.79.8 - - [28/Sep/2025:06:50:13 +0000] "GET /387008182?items=0386514702 HTTP/1.0" 200 22974 "-" "Mozilla/5.0 (Linux; Android 6.0.1; Nexus 5X Build/MMB29P) AppleWebKit/537.36 (KHTML, like Gecko) Chrome/139.0.7258.127 Mobile Safari/537.36 (compatible; GoogleOther)"
66.249.79.136 - - [28/Sep/2025:06:50:14 +0000] "GET /1904810611?items=1902378686 HTTP/1.0" 200 22927 "-" "Mozilla/5.0 (Linux; Android 6.0.1; Nexus 5X Build/MMB29P) AppleWebKit/537.36 (KHTML, like Gecko) Chrome/139.0.7258.127 Mobile Safari/537.36 (compatible; Googlebot/2.1; +http://www.google.com/bot.html)"
157.55.39.14 - - [28/Sep/2025:06:50:15 +0000] "GET /HBpfha1MGC HTTP/1.0" 200 25518 "-" "Mozilla/5.0 AppleWebKit/537.36 (KHTML, like Gecko; compatible; bingbot/2.0; +http://www.bing.com/bingbot.htm) Chrome/116.0.1938.76 Safari/537.36"
34.235.239.240 - - [28/Sep/2025:06:50:15 +0000] "GET /producto/aceituna-cornicabra-natural/?path=/var/www/vhosts/aceitunaslosada.com/web/wp-content/cache/db/options/85e HTTP/1.0" 200 6728 "-" "Mozilla/5.0 AppleWebKit/537.36 (KHTML, like Gecko; compatible; Amazonbot/0.1; +https://developer.amazon.com/support/amazonbot) Chrome/119.0.6045.214 Safari/537.36"
216.73.216.23 - - [28/Sep/2025:06:50:15 +0000] "GET /item/u95/18851?path=%2Fvar%2Fwww%2Fvhosts%2Faceitunaslosada.com%2Fweb%2Fcopia%2Fwp-content%2Fplugins%2Fjs_composer%2Fconfig%2Fcontent HTTP/1.0" 200 7806 "-" "Mozilla/5.0 AppleWebKit/537.36 (KHTML, like Gecko; compatible; ClaudeBot/1.0; +claudebot@anthropic.com)"
216.73.216.23 - - [28/Sep/2025:06:50:15 +0000] "GET /item/u95/18851?path=%2Fvar%2Fwww%2Fvhosts%2Faceitunaslosada.com%2Fweb%2Fwp-content%2Fplugins%2Fwordpress-seo%2Fsrc%2Fdeprecated%2Finc HTTP/1.0" 200 6843 "-" "Mozilla/5.0 AppleWebKit/537.36 (KHTML, like Gecko; compatible; ClaudeBot/1.0; +claudebot@anthropic.com)"
216.73.216.23 - - [28/Sep/2025:06:50:15 +0000] "GET /item/u95/18851?fileloc=%2Fvar%2Fwww%2Fvhosts%2Faceitunaslosada.com%2Fweb%2Fcopia%2Fwp-content%2Fplugins%2Fduplicate-post%2Fgpl-2.0.txt&path=%2Fvar%2Fwww%2Fvhosts%2Faceitunaslosada.com%2Fweb%2Fcopia%2Fwp-content%2Fplugins%2Fduplicate-post HTTP/1.0" 200 13351 "-" "Mozilla/5.0 AppleWebKit/537.36 (KHTML, like Gecko; compatible; ClaudeBot/1.0; +claudebot@anthropic.com)"
216.73.216.23 - - [28/Sep/2025:06:50:15 +0000] "GET /item/u95/18851?path=%2Fvar%2Fwww%2Fvhosts%2Faceitunaslosada.com%2Fweb%2Fcopia%2Fwp-content%2Fplugins%2Fjs_composer%2Fconfig%2Fgrids HTTP/1.0" 200 7067 "-" "Mozilla/5.0 AppleWebKit/537.36 (KHTML, like Gecko; compatible; ClaudeBot/1.0; +claudebot@anthropic.com)"
216.73.216.23 - - [28/Sep/2025:06:50:15 +0000] "GET /item/u95/18851?fileloc=%2Fvar%2Fwww%2Fvhosts%2Faceitunaslosada.com%2Fweb%2Fwp-content%2Fplugins%2Fjs_composer%2Flocale%2Fjs_composer-uk.mo&path=%2Fvar%2Fwww%2Fvhosts%2Faceitunaslosada.com%2Fweb%2Fwp-content%2Fplugins%2Fjs_composer%2Flocale HTTP/1.0" 200 6429 "-" "Mozilla/5.0 AppleWebKit/537.36 (KHTML, like Gecko; compatible; ClaudeBot/1.0; +claudebot@anthropic.com)"
216.73.216.23 - - [28/Sep/2025:06:50:15 +0000] "GET /item/u95/18851?fileloc=%2Fvar%2Fwww%2Fvhosts%2Faceitunaslosada.com%2Fweb%2Fcopia%2Fwp-content%2Fplugins%2Fjetpack%2F_inc%2Flib%2F.htaccess&path=%2Fvar%2Fwww%2Fvhosts%2Faceitunaslosada.com%2Fweb%2Fcopia%2Fwp-content%2Fplugins%2Fjetpack%2F_inc%2Flib HTTP/1.0" 200 6535 "-" "Mozilla/5.0 AppleWebKit/537.36 (KHTML, like Gecko; compatible; ClaudeBot/1.0; +claudebot@anthropic.com)"
216.73.216.23 - - [28/Sep/2025:06:50:15 +0000] "GET /item/u95/18851?fileloc=%2Fvar%2Fwww%2Fvhosts%2Faceitunaslosada.com%2Fweb%2Fwp-content%2Fplugins%2Fjs_composer%2Fassets%2Fvc%2Fdrag_handler.gif&path=%2Fvar%2Fwww%2Fvhosts%2Faceitunaslosada.com%2Fweb%2Fwp-content%2Fplugins%2Fjs_composer%2Fassets%2Fvc HTTP/1.0" 200 6441 "-" "Mozilla/5.0 AppleWebKit/537.36 (KHTML, like Gecko; compatible; ClaudeBot/1.0; +claudebot@anthropic.com)"
216.73.216.23 - - [28/Sep/2025:06:50:15 +0000] "GET /item/u95/18851?fileloc=%2Fvar%2Fwww%2Fvhosts%2Faceitunaslosada.com%2Fweb%2Fwp-content%2Fplugins%2Fjs_composer%2Flocale%2Freadme.txt&path=%2Fvar%2Fwww%2Fvhosts%2Faceitunaslosada.com%2Fweb%2Fwp-content%2Fplugins%2Fjs_composer%2Flocale HTTP/1.0" 200 6829 "-" "Mozilla/5.0 AppleWebKit/537.36 (KHTML, like Gecko; compatible; ClaudeBot/1.0; +claudebot@anthropic.com)"
216.73.216.23 - - [28/Sep/2025:06:50:15 +0000] "GET /item/u95/18851?fileloc=%2Fvar%2Fwww%2Fvhosts%2Faceitunaslosada.com%2Fweb%2Fcopia%2Fwp-content%2Fplugins%2Fjetpack%2F_inc%2Fblocks%2Feditor-beta.js&path=%2Fvar%2Fwww%2Fvhosts%2Faceitunaslosada.com%2Fweb%2Fcopia%2Fwp-content%2Fplugins%2Fjetpack%2F_inc%2Fblocks HTTP/1.0" 200 264765 "-" "Mozilla/5.0 AppleWebKit/537.36 (KHTML, like Gecko; compatible; ClaudeBot/1.0; +claudebot@anthropic.com)"
216.73.216.23 - - [28/Sep/2025:06:50:15 +0000] "GET /item/u95/18851?path=%2Fvar%2Fwww%2Fvhosts%2Faceitunaslosada.com%2Fweb%2Fwp-content%2Fplugins%2Fjetpack%2Fmodules%2Fvideopress%2Fjs HTTP/1.0" 200 7040 "-" "Mozilla/5.0 AppleWebKit/537.36 (KHTML, like Gecko; compatible; ClaudeBot/1.0; +claudebot@anthropic.com)"
20.171.207.67 - - [28/Sep/2025:06:50:16 +0000] "GET /1034987405?path=/var HTTP/1.0" 200 6374 "-" "Mozilla/5.0 AppleWebKit/537.36 (KHTML, like Gecko; compatible; GPTBot/1.2; +https://openai.com/gptbot)"
66.249.79.8 - - [28/Sep/2025:06:50:16 +0000] "POST /get-message-notify HTTP/1.0" 200 22731 "https://aceitunaslosada.com/agree051017968.html" "Mozilla/5.0 (Linux; Android 6.0.1; Nexus 5X Build/MMB29P) AppleWebKit/537.36 (KHTML, like Gecko) Chrome/139.0.7258.127 Mobile Safari/537.36 (compatible; Googlebot/2.1; +http://www.google.com/bot.html)"
66.249.79.8 - - [28/Sep/2025:06:50:16 +0000] "GET /product/edit/A3738386875 HTTP/1.0" 200 22998 "-" "Mozilla/5.0 (Linux; Android 6.0.1; Nexus 5X Build/MMB29P) AppleWebKit/537.36 (KHTML, like Gecko) Chrome/139.0.7258.127 Mobile Safari/537.36 (compatible; Googlebot/2.1; +http://www.google.com/bot.html)"
216.73.216.23 - - [28/Sep/2025:06:50:17 +0000] "GET /item/u95/18851?fileloc=%2Fvar%2Fwww%2Fvhosts%2Faceitunaslosada.com%2Fweb%2Fcopia%2Fwp-includes%2Fjs%2Fjquery%2Fui%2Fspinner.min.js&path=%2Fvar%2Fwww%2Fvhosts%2Faceitunaslosada.com%2Fweb%2Fcopia%2Fwp-includes%2Fjs%2Fjquery%2Fui HTTP/1.0" 200 8784 "-" "Mozilla/5.0 AppleWebKit/537.36 (KHTML, like Gecko; compatible; ClaudeBot/1.0; +claudebot@anthropic.com)"
66.249.79.136 - - [28/Sep/2025:06:50:16 +0000] "GET /132190505?items=0132022462 HTTP/1.0" 200 23308 "-" "Mozilla/5.0 (Linux; Android 6.0.1; Nexus 5X Build/MMB29P) AppleWebKit/537.36 (KHTML, like Gecko) Chrome/139.0.7258.127 Mobile Safari/537.36 (compatible; GoogleOther)"
216.73.216.23 - - [28/Sep/2025:06:50:17 +0000] "GET /item/u95/18851?fileloc=%2Fvar%2Fwww%2Fvhosts%2Faceitunaslosada.com%2Fweb%2Fwp-content%2Fplugins%2Fjs_composer%2Flocale%2Fjs_composer-ca.mo&path=%2Fvar%2Fwww%2Fvhosts%2Faceitunaslosada.com%2Fweb%2Fwp-content%2Fplugins%2Fjs_composer%2Flocale HTTP/1.0" 200 6427 "-" "Mozilla/5.0 AppleWebKit/537.36 (KHTML, like Gecko; compatible; ClaudeBot/1.0; +claudebot@anthropic.com)"
216.73.216.23 - - [28/Sep/2025:06:50:17 +0000] "GET /item/u95/18851?fileloc=%2Fvar%2Fwww%2Fvhosts%2Faceitunaslosada.com%2Fweb%2Fwp-content%2Fplugins%2Fjs_composer%2Flocale%2Fjs_composer-nl_NL.mo&path=%2Fvar%2Fwww%2Fvhosts%2Faceitunaslosada.com%2Fweb%2Fwp-content%2Fplugins%2Fjs_composer%2Flocale HTTP/1.0" 200 6430 "-" "Mozilla/5.0 AppleWebKit/537.36 (KHTML, like Gecko; compatible; ClaudeBot/1.0; +claudebot@anthropic.com)"
20.171.207.87 - - [28/Sep/2025:06:50:17 +0000] "GET /603945897?items=0603175358 HTTP/1.0" 200 8506 "-" "Mozilla/5.0 AppleWebKit/537.36 (KHTML, like Gecko; compatible; GPTBot/1.2; +https://openai.com/gptbot)"
216.73.216.23 - - [28/Sep/2025:06:50:17 +0000] "GET /item/u95/18851?path=%2Fvar%2Fwww%2Fvhosts%2Faceitunaslosada.com%2Fweb%2Fwp-content%2Fplugins%2Fjetpack%2Fmodules%2Fwidgets%2Fgoogle-translate HTTP/1.0" 200 6835 "-" "Mozilla/5.0 AppleWebKit/537.36 (KHTML, like Gecko; compatible; ClaudeBot/1.0; +claudebot@anthropic.com)"
216.73.216.23 - - [28/Sep/2025:06:50:17 +0000] "GET /item/u95/18851?path=%2Fvar%2Fwww%2Fvhosts%2Faceitunaslosada.com%2Fweb%2Fwp-content%2Fplugins%2Fwoocommerce%2Fincludes%2Fadmin%2Fhelper%2Fviews HTTP/1.0" 200 7087 "-" "Mozilla/5.0 AppleWebKit/537.36 (KHTML, like Gecko; compatible; ClaudeBot/1.0; +claudebot@anthropic.com)"
216.73.216.23 - - [28/Sep/2025:06:50:18 +0000] "GET /item/u95/18851?path=%2Fvar%2Fwww%2Fvhosts%2Faceitunaslosada.com%2Fweb%2Fwp-content%2Fplugins%2Fwp-file-manager%2Flib%2Fphp%2Fresources HTTP/1.0" 200 6827 "-" "Mozilla/5.0 AppleWebKit/537.36 (KHTML, like Gecko; compatible; ClaudeBot/1.0; +claudebot@anthropic.com)"
216.73.216.23 - - [28/Sep/2025:06:50:18 +0000] "GET /item/u95/18851?fileloc=%2Fvar%2Fwww%2Fvhosts%2Faceitunaslosada.com%2Fweb%2Fcopia%2Fwp-content%2Fplugins%2Fduplicate-post%2Freadme.txt&path=%2Fvar%2Fwww%2Fvhosts%2Faceitunaslosada.com%2Fweb%2Fcopia%2Fwp-content%2Fplugins%2Fduplicate-post HTTP/1.0" 200 11502 "-" "Mozilla/5.0 AppleWebKit/537.36 (KHTML, like Gecko; compatible; ClaudeBot/1.0; +claudebot@anthropic.com)"
216.73.216.23 - - [28/Sep/2025:06:50:18 +0000] "GET /item/u95/18851?fileloc=%2Fvar%2Fwww%2Fvhosts%2Faceitunaslosada.com%2Fweb%2Fwp-content%2Fplugins%2Fjs_composer%2Flocale%2Fjs_composer-fr_FR.mo&path=%2Fvar%2Fwww%2Fvhosts%2Faceitunaslosada.com%2Fweb%2Fwp-content%2Fplugins%2Fjs_composer%2Flocale HTTP/1.0" 200 6432 "-" "Mozilla/5.0 AppleWebKit/537.36 (KHTML, like Gecko; compatible; ClaudeBot/1.0; +claudebot@anthropic.com)"
3.232.39.98 - - [28/Sep/2025:06:50:18 +0000] "GET /producto/aceituna-cornicabra-natural-sin-hueso-2/?path=/var/www/vhosts/aceitunaslosada.com/web/wp-content/plugins/w3-total-cache/vendor/aws/aws-sdk-php/src/Route53/Exception HTTP/1.0" 200 6868 "-" "Mozilla/5.0 AppleWebKit/537.36 (KHTML, like Gecko; compatible; Amazonbot/0.1; +https://developer.amazon.com/support/amazonbot) Chrome/119.0.6045.214 Safari/537.36"
216.73.216.23 - - [28/Sep/2025:06:50:18 +0000] "GET /item/u95/18851?path=%2Fvar%2Fwww%2Fvhosts%2Faceitunaslosada.com%2Fweb%2Fwp-content%2Fplugins%2Fupload-max-file-size%2F.git%2Frefs HTTP/1.0" 200 6909 "-" "Mozilla/5.0 AppleWebKit/537.36 (KHTML, like Gecko; compatible; ClaudeBot/1.0; +claudebot@anthropic.com)"
216.73.216.23 - - [28/Sep/2025:06:50:19 +0000] "GET /item/u95/18851?path=%2Fvar%2Fwww%2Fvhosts%2Faceitunaslosada.com%2Fweb%2Fwp-content%2Fplugins%2Fwordpress-seo%2Fsrc%2Fgenerators%2Fschema HTTP/1.0" 200 7343 "-" "Mozilla/5.0 AppleWebKit/537.36 (KHTML, like Gecko; compatible; ClaudeBot/1.0; +claudebot@anthropic.com)"
66.249.79.8 - - [28/Sep/2025:06:50:19 +0000] "POST /get-message-notify HTTP/1.0" 200 22731 "https://aceitunaslosada.com/387008182?items=0386514702" "Mozilla/5.0 (Linux; Android 6.0.1; Nexus 5X Build/MMB29P) AppleWebKit/537.36 (KHTML, like Gecko) Chrome/139.0.7258.127 Mobile Safari/537.36 (compatible; Googlebot/2.1; +http://www.google.com/bot.html)"
216.73.216.23 - - [28/Sep/2025:06:50:19 +0000] "GET /item/u95/18851?path=%2Fvar%2Fwww%2Fvhosts%2Faceitunaslosada.com%2Fweb%2Fwp-content%2Fplugins%2Fjetpack%2Fmodules%2Fwidgets%2Ffacebook-likebox HTTP/1.0" 200 6838 "-" "Mozilla/5.0 AppleWebKit/537.36 (KHTML, like Gecko; compatible; ClaudeBot/1.0; +claudebot@anthropic.com)"
52.167.144.161 - - [28/Sep/2025:06:50:19 +0000] "GET /8fe34lJKPw HTTP/1.0" 200 25519 "-" "Mozilla/5.0 AppleWebKit/537.36 (KHTML, like Gecko; compatible; bingbot/2.0; +http://www.bing.com/bingbot.htm) Chrome/116.0.1938.76 Safari/537.36"
66.249.79.136 - - [28/Sep/2025:06:50:19 +0000] "GET /368970763?items=0368500318 HTTP/1.0" 200 26209 "-" "Mozilla/5.0 (Linux; Android 6.0.1; Nexus 5X Build/MMB29P) AppleWebKit/537.36 (KHTML, like Gecko) Chrome/139.0.7258.127 Mobile Safari/537.36 (compatible; Googlebot/2.1; +http://www.google.com/bot.html)"
216.73.216.23 - - [28/Sep/2025:06:50:19 +0000] "GET /item/u95/18851?fileloc=%2Fvar%2Fwww%2Fvhosts%2Faceitunaslosada.com%2Fweb%2Fcopia%2Fwp-content%2Fplugins%2Frevslider%2Fadmin%2Fviews%2Findex.php&path=%2Fvar%2Fwww%2Fvhosts%2Faceitunaslosada.com%2Fweb%2Fcopia%2Fwp-content%2Fplugins%2Frevslider%2Fadmin%2Fviews HTTP/1.0" 200 6446 "-" "Mozilla/5.0 AppleWebKit/537.36 (KHTML, like Gecko; compatible; ClaudeBot/1.0; +claudebot@anthropic.com)"
216.73.216.23 - - [28/Sep/2025:06:50:19 +0000] "GET /item/u95/18851?fileloc=%2Fvar%2Fwww%2Fvhosts%2Faceitunaslosada.com%2Fweb%2Fcopia%2Fwp-includes%2Fjs%2Fjquery%2Fui%2Feffect-puff.min.js&path=%2Fvar%2Fwww%2Fvhosts%2Faceitunaslosada.com%2Fweb%2Fcopia%2Fwp-includes%2Fjs%2Fjquery%2Fui HTTP/1.0" 200 6867 "-" "Mozilla/5.0 AppleWebKit/537.36 (KHTML, like Gecko; compatible; ClaudeBot/1.0; +claudebot@anthropic.com)"
216.73.216.23 - - [28/Sep/2025:06:50:20 +0000] "GET /item/u95/18851?path=%2Fvar%2Fwww%2Fvhosts%2Faceitunaslosada.com%2Fweb%2Fwp-content%2Fplugins%2Fjetpack%2Fmodules%2Fwidgets%2Fsimple-payments HTTP/1.0" 200 7063 "-" "Mozilla/5.0 AppleWebKit/537.36 (KHTML, like Gecko; compatible; ClaudeBot/1.0; +claudebot@anthropic.com)"
216.73.216.23 - - [28/Sep/2025:06:50:20 +0000] "GET /item/u95/18851?fileloc=%2Fvar%2Fwww%2Fvhosts%2Faceitunaslosada.com%2Fweb%2Fcopia%2Fwp-includes%2Fjs%2Fjquery%2Fui%2Fresizable.min.js&path=%2Fvar%2Fwww%2Fvhosts%2Faceitunaslosada.com%2Fweb%2Fcopia%2Fwp-includes%2Fjs%2Fjquery%2Fui HTTP/1.0" 200 11748 "-" "Mozilla/5.0 AppleWebKit/537.36 (KHTML, like Gecko; compatible; ClaudeBot/1.0; +claudebot@anthropic.com)"
216.73.216.23 - - [28/Sep/2025:06:50:21 +0000] "GET /item/u95/18851?path=%2Fvar%2Fwww%2Fvhosts%2Faceitunaslosada.com%2Fweb%2Fwp-content%2Fplugins%2Fjs_composer%2Fassets%2Fless%2Fshortcodes HTTP/1.0" 200 8396 "-" "Mozilla/5.0 AppleWebKit/537.36 (KHTML, like Gecko; compatible; ClaudeBot/1.0; +claudebot@anthropic.com)"
216.73.216.23 - - [28/Sep/2025:06:50:20 +0000] "GET /item/u95/18851?path=%2Fvar%2Fwww%2Fvhosts%2Faceitunaslosada.com%2Fweb%2Fcopia%2Fwp-content%2Fplugins%2Fupload-max-file-size%2F.git%2Frefs HTTP/1.0" 200 6918 "-" "Mozilla/5.0 AppleWebKit/537.36 (KHTML, like Gecko; compatible; ClaudeBot/1.0; +claudebot@anthropic.com)"
216.73.216.23 - - [28/Sep/2025:06:50:20 +0000] "GET /item/u95/18851?fileloc=%2Fvar%2Fwww%2Fvhosts%2Faceitunaslosada.com%2Fweb%2Fwp-content%2Fplugins%2Fjetpack%2F_inc%2Fblocks%2Frating-star%2Fview.js&path=%2Fvar%2Fwww%2Fvhosts%2Faceitunaslosada.com%2Fweb%2Fwp-content%2Fplugins%2Fjetpack%2F_inc%2Fblocks%2Frating-star HTTP/1.0" 200 7032 "-" "Mozilla/5.0 AppleWebKit/537.36 (KHTML, like Gecko; compatible; ClaudeBot/1.0; +claudebot@anthropic.com)"
66.249.79.136 - - [28/Sep/2025:06:50:21 +0000] "GET /1309794036?items=1308122030 HTTP/1.0" 200 24055 "-" "Mozilla/5.0 (Linux; Android 6.0.1; Nexus 5X Build/MMB29P) AppleWebKit/537.36 (KHTML, like Gecko) Chrome/139.0.7258.127 Mobile Safari/537.36 (compatible; Googlebot/2.1; +http://www.google.com/bot.html)"
216.73.216.23 - - [28/Sep/2025:06:50:21 +0000] "GET /item/u95/18851?fileloc=%2Fvar%2Fwww%2Fvhosts%2Faceitunaslosada.com%2Fweb%2Fcopia%2Fwp-includes%2Fjs%2Fjquery%2Fui%2Faccordion.min.js&path=%2Fvar%2Fwww%2Fvhosts%2Faceitunaslosada.com%2Fweb%2Fcopia%2Fwp-includes%2Fjs%2Fjquery%2Fui HTTP/1.0" 200 9161 "-" "Mozilla/5.0 AppleWebKit/537.36 (KHTML, like Gecko; compatible; ClaudeBot/1.0; +claudebot@anthropic.com)"
216.73.216.23 - - [28/Sep/2025:06:50:21 +0000] "GET /item/u95/18851?fileloc=%2Fvar%2Fwww%2Fvhosts%2Faceitunaslosada.com%2Fweb%2Fcopia%2Fwp-includes%2Fjs%2Fjquery%2Fui%2Ftabs.min.js&path=%2Fvar%2Fwww%2Fvhosts%2Faceitunaslosada.com%2Fweb%2Fcopia%2Fwp-includes%2Fjs%2Fjquery%2Fui HTTP/1.0" 200 10408 "-" "Mozilla/5.0 AppleWebKit/537.36 (KHTML, like Gecko; compatible; ClaudeBot/1.0; +claudebot@anthropic.com)"
216.73.216.23 - - [28/Sep/2025:06:50:21 +0000] "GET /item/u95/18851?path=%2Fvar%2Fwww%2Fvhosts%2Faceitunaslosada.com%2Fweb%2Fcopia%2Fwp-content%2Fplugins%2Fjs_composer%2Fconfig%2Fstructure HTTP/1.0" 200 6943 "-" "Mozilla/5.0 AppleWebKit/537.36 (KHTML, like Gecko; compatible; ClaudeBot/1.0; +claudebot@anthropic.com)"
20.171.207.87 - - [28/Sep/2025:06:50:21 +0000] "GET /358656533?items=0358199262 HTTP/1.0" 200 8506 "-" "Mozilla/5.0 AppleWebKit/537.36 (KHTML, like Gecko; compatible; GPTBot/1.2; +https://openai.com/gptbot)"
216.73.216.23 - - [28/Sep/2025:06:50:22 +0000] "GET /item/u95/18851?fileloc=%2Fvar%2Fwww%2Fvhosts%2Faceitunaslosada.com%2Fweb%2Fwp-content%2Fplugins%2Fjetpack%2F_inc%2Fblocks%2Fmap%2Fview.js&path=%2Fvar%2Fwww%2Fvhosts%2Faceitunaslosada.com%2Fweb%2Fwp-content%2Fplugins%2Fjetpack%2F_inc%2Fblocks%2Fmap HTTP/1.0" 200 14677 "-" "Mozilla/5.0 AppleWebKit/537.36 (KHTML, like Gecko; compatible; ClaudeBot/1.0; +claudebot@anthropic.com)"
66.249.79.136 - - [28/Sep/2025:06:50:21 +0000] "POST /get-message-notify HTTP/1.0" 200 22749 "https://www.aceitunaslosada.com/132190505?items=0132022462" "Mozilla/5.0 (Linux; Android 6.0.1; Nexus 5X Build/MMB29P) AppleWebKit/537.36 (KHTML, like Gecko) Chrome/139.0.7258.127 Mobile Safari/537.36 (compatible; Googlebot/2.1; +http://www.google.com/bot.html)"
66.249.79.8 - - [28/Sep/2025:06:50:22 +0000] "GET /product/edit/A1808489786 HTTP/1.0" 200 22706 "-" "Mozilla/5.0 (Linux; Android 6.0.1; Nexus 5X Build/MMB29P) AppleWebKit/537.36 (KHTML, like Gecko) Chrome/139.0.7258.127 Mobile Safari/537.36 (compatible; Googlebot/2.1; +http://www.google.com/bot.html)"
216.73.216.23 - - [28/Sep/2025:06:50:22 +0000] "GET /item/u95/18851?fileloc=%2Fvar%2Fwww%2Fvhosts%2Faceitunaslosada.com%2Fweb%2Fcopia%2Fwp-includes%2Fjs%2Fjquery%2Fui%2Feffect-transfer.min.js&path=%2Fvar%2Fwww%2Fvhosts%2Faceitunaslosada.com%2Fweb%2Fcopia%2Fwp-includes%2Fjs%2Fjquery%2Fui HTTP/1.0" 200 6914 "-" "Mozilla/5.0 AppleWebKit/537.36 (KHTML, like Gecko; compatible; ClaudeBot/1.0; +claudebot@anthropic.com)"
216.73.216.23 - - [28/Sep/2025:06:50:22 +0000] "GET /item/u95/18851?fileloc=%2Fvar%2Fwww%2Fvhosts%2Faceitunaslosada.com%2Fweb%2Fwp-content%2Fplugins%2Fjetpack%2F_inc%2Fblocks%2Fbutton%2Fview.js&path=%2Fvar%2Fwww%2Fvhosts%2Faceitunaslosada.com%2Fweb%2Fwp-content%2Fplugins%2Fjetpack%2F_inc%2Fblocks%2Fbutton HTTP/1.0" 200 7020 "-" "Mozilla/5.0 AppleWebKit/537.36 (KHTML, like Gecko; compatible; ClaudeBot/1.0; +claudebot@anthropic.com)"
23.21.250.48 - - [28/Sep/2025:06:50:23 +0000] "GET /producto/aceituna-manzanilla-sin-hueso-2/?fileloc=/var/www/vhosts/aceitunaslosada.com/web/copia/wp-content/plugins/w3-total-cache/lib/Aws/Aws/data/cloudfront/2016-09-07/waiters-2.json.php&path=/var/www/vhosts/aceitunaslosada.com/web/copia/wp-content/plugins/w3-total-cache/lib/Aws/Aws/data/cloudfront/2016-09-07 HTTP/1.0" 200 6776 "-" "Mozilla/5.0 AppleWebKit/537.36 (KHTML, like Gecko; compatible; Amazonbot/0.1; +https://developer.amazon.com/support/amazonbot) Chrome/119.0.6045.214 Safari/537.36"
216.73.216.23 - - [28/Sep/2025:06:50:22 +0000] "GET /item/u95/18851?fileloc=%2Fvar%2Fwww%2Fvhosts%2Faceitunaslosada.com%2Fweb%2Fwp-content%2Fplugins%2Fjs_composer%2Flocale%2Fjs_composer-bg_BG.mo&path=%2Fvar%2Fwww%2Fvhosts%2Faceitunaslosada.com%2Fweb%2Fwp-content%2Fplugins%2Fjs_composer%2Flocale HTTP/1.0" 200 6431 "-" "Mozilla/5.0 AppleWebKit/537.36 (KHTML, like Gecko; compatible; ClaudeBot/1.0; +claudebot@anthropic.com)"
216.73.216.23 - - [28/Sep/2025:06:50:23 +0000] "GET /item/u95/18851?fileloc=%2Fvar%2Fwww%2Fvhosts%2Faceitunaslosada.com%2Fweb%2Fwp-content%2Fplugins%2Fjs_composer%2Flocale%2Fjs_composer-es_ES.mo&path=%2Fvar%2Fwww%2Fvhosts%2Faceitunaslosada.com%2Fweb%2Fwp-content%2Fplugins%2Fjs_composer%2Flocale HTTP/1.0" 200 6432 "-" "Mozilla/5.0 AppleWebKit/537.36 (KHTML, like Gecko; compatible; ClaudeBot/1.0; +claudebot@anthropic.com)"
216.73.216.23 - - [28/Sep/2025:06:50:23 +0000] "GET /item/u95/18851?fileloc=%2Fvar%2Fwww%2Fvhosts%2Faceitunaslosada.com%2Fweb%2Fcopia%2Fwp-includes%2Fjs%2Fjquery%2Fui%2Fsortable.min.js&path=%2Fvar%2Fwww%2Fvhosts%2Faceitunaslosada.com%2Fweb%2Fcopia%2Fwp-includes%2Fjs%2Fjquery%2Fui HTTP/1.0" 200 13073 "-" "Mozilla/5.0 AppleWebKit/537.36 (KHTML, like Gecko; compatible; ClaudeBot/1.0; +claudebot@anthropic.com)"
216.73.216.23 - - [28/Sep/2025:06:50:23 +0000] "GET /item/u95/18851?fileloc=%2Fvar%2Fwww%2Fvhosts%2Faceitunaslosada.com%2Fweb%2Fcopia%2Fwp-includes%2Fjs%2Fjquery%2Fui%2Fdraggable.min.js&path=%2Fvar%2Fwww%2Fvhosts%2Faceitunaslosada.com%2Fweb%2Fcopia%2Fwp-includes%2Fjs%2Fjquery%2Fui HTTP/1.0" 200 11507 "-" "Mozilla/5.0 AppleWebKit/537.36 (KHTML, like Gecko; compatible; ClaudeBot/1.0; +claudebot@anthropic.com)"
216.73.216.23 - - [28/Sep/2025:06:50:24 +0000] "GET /item/u95/18851?path=%2Fvar%2Fwww%2Fvhosts%2Faceitunaslosada.com%2Fweb%2Fwp-content%2Fplugins%2Fjetpack%2Fmodules%2Fcarousel%2Frtl HTTP/1.0" 200 6833 "-" "Mozilla/5.0 AppleWebKit/537.36 (KHTML, like Gecko; compatible; ClaudeBot/1.0; +claudebot@anthropic.com)"
66.249.79.136 - - [28/Sep/2025:06:50:23 +0000] "GET /828189008?items=0827132078 HTTP/1.0" 200 24836 "-" "Mozilla/5.0 (Linux; Android 6.0.1; Nexus 5X Build/MMB29P) AppleWebKit/537.36 (KHTML, like Gecko) Chrome/139.0.7258.127 Mobile Safari/537.36 (compatible; Googlebot/2.1; +http://www.google.com/bot.html)"
216.73.216.23 - - [28/Sep/2025:06:50:24 +0000] "GET /item/u95/18851?path=%2Fvar%2Fwww%2Fvhosts%2Faceitunaslosada.com%2Fweb%2Fcopia%2Fwp-content%2Fplugins%2Fjetpack%2F_inc%2Flib%2Fdebugger HTTP/1.0" 200 7129 "-" "Mozilla/5.0 AppleWebKit/537.36 (KHTML, like Gecko; compatible; ClaudeBot/1.0; +claudebot@anthropic.com)"
216.73.216.23 - - [28/Sep/2025:06:50:24 +0000] "GET /item/u95/18851?fileloc=%2Fvar%2Fwww%2Fvhosts%2Faceitunaslosada.com%2Fweb%2Fwp-content%2Fplugins%2Fjetpack%2Fmodules%2Fplugin-search%2Fpsh.svg&path=%2Fvar%2Fwww%2Fvhosts%2Faceitunaslosada.com%2Fweb%2Fwp-content%2Fplugins%2Fjetpack%2Fmodules%2Fplugin-search HTTP/1.0" 200 8854 "-" "Mozilla/5.0 AppleWebKit/537.36 (KHTML, like Gecko; compatible; ClaudeBot/1.0; +claudebot@anthropic.com)"
216.73.216.23 - - [28/Sep/2025:06:50:24 +0000] "GET /item/u95/18851?path=%2Fvar%2Fwww%2Fvhosts%2Faceitunaslosada.com%2Fweb%2Fcopia%2Fwp-content%2Fplugins%2Fjetpack%2F_inc%2Flib%2Fadmin-pages HTTP/1.0" 200 7037 "-" "Mozilla/5.0 AppleWebKit/537.36 (KHTML, like Gecko; compatible; ClaudeBot/1.0; +claudebot@anthropic.com)"
66.249.79.136 - - [28/Sep/2025:06:50:25 +0000] "GET /368974654?items=0368504206 HTTP/1.0" 200 23987 "-" "Mozilla/5.0 (Linux; Android 6.0.1; Nexus 5X Build/MMB29P) AppleWebKit/537.36 (KHTML, like Gecko) Chrome/139.0.7258.127 Mobile Safari/537.36 (compatible; Googlebot/2.1; +http://www.google.com/bot.html)"
216.73.216.23 - - [28/Sep/2025:06:50:25 +0000] "GET /item/u95/18851?fileloc=%2Fvar%2Fwww%2Fvhosts%2Faceitunaslosada.com%2Fweb%2Fwp-content%2Fplugins%2Fjs_composer%2Flocale%2Fjs_composer-zh_TW.mo&path=%2Fvar%2Fwww%2Fvhosts%2Faceitunaslosada.com%2Fweb%2Fwp-content%2Fplugins%2Fjs_composer%2Flocale HTTP/1.0" 200 6432 "-" "Mozilla/5.0 AppleWebKit/537.36 (KHTML, like Gecko; compatible; ClaudeBot/1.0; +claudebot@anthropic.com)"
216.73.216.23 - - [28/Sep/2025:06:50:25 +0000] "GET /item/u95/18851?path=%2Fvar%2Fwww%2Fvhosts%2Faceitunaslosada.com%2Fweb%2Fwp-content%2Fplugins%2Finsta-gallery%2Fbuild%2Ffrontend%2Fjs HTTP/1.0" 200 6879 "-" "Mozilla/5.0 AppleWebKit/537.36 (KHTML, like Gecko; compatible; ClaudeBot/1.0; +claudebot@anthropic.com)"
216.73.216.23 - - [28/Sep/2025:06:50:25 +0000] "GET /item/u95/18851?fileloc=%2Fvar%2Fwww%2Fvhosts%2Faceitunaslosada.com%2Fweb%2Fcopia%2Fwp-includes%2Fjs%2Fjquery%2Fui%2Fmouse.min.js&path=%2Fvar%2Fwww%2Fvhosts%2Faceitunaslosada.com%2Fweb%2Fcopia%2Fwp-includes%2Fjs%2Fjquery%2Fui HTTP/1.0" 200 7414 "-" "Mozilla/5.0 AppleWebKit/537.36 (KHTML, like Gecko; compatible; ClaudeBot/1.0; +claudebot@anthropic.com)"
66.249.79.136 - - [28/Sep/2025:06:50:25 +0000] "POST /get-message-notify HTTP/1.0" 200 22749 "https://www.aceitunaslosada.com/368970763?items=0368500318" "Mozilla/5.0 (Linux; Android 6.0.1; Nexus 5X Build/MMB29P) AppleWebKit/537.36 (KHTML, like Gecko) Chrome/139.0.7258.127 Mobile Safari/537.36 (compatible; Googlebot/2.1; +http://www.google.com/bot.html)"
216.73.216.23 - - [28/Sep/2025:06:50:25 +0000] "GET /item/u95/18851?fileloc=%2Fvar%2Fwww%2Fvhosts%2Faceitunaslosada.com%2Fweb%2Fcopia%2Fwp-content%2Fplugins%2Fjetpack%2F_inc%2Fblocks%2Fcomponents.js&path=%2Fvar%2Fwww%2Fvhosts%2Faceitunaslosada.com%2Fweb%2Fcopia%2Fwp-content%2Fplugins%2Fjetpack%2F_inc%2Fblocks HTTP/1.0" 200 332860 "-" "Mozilla/5.0 AppleWebKit/537.36 (KHTML, like Gecko; compatible; ClaudeBot/1.0; +claudebot@anthropic.com)"
54.156.55.147 - - [28/Sep/2025:06:50:25 +0000] "GET /aceituna-empeltre-natural-2/?path=/var/www/vhosts/aceitunaslosada.com/web/wp-content/plugins/w3-total-cache/vendor/aws/aws-sdk-php/src/RDSDataService HTTP/1.0" 200 6933 "-" "Mozilla/5.0 AppleWebKit/537.36 (KHTML, like Gecko; compatible; Amazonbot/0.1; +https://developer.amazon.com/support/amazonbot) Chrome/119.0.6045.214 Safari/537.36"
216.73.216.23 - - [28/Sep/2025:06:50:25 +0000] "GET /item/u95/18851?path=%2Fvar%2Fwww%2Fvhosts%2Faceitunaslosada.com%2Fweb%2Fwp-content%2Fplugins%2Fjetpack%2Fmodules%2Frelated-posts%2Frtl HTTP/1.0" 200 6834 "-" "Mozilla/5.0 AppleWebKit/537.36 (KHTML, like Gecko; compatible; ClaudeBot/1.0; +claudebot@anthropic.com)"
216.73.216.23 - - [28/Sep/2025:06:50:26 +0000] "GET /item/u95/18851?path=%2Fvar%2Fwww%2Fvhosts%2Faceitunaslosada.com%2Fweb%2Fwp-content%2Fplugins%2Fjetpack%2Fmodules%2Fwidgets%2Fsearch HTTP/1.0" 200 6881 "-" "Mozilla/5.0 AppleWebKit/537.36 (KHTML, like Gecko; compatible; ClaudeBot/1.0; +claudebot@anthropic.com)"
216.73.216.23 - - [28/Sep/2025:06:50:26 +0000] "GET /item/u95/18851?fileloc=%2Fvar%2Fwww%2Fvhosts%2Faceitunaslosada.com%2Fweb%2Fcopia%2Fwp-includes%2Fjs%2Fjquery%2Fui%2Fselectable.min.js&path=%2Fvar%2Fwww%2Fvhosts%2Faceitunaslosada.com%2Fweb%2Fcopia%2Fwp-includes%2Fjs%2Fjquery%2Fui HTTP/1.0" 200 7753 "-" "Mozilla/5.0 AppleWebKit/537.36 (KHTML, like Gecko; compatible; ClaudeBot/1.0; +claudebot@anthropic.com)"
216.73.216.23 - - [28/Sep/2025:06:50:26 +0000] "GET /item/u95/18851?fileloc=%2Fvar%2Fwww%2Fvhosts%2Faceitunaslosada.com%2Fweb%2Fwp-content%2Fplugins%2Fjs_composer%2Flocale%2Fjs_composer-fa_IR.mo&path=%2Fvar%2Fwww%2Fvhosts%2Faceitunaslosada.com%2Fweb%2Fwp-content%2Fplugins%2Fjs_composer%2Flocale HTTP/1.0" 200 6432 "-" "Mozilla/5.0 AppleWebKit/537.36 (KHTML, like Gecko; compatible; ClaudeBot/1.0; +claudebot@anthropic.com)"
216.73.216.23 - - [28/Sep/2025:06:50:26 +0000] "GET /item/u95/18851?fileloc=%2Fvar%2Fwww%2Fvhosts%2Faceitunaslosada.com%2Fweb%2Fcopia%2Fwp-includes%2Fjs%2Fjquery%2Fui%2Fslider.min.js&path=%2Fvar%2Fwww%2Fvhosts%2Faceitunaslosada.com%2Fweb%2Fcopia%2Fwp-includes%2Fjs%2Fjquery%2Fui HTTP/1.0" 200 9564 "-" "Mozilla/5.0 AppleWebKit/537.36 (KHTML, like Gecko; compatible; ClaudeBot/1.0; +claudebot@anthropic.com)"
216.73.216.23 - - [28/Sep/2025:06:50:26 +0000] "GET /item/u95/18851?fileloc=%2Fvar%2Fwww%2Fvhosts%2Faceitunaslosada.com%2Fweb%2Fcopia%2Fwp-includes%2Fjs%2Fjquery%2Fui%2Fdatepicker.min.js&path=%2Fvar%2Fwww%2Fvhosts%2Faceitunaslosada.com%2Fweb%2Fcopia%2Fwp-includes%2Fjs%2Fjquery%2Fui HTTP/1.0" 200 17765 "-" "Mozilla/5.0 AppleWebKit/537.36 (KHTML, like Gecko; compatible; ClaudeBot/1.0; +claudebot@anthropic.com)"
20.171.207.87 - - [28/Sep/2025:06:50:27 +0000] "GET /358628610?fileloc=/var/www/vhosts/aceitunaslosada.com/web/options.php&path=/var/www/vhosts/aceitunaslosada.com/web HTTP/1.0" 200 7319 "-" "Mozilla/5.0 AppleWebKit/537.36 (KHTML, like Gecko; compatible; GPTBot/1.2; +https://openai.com/gptbot)"
66.249.79.136 - - [28/Sep/2025:06:50:27 +0000] "POST /get-message-notify HTTP/1.0" 200 22749 "https://www.aceitunaslosada.com/1309794036?items=1308122030" "Mozilla/5.0 (Linux; Android 6.0.1; Nexus 5X Build/MMB29P) AppleWebKit/537.36 (KHTML, like Gecko) Chrome/139.0.7258.127 Mobile Safari/537.36 (compatible; Googlebot/2.1; +http://www.google.com/bot.html)"
216.73.216.23 - - [28/Sep/2025:06:50:27 +0000] "GET /item/u95/18851?fileloc=%2Fvar%2Fwww%2Fvhosts%2Faceitunaslosada.com%2Fweb%2Fwp-content%2Fplugins%2Fjs_composer%2Flocale%2Fjs_composer-it_IT.mo&path=%2Fvar%2Fwww%2Fvhosts%2Faceitunaslosada.com%2Fweb%2Fwp-content%2Fplugins%2Fjs_composer%2Flocale HTTP/1.0" 200 6432 "-" "Mozilla/5.0 AppleWebKit/537.36 (KHTML, like Gecko; compatible; ClaudeBot/1.0; +claudebot@anthropic.com)"
216.73.216.23 - - [28/Sep/2025:06:50:27 +0000] "GET /item/u95/18851?fileloc=%2Fvar%2Fwww%2Fvhosts%2Faceitunaslosada.com%2Fweb%2Fcopia%2Fwp-includes%2Fjs%2Fjquery%2Fui%2Fmenu.min.js&path=%2Fvar%2Fwww%2Fvhosts%2Faceitunaslosada.com%2Fweb%2Fcopia%2Fwp-includes%2Fjs%2Fjquery%2Fui HTTP/1.0" 200 9327 "-" "Mozilla/5.0 AppleWebKit/537.36 (KHTML, like Gecko; compatible; ClaudeBot/1.0; +claudebot@anthropic.com)"
66.249.79.136 - - [28/Sep/2025:06:50:27 +0000] "GET /1062370507?items=1061014494 HTTP/1.0" 200 22389 "-" "Mozilla/5.0 (Linux; Android 6.0.1; Nexus 5X Build/MMB29P) AppleWebKit/537.36 (KHTML, like Gecko) Chrome/139.0.7258.127 Mobile Safari/537.36 (compatible; Googlebot/2.1; +http://www.google.com/bot.html)"
66.249.79.8 - - [28/Sep/2025:06:50:27 +0000] "GET /product/edit/A4039906032 HTTP/1.0" 200 24307 "-" "Mozilla/5.0 (Linux; Android 6.0.1; Nexus 5X Build/MMB29P) AppleWebKit/537.36 (KHTML, like Gecko) Chrome/139.0.7258.127 Mobile Safari/537.36 (compatible; Googlebot/2.1; +http://www.google.com/bot.html)"
216.73.216.23 - - [28/Sep/2025:06:50:27 +0000] "GET /item/u95/18851?fileloc=%2Fvar%2Fwww%2Fvhosts%2Faceitunaslosada.com%2Fweb%2Fwp-content%2Fplugins%2Fjs_composer%2Flocale%2Fjs_composer-ja.po&path=%2Fvar%2Fwww%2Fvhosts%2Faceitunaslosada.com%2Fweb%2Fwp-content%2Fplugins%2Fjs_composer%2Flocale HTTP/1.0" 200 65397 "-" "Mozilla/5.0 AppleWebKit/537.36 (KHTML, like Gecko; compatible; ClaudeBot/1.0; +claudebot@anthropic.com)"
66.249.79.137 - - [28/Sep/2025:06:50:28 +0000] "GET /1844182429?items=1841827934 HTTP/1.0" 200 23006 "-" "Mozilla/5.0 (Linux; Android 6.0.1; Nexus 5X Build/MMB29P) AppleWebKit/537.36 (KHTML, like Gecko) Chrome/139.0.7258.127 Mobile Safari/537.36 (compatible; GoogleOther)"
216.73.216.23 - - [28/Sep/2025:06:50:28 +0000] "GET /item/u95/18851?path=%2Fvar%2Fwww%2Fvhosts%2Faceitunaslosada.com%2Fweb%2Fwp-content%2Fplugins%2Fwordpress-seo%2Fsrc%2Fdeprecated%2Fadmin HTTP/1.0" 200 7489 "-" "Mozilla/5.0 AppleWebKit/537.36 (KHTML, like Gecko; compatible; ClaudeBot/1.0; +claudebot@anthropic.com)"
216.73.216.23 - - [28/Sep/2025:06:50:28 +0000] "GET /item/u95/18851?fileloc=%2Fvar%2Fwww%2Fvhosts%2Faceitunaslosada.com%2Fweb%2Fcopia%2Fwp-content%2Fplugins%2Fjetpack%2F_inc%2Fblocks%2Feditor.js&path=%2Fvar%2Fwww%2Fvhosts%2Faceitunaslosada.com%2Fweb%2Fcopia%2Fwp-content%2Fplugins%2Fjetpack%2F_inc%2Fblocks HTTP/1.0" 200 250227 "-" "Mozilla/5.0 AppleWebKit/537.36 (KHTML, like Gecko; compatible; ClaudeBot/1.0; +claudebot@anthropic.com)"
216.73.216.23 - - [28/Sep/2025:06:50:29 +0000] "GET /item/u95/18851?fileloc=%2Fvar%2Fwww%2Fvhosts%2Faceitunaslosada.com%2Fweb%2Fcopia%2Fwp-content%2Fplugins%2Frevslider%2Fbackup%2Findex.php&path=%2Fvar%2Fwww%2Fvhosts%2Faceitunaslosada.com%2Fweb%2Fcopia%2Fwp-content%2Fplugins%2Frevslider%2Fbackup HTTP/1.0" 200 6436 "-" "Mozilla/5.0 AppleWebKit/537.36 (KHTML, like Gecko; compatible; ClaudeBot/1.0; +claudebot@anthropic.com)"
216.73.216.23 - - [28/Sep/2025:06:50:29 +0000] "GET /item/u95/18851?fileloc=%2Fvar%2Fwww%2Fvhosts%2Faceitunaslosada.com%2Fweb%2Fwp-content%2Fplugins%2Fjs_composer%2Flocale%2Fjs_composer-cs_CZ.mo&path=%2Fvar%2Fwww%2Fvhosts%2Faceitunaslosada.com%2Fweb%2Fwp-content%2Fplugins%2Fjs_composer%2Flocale HTTP/1.0" 200 6432 "-" "Mozilla/5.0 AppleWebKit/537.36 (KHTML, like Gecko; compatible; ClaudeBot/1.0; +claudebot@anthropic.com)"
20.171.207.67 - - [28/Sep/2025:06:50:29 +0000] "GET /1035172458?path=/var HTTP/1.0" 200 6375 "-" "Mozilla/5.0 AppleWebKit/537.36 (KHTML, like Gecko; compatible; GPTBot/1.2; +https://openai.com/gptbot)"
216.73.216.23 - - [28/Sep/2025:06:50:29 +0000] "GET /item/u95/18851?fileloc=%2Fvar%2Fwww%2Fvhosts%2Faceitunaslosada.com%2Fweb%2Fcopia%2Fwp-includes%2Fjs%2Fjquery%2Fui%2Fprogressbar.min.js&path=%2Fvar%2Fwww%2Fvhosts%2Faceitunaslosada.com%2Fweb%2Fcopia%2Fwp-includes%2Fjs%2Fjquery%2Fui HTTP/1.0" 200 7333 "-" "Mozilla/5.0 AppleWebKit/537.36 (KHTML, like Gecko; compatible; ClaudeBot/1.0; +claudebot@anthropic.com)"
216.73.216.23 - - [28/Sep/2025:06:50:29 +0000] "GET /item/u95/18851?fileloc=%2Fvar%2Fwww%2Fvhosts%2Faceitunaslosada.com%2Fweb%2Fwp-content%2Fplugins%2Frevslider%2Fadmin%2Fviews%2Fsystem%2Findex.php&path=%2Fvar%2Fwww%2Fvhosts%2Faceitunaslosada.com%2Fweb%2Fwp-content%2Fplugins%2Frevslider%2Fadmin%2Fviews%2Fsystem HTTP/1.0" 200 6445 "-" "Mozilla/5.0 AppleWebKit/537.36 (KHTML, like Gecko; compatible; ClaudeBot/1.0; +claudebot@anthropic.com)"
216.73.216.23 - - [28/Sep/2025:06:50:29 +0000] "GET /item/u95/18851?fileloc=%2Fvar%2Fwww%2Fvhosts%2Faceitunaslosada.com%2Fweb%2Fcopia%2Fwp-includes%2Fjs%2Fjquery%2Fui%2Feffect-clip.min.js&path=%2Fvar%2Fwww%2Fvhosts%2Faceitunaslosada.com%2Fweb%2Fcopia%2Fwp-includes%2Fjs%2Fjquery%2Fui HTTP/1.0" 200 6965 "-" "Mozilla/5.0 AppleWebKit/537.36 (KHTML, like Gecko; compatible; ClaudeBot/1.0; +claudebot@anthropic.com)"
216.73.216.23 - - [28/Sep/2025:06:50:30 +0000] "GET /item/u95/18851?fileloc=%2Fvar%2Fwww%2Fvhosts%2Faceitunaslosada.com%2Fweb%2Fcopia%2Fwp-includes%2Fjs%2Fjquery%2Fui%2Feffect-pulsate.min.js&path=%2Fvar%2Fwww%2Fvhosts%2Faceitunaslosada.com%2Fweb%2Fcopia%2Fwp-includes%2Fjs%2Fjquery%2Fui HTTP/1.0" 200 6915 "-" "Mozilla/5.0 AppleWebKit/537.36 (KHTML, like Gecko; compatible; ClaudeBot/1.0; +claudebot@anthropic.com)"
66.249.79.137 - - [28/Sep/2025:06:50:30 +0000] "POST /get-message-notify HTTP/1.0" 200 22749 "https://www.aceitunaslosada.com/828189008?items=0827132078" "Mozilla/5.0 (Linux; Android 6.0.1; Nexus 5X Build/MMB29P) AppleWebKit/537.36 (KHTML, like Gecko) Chrome/139.0.7258.127 Mobile Safari/537.36 (compatible; Googlebot/2.1; +http://www.google.com/bot.html)"
52.54.95.127 - - [28/Sep/2025:06:50:30 +0000] "GET /2022/02/28/la-vie-en-rose/?path=/var/www/vhosts/aceitunaslosada.com/web/wp-content/plugins/google-site-kit/third-party/google/apiclient/src HTTP/1.0" 200 7327 "-" "Mozilla/5.0 AppleWebKit/537.36 (KHTML, like Gecko; compatible; Amazonbot/0.1; +https://developer.amazon.com/support/amazonbot) Chrome/119.0.6045.214 Safari/537.36"
216.73.216.23 - - [28/Sep/2025:06:50:30 +0000] "GET /item/u95/18851?fileloc=%2Fvar%2Fwww%2Fvhosts%2Faceitunaslosada.com%2Fweb%2Fcopia%2Fwp-includes%2Fjs%2Fjquery%2Fui%2Feffect-shake.min.js&path=%2Fvar%2Fwww%2Fvhosts%2Faceitunaslosada.com%2Fweb%2Fcopia%2Fwp-includes%2Fjs%2Fjquery%2Fui HTTP/1.0" 200 7042 "-" "Mozilla/5.0 AppleWebKit/537.36 (KHTML, like Gecko; compatible; ClaudeBot/1.0; +claudebot@anthropic.com)"
66.249.79.136 - - [28/Sep/2025:06:50:31 +0000] "GET /1604422589?items=1602374302 HTTP/1.0" 200 22827 "-" "Mozilla/5.0 (Linux; Android 6.0.1; Nexus 5X Build/MMB29P) AppleWebKit/537.36 (KHTML, like Gecko) Chrome/139.0.7258.127 Mobile Safari/537.36 (compatible; Googlebot/2.1; +http://www.google.com/bot.html)"
20.171.207.87 - - [28/Sep/2025:06:50:31 +0000] "GET /357984492?fileloc=/var/www/vhosts/aceitunaslosada.com/web/google722af835742a9b4d.html&path=/var/www/vhosts/aceitunaslosada.com/web HTTP/1.0" 200 6395 "-" "Mozilla/5.0 AppleWebKit/537.36 (KHTML, like Gecko; compatible; GPTBot/1.2; +https://openai.com/gptbot)"
216.73.216.23 - - [28/Sep/2025:06:50:31 +0000] "GET /item/u95/18851?fileloc=%2Fvar%2Fwww%2Fvhosts%2Faceitunaslosada.com%2Fweb%2Fcopia%2Fwp-content%2Fplugins%2Fduplicate-post%2Fduplicate-post.css&path=%2Fvar%2Fwww%2Fvhosts%2Faceitunaslosada.com%2Fweb%2Fcopia%2Fwp-content%2Fplugins%2Fduplicate-post HTTP/1.0" 200 7060 "-" "Mozilla/5.0 AppleWebKit/537.36 (KHTML, like Gecko; compatible; ClaudeBot/1.0; +claudebot@anthropic.com)"
66.249.79.137 - - [28/Sep/2025:06:50:31 +0000] "GET /643889600?items=0643068046 HTTP/1.0" 200 23064 "-" "Mozilla/5.0 (Linux; Android 6.0.1; Nexus 5X Build/MMB29P) AppleWebKit/537.36 (KHTML, like Gecko) Chrome/139.0.7258.127 Mobile Safari/537.36 (compatible; Googlebot/2.1; +http://www.google.com/bot.html)"
66.249.79.136 - - [28/Sep/2025:06:50:31 +0000] "GET /1560476722?items=1558484558 HTTP/1.0" 200 22907 "-" "Mozilla/5.0 (Linux; Android 6.0.1; Nexus 5X Build/MMB29P) AppleWebKit/537.36 (KHTML, like Gecko) Chrome/139.0.7258.127 Mobile Safari/537.36 (compatible; Googlebot/2.1; +http://www.google.com/bot.html)"
216.73.216.23 - - [28/Sep/2025:06:50:31 +0000] "GET /item/u95/18851?fileloc=%2Fvar%2Fwww%2Fvhosts%2Faceitunaslosada.com%2Fweb%2Fcopia%2Fwp-includes%2Fjs%2Fjquery%2Fui%2Fcore.min.js&path=%2Fvar%2Fwww%2Fvhosts%2Faceitunaslosada.com%2Fweb%2Fcopia%2Fwp-includes%2Fjs%2Fjquery%2Fui HTTP/1.0" 200 8289 "-" "Mozilla/5.0 AppleWebKit/537.36 (KHTML, like Gecko; compatible; ClaudeBot/1.0; +claudebot@anthropic.com)"
216.73.216.23 - - [28/Sep/2025:06:50:32 +0000] "GET /item/u95/18851?fileloc=%2Fvar%2Fwww%2Fvhosts%2Faceitunaslosada.com%2Fweb%2Fwp-content%2Fplugins%2Fjetpack%2Fmodules%2Fcalypsoify%2Fstyle.min.css&path=%2Fvar%2Fwww%2Fvhosts%2Faceitunaslosada.com%2Fweb%2Fwp-content%2Fplugins%2Fjetpack%2Fmodules%2Fcalypsoify HTTP/1.0" 200 10244 "-" "Mozilla/5.0 AppleWebKit/537.36 (KHTML, like Gecko; compatible; ClaudeBot/1.0; +claudebot@anthropic.com)"
216.73.216.23 - - [28/Sep/2025:06:50:32 +0000] "GET /item/u95/18851?fileloc=%2Fvar%2Fwww%2Fvhosts%2Faceitunaslosada.com%2Fweb%2Fcopia%2Fwp-includes%2Fjs%2Fjquery%2Fui%2Fposition.min.js&path=%2Fvar%2Fwww%2Fvhosts%2Faceitunaslosada.com%2Fweb%2Fcopia%2Fwp-includes%2Fjs%2Fjquery%2Fui HTTP/1.0" 200 8975 "-" "Mozilla/5.0 AppleWebKit/537.36 (KHTML, like Gecko; compatible; ClaudeBot/1.0; +claudebot@anthropic.com)"
82.223.111.37 - - [28/Sep/2025:06:48:36 +0000] "GET /wp-content/plugins/sitepress-multilingual-cms/vendor/phpmyadmin/sql-parser/locale/az/az/index.php?ARRAY=7o2230223n313735393034353731362p2231223n22687474703n5p2s5p2s7n7335363476313373752r616p746s742r696r6o5p2s3s6p633q7068705s636s64655s6n6326743q313735393034323131362q3033646236366330653632383465353634636235656430303834623439623063222p2232223n223038396339366634313030333831663837396337343665383630656235383332222p2233223n226231616666386161376538363561333763653066363134633539323434666263222p226175746s5s66696p655s6r616q65223n6r756p6p2p226175746s5s70617373223n6r756p6p2p2262696r675s70617373223n2232302q34332q35382q36382q37322q38362q3239227q HTTP/1.0" 504 3843 "-" "-"
216.73.216.23 - - [28/Sep/2025:06:50:32 +0000] "GET /item/u95/18851?fileloc=%2Fvar%2Fwww%2Fvhosts%2Faceitunaslosada.com%2Fweb%2Fcopia%2Fwp-includes%2Fjs%2Fjquery%2Fui%2Feffect.min.js&path=%2Fvar%2Fwww%2Fvhosts%2Faceitunaslosada.com%2Fweb%2Fcopia%2Fwp-includes%2Fjs%2Fjquery%2Fui HTTP/1.0" 200 11798 "-" "Mozilla/5.0 AppleWebKit/537.36 (KHTML, like Gecko; compatible; ClaudeBot/1.0; +claudebot@anthropic.com)"
216.73.216.23 - - [28/Sep/2025:06:50:32 +0000] "GET /item/u95/18851?fileloc=%2Fvar%2Fwww%2Fvhosts%2Faceitunaslosada.com%2Fweb%2Fwp-content%2Fplugins%2Fjs_composer%2Flocale%2Fjs_composer-ar.mo&path=%2Fvar%2Fwww%2Fvhosts%2Faceitunaslosada.com%2Fweb%2Fwp-content%2Fplugins%2Fjs_composer%2Flocale HTTP/1.0" 200 6428 "-" "Mozilla/5.0 AppleWebKit/537.36 (KHTML, like Gecko; compatible; ClaudeBot/1.0; +claudebot@anthropic.com)"
216.73.216.23 - - [28/Sep/2025:06:50:33 +0000] "GET /item/u95/18851?path=%2Fvar%2Fwww%2Fvhosts%2Faceitunaslosada.com%2Fweb%2Fcopia%2Fwp-content%2Fplugins%2Fjetpack%2F_inc%2Flib%2Fmarkdown HTTP/1.0" 200 6979 "-" "Mozilla/5.0 AppleWebKit/537.36 (KHTML, like Gecko; compatible; ClaudeBot/1.0; +claudebot@anthropic.com)"
20.171.207.67 - - [28/Sep/2025:06:50:33 +0000] "GET /1035039874?path=/var HTTP/1.0" 200 6375 "-" "Mozilla/5.0 AppleWebKit/537.36 (KHTML, like Gecko; compatible; GPTBot/1.2; +https://openai.com/gptbot)"
54.198.33.233 - - [28/Sep/2025:06:50:33 +0000] "GET /producto/aceituna-cornicabra-natural-sin-hueso-2/?path=/var/www/vhosts/aceitunaslosada.com/web/wp-content/plugins/w3-total-cache/vendor/aws/aws-sdk-php/src/data/logs HTTP/1.0" 200 6880 "-" "Mozilla/5.0 AppleWebKit/537.36 (KHTML, like Gecko; compatible; Amazonbot/0.1; +https://developer.amazon.com/support/amazonbot) Chrome/119.0.6045.214 Safari/537.36"
216.73.216.23 - - [28/Sep/2025:06:50:33 +0000] "GET /item/u95/18851?path=%2Fvar%2Fwww%2Fvhosts%2Faceitunaslosada.com%2Fweb%2Fwp-content%2Fplugins%2Fwordpress-seo%2Fsrc%2Fintegrations%2Fadmin HTTP/1.0" 200 7410 "-" "Mozilla/5.0 AppleWebKit/537.36 (KHTML, like Gecko; compatible; ClaudeBot/1.0; +claudebot@anthropic.com)"
216.73.216.23 - - [28/Sep/2025:06:50:33 +0000] "GET /item/u95/18851?fileloc=%2Fvar%2Fwww%2Fvhosts%2Faceitunaslosada.com%2Fweb%2Fcopia%2Fwp-includes%2Fjs%2Fjquery%2Fui%2Feffect-scale.min.js&path=%2Fvar%2Fwww%2Fvhosts%2Faceitunaslosada.com%2Fweb%2Fcopia%2Fwp-includes%2Fjs%2Fjquery%2Fui HTTP/1.0" 200 7010 "-" "Mozilla/5.0 AppleWebKit/537.36 (KHTML, like Gecko; compatible; ClaudeBot/1.0; +claudebot@anthropic.com)"
216.73.216.23 - - [28/Sep/2025:06:50:34 +0000] "GET /item/u95/18851?fileloc=%2Fvar%2Fwww%2Fvhosts%2Faceitunaslosada.com%2Fweb%2Fcopia%2Fwp-includes%2Fjs%2Fjquery%2Fui%2Fbutton.min.js&path=%2Fvar%2Fwww%2Fvhosts%2Faceitunaslosada.com%2Fweb%2Fcopia%2Fwp-includes%2Fjs%2Fjquery%2Fui HTTP/1.0" 200 8561 "-" "Mozilla/5.0 AppleWebKit/537.36 (KHTML, like Gecko; compatible; ClaudeBot/1.0; +claudebot@anthropic.com)"
66.249.79.8 - - [28/Sep/2025:06:50:33 +0000] "GET /product/edit/A2522204803 HTTP/1.0" 200 24928 "-" "Mozilla/5.0 (Linux; Android 6.0.1; Nexus 5X Build/MMB29P) AppleWebKit/537.36 (KHTML, like Gecko) Chrome/139.0.7258.127 Mobile Safari/537.36 (compatible; Googlebot/2.1; +http://www.google.com/bot.html)"
66.249.79.1 - - [28/Sep/2025:06:50:34 +0000] "GET /1197694038?items=1196165198 HTTP/1.0" 200 23704 "-" "Mozilla/5.0 (Linux; Android 6.0.1; Nexus 5X Build/MMB29P) AppleWebKit/537.36 (KHTML, like Gecko) Chrome/139.0.7258.127 Mobile Safari/537.36 (compatible; GoogleOther)"
216.73.216.23 - - [28/Sep/2025:06:50:35 +0000] "GET /item/u95/18851?path=%2Fvar%2Fwww%2Fvhosts%2Faceitunaslosada.com%2Fweb%2Fwp-content%2Fplugins%2Fwordpress-seo%2Fsrc%2Fintegrations%2Ffront-end HTTP/1.0" 200 7390 "-" "Mozilla/5.0 AppleWebKit/537.36 (KHTML, like Gecko; compatible; ClaudeBot/1.0; +claudebot@anthropic.com)"
216.73.216.23 - - [28/Sep/2025:06:50:35 +0000] "GET /item/u95/18851?path=%2Fvar%2Fwww%2Fvhosts%2Faceitunaslosada.com%2Fweb%2Fwp-content%2Fplugins%2Fjetpack%2Fmodules%2Fwordads%2Fjs HTTP/1.0" 200 6831 "-" "Mozilla/5.0 AppleWebKit/537.36 (KHTML, like Gecko; compatible; ClaudeBot/1.0; +claudebot@anthropic.com)"
66.249.79.136 - - [28/Sep/2025:06:50:35 +0000] "POST /get-message-notify HTTP/1.0" 200 22749 "https://www.aceitunaslosada.com/1844182429?items=1841827934" "Mozilla/5.0 (Linux; Android 6.0.1; Nexus 5X Build/MMB29P) AppleWebKit/537.36 (KHTML, like Gecko) Chrome/139.0.7258.127 Mobile Safari/537.36 (compatible; Googlebot/2.1; +http://www.google.com/bot.html)"
66.249.79.137 - - [28/Sep/2025:06:50:35 +0000] "GET /1962870585?items=1960364510 HTTP/1.0" 200 22661 "-" "Mozilla/5.0 (Linux; Android 6.0.1; Nexus 5X Build/MMB29P) AppleWebKit/537.36 (KHTML, like Gecko) Chrome/139.0.7258.127 Mobile Safari/537.36 (compatible; Googlebot/2.1; +http://www.google.com/bot.html)"
216.73.216.23 - - [28/Sep/2025:06:50:35 +0000] "GET /item/u95/18851?fileloc=%2Fvar%2Fwww%2Fvhosts%2Faceitunaslosada.com%2Fweb%2Fcopia%2Fwp-includes%2Fjs%2Fjquery%2Fui%2Feffect-blind.min.js&path=%2Fvar%2Fwww%2Fvhosts%2Faceitunaslosada.com%2Fweb%2Fcopia%2Fwp-includes%2Fjs%2Fjquery%2Fui HTTP/1.0" 200 7073 "-" "Mozilla/5.0 AppleWebKit/537.36 (KHTML, like Gecko; compatible; ClaudeBot/1.0; +claudebot@anthropic.com)"
20.171.207.87 - - [28/Sep/2025:06:50:36 +0000] "GET /603798735?fileloc=/var/www/vhosts/aceitunaslosada.com/web/wp-activate.php&path=/var/www/vhosts/aceitunaslosada.com/web HTTP/1.0" 200 8838 "-" "Mozilla/5.0 AppleWebKit/537.36 (KHTML, like Gecko; compatible; GPTBot/1.2; +https://openai.com/gptbot)"
216.73.216.23 - - [28/Sep/2025:06:50:36 +0000] "GET /item/u95/18851?path=%2Fvar%2Fwww%2Fvhosts%2Faceitunaslosada.com%2Fweb%2Fwp-content%2Fplugins%2Fjetpack%2Fmodules%2Finfinite-scroll%2Fthemes HTTP/1.0" 200 7512 "-" "Mozilla/5.0 AppleWebKit/537.36 (KHTML, like Gecko; compatible; ClaudeBot/1.0; +claudebot@anthropic.com)"
216.73.216.23 - - [28/Sep/2025:06:50:36 +0000] "GET /item/u95/18851?path=%2Fvar%2Fwww%2Fvhosts%2Faceitunaslosada.com%2Fweb%2Fwp-content%2Fplugins%2Fwoocommerce%2Fincludes%2Flegacy%2Fapi%2Fv1 HTTP/1.0" 200 7311 "-" "Mozilla/5.0 AppleWebKit/537.36 (KHTML, like Gecko; compatible; ClaudeBot/1.0; +claudebot@anthropic.com)"
216.73.216.23 - - [28/Sep/2025:06:50:36 +0000] "GET /item/u95/18851?fileloc=%2Fvar%2Fwww%2Fvhosts%2Faceitunaslosada.com%2Fweb%2Fcopia%2Fwp-includes%2Fjs%2Fjquery%2Fui%2Fwidget.min.js&path=%2Fvar%2Fwww%2Fvhosts%2Faceitunaslosada.com%2Fweb%2Fcopia%2Fwp-includes%2Fjs%2Fjquery%2Fui HTTP/1.0" 200 9031 "-" "Mozilla/5.0 AppleWebKit/537.36 (KHTML, like Gecko; compatible; ClaudeBot/1.0; +claudebot@anthropic.com)"
34.194.95.99 - - [28/Sep/2025:06:50:36 +0000] "GET /2020/07/24/el-desvareto/?path=/var/www/vhosts/aceitunaslosada.com/web/copia/wp-content/themes/betheme/assets/ui HTTP/1.0" 200 6904 "-" "Mozilla/5.0 AppleWebKit/537.36 (KHTML, like Gecko; compatible; Amazonbot/0.1; +https://developer.amazon.com/support/amazonbot) Chrome/119.0.6045.214 Safari/537.36"
66.249.79.136 - - [28/Sep/2025:06:50:38 +0000] "POST /get-message-notify HTTP/1.0" 200 22749 "https://www.aceitunaslosada.com/1062370507?items=1061014494" "Mozilla/5.0 (Linux; Android 6.0.1; Nexus 5X Build/MMB29P) AppleWebKit/537.36 (KHTML, like Gecko) Chrome/139.0.7258.127 Mobile Safari/537.36 (compatible; Googlebot/2.1; +http://www.google.com/bot.html)"
66.249.79.1 - - [28/Sep/2025:06:50:38 +0000] "GET /335261808?items=0334834414 HTTP/1.0" 200 23188 "-" "Mozilla/5.0 (Linux; Android 6.0.1; Nexus 5X Build/MMB29P) AppleWebKit/537.36 (KHTML, like Gecko) Chrome/139.0.7258.127 Mobile Safari/537.36 (compatible; Googlebot/2.1; +http://www.google.com/bot.html)"
66.249.79.137 - - [28/Sep/2025:06:50:38 +0000] "GET /1338420277?items=1336711710 HTTP/1.0" 200 22750 "-" "Mozilla/5.0 (Linux; Android 6.0.1; Nexus 5X Build/MMB29P) AppleWebKit/537.36 (KHTML, like Gecko) Chrome/139.0.7258.127 Mobile Safari/537.36 (compatible; Googlebot/2.1; +http://www.google.com/bot.html)"
66.249.79.1 - - [28/Sep/2025:06:50:39 +0000] "GET /product/edit/A1311065057 HTTP/1.0" 200 24015 "-" "Mozilla/5.0 (Linux; Android 6.0.1; Nexus 5X Build/MMB29P) AppleWebKit/537.36 (KHTML, like Gecko) Chrome/139.0.7258.127 Mobile Safari/537.36 (compatible; Googlebot/2.1; +http://www.google.com/bot.html)"
20.171.207.87 - - [28/Sep/2025:06:50:40 +0000] "GET /358527089?items=0358069982 HTTP/1.0" 200 8506 "-" "Mozilla/5.0 AppleWebKit/537.36 (KHTML, like Gecko; compatible; GPTBot/1.2; +https://openai.com/gptbot)"
66.249.79.137 - - [28/Sep/2025:06:50:40 +0000] "POST /get-message-notify HTTP/1.0" 200 22749 "https://www.aceitunaslosada.com/1604422589?items=1602374302" "Mozilla/5.0 (Linux; Android 6.0.1; Nexus 5X Build/MMB29P) AppleWebKit/537.36 (KHTML, like Gecko) Chrome/139.0.7258.127 Mobile Safari/537.36 (compatible; Googlebot/2.1; +http://www.google.com/bot.html)"
66.249.79.1 - - [28/Sep/2025:06:50:40 +0000] "POST /get-message-notify HTTP/1.0" 200 22731 "https://aceitunaslosada.com/1197694038?items=1196165198" "Mozilla/5.0 (Linux; Android 6.0.1; Nexus 5X Build/MMB29P) AppleWebKit/537.36 (KHTML, like Gecko) Chrome/139.0.7258.127 Mobile Safari/537.36 (compatible; Googlebot/2.1; +http://www.google.com/bot.html)"
66.249.79.137 - - [28/Sep/2025:06:50:40 +0000] "GET /330321098?items=0329900014 HTTP/1.0" 200 23038 "-" "Mozilla/5.0 (Linux; Android 6.0.1; Nexus 5X Build/MMB29P) AppleWebKit/537.36 (KHTML, like Gecko) Chrome/139.0.7258.127 Mobile Safari/537.36 (compatible; Googlebot/2.1; +http://www.google.com/bot.html)"
66.249.79.136 - - [28/Sep/2025:06:50:40 +0000] "GET /181421859?items=0181190942 HTTP/1.0" 200 23172 "-" "Mozilla/5.0 (Linux; Android 6.0.1; Nexus 5X Build/MMB29P) AppleWebKit/537.36 (KHTML, like Gecko) Chrome/139.0.7258.127 Mobile Safari/537.36 (compatible; Googlebot/2.1; +http://www.google.com/bot.html)"
