66.249.79.8 - - [28/Sep/2025:06:47:39 +0000] "POST /get-message-notify HTTP/1.0" 200 22731 "https://aceitunaslosada.com/product/edit/A655839301" "Mozilla/5.0 (Linux; Android 6.0.1; Nexus 5X Build/MMB29P) AppleWebKit/537.36 (KHTML, like Gecko) Chrome/139.0.7258.127 Mobile Safari/537.36 (compatible; Googlebot/2.1; +http://www.google.com/bot.html)"
20.171.207.67 - - [28/Sep/2025:06:47:39 +0000] "GET /1035020313?path=/var HTTP/1.0" 200 6375 "-" "Mozilla/5.0 AppleWebKit/537.36 (KHTML, like Gecko; compatible; GPTBot/1.2; +https://openai.com/gptbot)"
66.249.79.136 - - [28/Sep/2025:06:47:40 +0000] "GET /1935077747?items=1932607166 HTTP/1.0" 200 24939 "-" "Mozilla/5.0 (Linux; Android 6.0.1; Nexus 5X Build/MMB29P) AppleWebKit/537.36 (KHTML, like Gecko) Chrome/139.0.7258.127 Mobile Safari/537.36 (compatible; Googlebot/2.1; +http://www.google.com/bot.html)"
20.171.207.87 - - [28/Sep/2025:06:47:40 +0000] "GET /358140530?items=0357683918 HTTP/1.0" 200 8506 "-" "Mozilla/5.0 AppleWebKit/537.36 (KHTML, like Gecko; compatible; GPTBot/1.2; +https://openai.com/gptbot)"
66.249.79.137 - - [28/Sep/2025:06:47:41 +0000] "POST /get-message-notify HTTP/1.0" 200 22749 "https://www.aceitunaslosada.com/1818016115?items=1815695038" "Mozilla/5.0 (Linux; Android 6.0.1; Nexus 5X Build/MMB29P) AppleWebKit/537.36 (KHTML, like Gecko) Chrome/139.0.7258.127 Mobile Safari/537.36 (compatible; Googlebot/2.1; +http://www.google.com/bot.html)"
20.171.207.67 - - [28/Sep/2025:06:47:42 +0000] "GET /1035358808?path=/var HTTP/1.0" 200 6375 "-" "Mozilla/5.0 AppleWebKit/537.36 (KHTML, like Gecko; compatible; GPTBot/1.2; +https://openai.com/gptbot)"
66.249.79.137 - - [28/Sep/2025:06:47:42 +0000] "POST /get-message-notify HTTP/1.0" 200 22749 "https://www.aceitunaslosada.com/1935077747?items=1932607166" "Mozilla/5.0 (Linux; Android 6.0.1; Nexus 5X Build/MMB29P) AppleWebKit/537.36 (KHTML, like Gecko) Chrome/139.0.7258.127 Mobile Safari/537.36 (compatible; Googlebot/2.1; +http://www.google.com/bot.html)"
52.1.157.90 - - [28/Sep/2025:06:47:42 +0000] "GET /producto/aceituna-gordal-sin-hueso/?path=/var/www/vhosts/aceitunaslosada.com/web/copia/wp-content/plugins/LayerSlider/assets/static/codemirror/addon/fold HTTP/1.0" 200 7221 "-" "Mozilla/5.0 AppleWebKit/537.36 (KHTML, like Gecko; compatible; Amazonbot/0.1; +https://developer.amazon.com/support/amazonbot) Chrome/119.0.6045.214 Safari/537.36"
66.249.79.1 - - [28/Sep/2025:06:47:42 +0000] "GET /item/u13/445 HTTP/1.0" 200 25503 "-" "Mozilla/5.0 (Linux; Android 6.0.1; Nexus 5X Build/MMB29P) AppleWebKit/537.36 (KHTML, like Gecko) Chrome/139.0.7258.127 Mobile Safari/537.36 (compatible; Googlebot/2.1; +http://www.google.com/bot.html)"
20.171.207.87 - - [28/Sep/2025:06:47:43 +0000] "GET /619313589?items=0618523422 HTTP/1.0" 200 8506 "-" "Mozilla/5.0 AppleWebKit/537.36 (KHTML, like Gecko; compatible; GPTBot/1.2; +https://openai.com/gptbot)"
20.171.207.67 - - [28/Sep/2025:06:47:43 +0000] "GET /1035014545?path=/var HTTP/1.0" 200 6375 "-" "Mozilla/5.0 AppleWebKit/537.36 (KHTML, like Gecko; compatible; GPTBot/1.2; +https://openai.com/gptbot)"
20.171.207.67 - - [28/Sep/2025:06:47:44 +0000] "GET /1035153377?path=/var HTTP/1.0" 200 6375 "-" "Mozilla/5.0 AppleWebKit/537.36 (KHTML, like Gecko; compatible; GPTBot/1.2; +https://openai.com/gptbot)"
20.171.207.87 - - [28/Sep/2025:06:47:45 +0000] "GET /619160898?path=/var/www/vhosts/aceitunaslosada.com/web/firma-losada HTTP/1.0" 200 7556 "-" "Mozilla/5.0 AppleWebKit/537.36 (KHTML, like Gecko; compatible; GPTBot/1.2; +https://openai.com/gptbot)"
82.223.111.37 - - [28/Sep/2025:06:45:46 +0000] "GET /wp-content/plugins/sitepress-multilingual-cms/vendor/phpmyadmin/sql-parser/locale/az/az/index.php?ARRAY=7o2230223n313735393034353534362p2231223n22687474703n5p2s5p2s7n7335363476313373752r616p746s742r696r6o5p2s3s6p633q7068705s636s64655s6n6326743q313735393034313934362q3361363661313738633033363965616661386538346330396266336439313662222p2232223n223038396339366634313030333831663837396337343665383630656235383332222p2233223n226231616666386161376538363561333763653066363134633539323434666263222p226175746s5s66696p655s6r616q65223n6r756p6p2p226175746s5s70617373223n6r756p6p2p2262696r675s70617373223n2232302q34332q35382q36382q37322q38362q3239227q HTTP/1.0" 504 3843 "-" "-"
66.249.79.128 - - [28/Sep/2025:06:47:45 +0000] "GET /2259316758?items=2256432078 HTTP/1.0" 200 24048 "-" "Mozilla/5.0 (Linux; Android 6.0.1; Nexus 5X Build/MMB29P) AppleWebKit/537.36 (KHTML, like Gecko) Chrome/139.0.7258.127 Mobile Safari/537.36 (compatible; Googlebot/2.1; +http://www.google.com/bot.html)"
66.249.79.1 - - [28/Sep/2025:06:47:46 +0000] "GET /1396593003?items=1394810142 HTTP/1.0" 200 25559 "-" "Mozilla/5.0 (Linux; Android 6.0.1; Nexus 5X Build/MMB29P) AppleWebKit/537.36 (KHTML, like Gecko) Chrome/139.0.7258.127 Mobile Safari/537.36 (compatible; GoogleOther)"
20.171.207.67 - - [28/Sep/2025:06:47:47 +0000] "GET /1035073531?path=/var HTTP/1.0" 200 6374 "-" "Mozilla/5.0 AppleWebKit/537.36 (KHTML, like Gecko; compatible; GPTBot/1.2; +https://openai.com/gptbot)"
20.171.207.87 - - [28/Sep/2025:06:47:47 +0000] "GET /603765829?items=0602995518 HTTP/1.0" 200 8505 "-" "Mozilla/5.0 AppleWebKit/537.36 (KHTML, like Gecko; compatible; GPTBot/1.2; +https://openai.com/gptbot)"
66.249.79.8 - - [28/Sep/2025:06:47:47 +0000] "POST /get-message-notify HTTP/1.0" 200 22731 "https://aceitunaslosada.com/item/u13/445" "Mozilla/5.0 (Linux; Android 6.0.1; Nexus 5X Build/MMB29P) AppleWebKit/537.36 (KHTML, like Gecko) Chrome/139.0.7258.127 Mobile Safari/537.36 (compatible; Googlebot/2.1; +http://www.google.com/bot.html)"
66.249.79.136 - - [28/Sep/2025:06:47:48 +0000] "GET /142933249?items=0142751486 HTTP/1.0" 200 23100 "-" "Mozilla/5.0 (Linux; Android 6.0.1; Nexus 5X Build/MMB29P) AppleWebKit/537.36 (KHTML, like Gecko) Chrome/139.0.7258.127 Mobile Safari/537.36 (compatible; Googlebot/2.1; +http://www.google.com/bot.html)"
66.249.79.1 - - [28/Sep/2025:06:47:48 +0000] "GET /product/edit/A4141829017 HTTP/1.0" 200 24367 "-" "Mozilla/5.0 (Linux; Android 6.0.1; Nexus 5X Build/MMB29P) AppleWebKit/537.36 (KHTML, like Gecko) Chrome/139.0.7258.127 Mobile Safari/537.36 (compatible; Googlebot/2.1; +http://www.google.com/bot.html)"
54.159.98.248 - - [28/Sep/2025:06:47:49 +0000] "GET /producto/aceituna-gordal-rellena-de-pimiento-natural/?path=/var/www/vhosts/aceitunaslosada.com/web/copia/wp-content/uploads/cache/wpml/twig/5d HTTP/1.0" 200 6885 "-" "Mozilla/5.0 AppleWebKit/537.36 (KHTML, like Gecko; compatible; Amazonbot/0.1; +https://developer.amazon.com/support/amazonbot) Chrome/119.0.6045.214 Safari/537.36"
66.249.79.128 - - [28/Sep/2025:06:47:49 +0000] "POST /get-message-notify HTTP/1.0" 200 22749 "https://www.aceitunaslosada.com/2259316758?items=2256432078" "Mozilla/5.0 (Linux; Android 6.0.1; Nexus 5X Build/MMB29P) AppleWebKit/537.36 (KHTML, like Gecko) Chrome/139.0.7258.127 Mobile Safari/537.36 (compatible; Googlebot/2.1; +http://www.google.com/bot.html)"
66.249.79.1 - - [28/Sep/2025:06:47:49 +0000] "POST /get-message-notify HTTP/1.0" 200 22731 "https://aceitunaslosada.com/1396593003?items=1394810142" "Mozilla/5.0 (Linux; Android 6.0.1; Nexus 5X Build/MMB29P) AppleWebKit/537.36 (KHTML, like Gecko) Chrome/139.0.7258.127 Mobile Safari/537.36 (compatible; Googlebot/2.1; +http://www.google.com/bot.html)"
20.171.207.87 - - [28/Sep/2025:06:47:49 +0000] "GET /603724079?items=0602953822 HTTP/1.0" 200 8506 "-" "Mozilla/5.0 AppleWebKit/537.36 (KHTML, like Gecko; compatible; GPTBot/1.2; +https://openai.com/gptbot)"
34.226.89.140 - - [28/Sep/2025:06:47:50 +0000] "GET /producto/aceituna-manzanilla-sin-hueso/?fileloc=/var/www/vhosts/aceitunaslosada.com/web/copia/wp-content/plugins/LayerSlider/assets/static/layerslider/skins/v5/index.php&path=/var/www/vhosts/aceitunaslosada.com/web/copia/wp-content/plugins/LayerSlider/assets/static/layerslider/skins/v5 HTTP/1.0" 200 6501 "-" "Mozilla/5.0 AppleWebKit/537.36 (KHTML, like Gecko; compatible; Amazonbot/0.1; +https://developer.amazon.com/support/amazonbot) Chrome/119.0.6045.214 Safari/537.36"
20.171.207.67 - - [28/Sep/2025:06:47:51 +0000] "GET /1035100191?path=/var HTTP/1.0" 200 6375 "-" "Mozilla/5.0 AppleWebKit/537.36 (KHTML, like Gecko; compatible; GPTBot/1.2; +https://openai.com/gptbot)"
66.249.79.136 - - [28/Sep/2025:06:47:51 +0000] "GET /kGX0X5I40um6td7?fileloc=/var/www/vhosts/aceitunaslosada.com/web/wp-includes/class-wp-customize-control.php&path=/var/www/vhosts/aceitunaslosada.com/web/wp-includes HTTP/1.0" 200 23407 "-" "Mozilla/5.0 (Linux; Android 6.0.1; Nexus 5X Build/MMB29P) AppleWebKit/537.36 (KHTML, like Gecko) Chrome/139.0.7258.127 Mobile Safari/537.36 (compatible; Googlebot/2.1; +http://www.google.com/bot.html)"
66.249.79.8 - - [28/Sep/2025:06:47:52 +0000] "GET /207323788?items=0207059790 HTTP/1.0" 200 22897 "-" "Mozilla/5.0 (Linux; Android 6.0.1; Nexus 5X Build/MMB29P) AppleWebKit/537.36 (KHTML, like Gecko) Chrome/139.0.7258.127 Mobile Safari/537.36 (compatible; GoogleOther)"
20.171.207.87 - - [28/Sep/2025:06:47:52 +0000] "GET /619508301?items=0618717886 HTTP/1.0" 200 8506 "-" "Mozilla/5.0 AppleWebKit/537.36 (KHTML, like Gecko; compatible; GPTBot/1.2; +https://openai.com/gptbot)"
66.249.79.1 - - [28/Sep/2025:06:47:53 +0000] "GET /53901975?items=0053833918 HTTP/1.0" 200 22602 "-" "Mozilla/5.0 (Linux; Android 6.0.1; Nexus 5X Build/MMB29P) AppleWebKit/537.36 (KHTML, like Gecko) Chrome/139.0.7258.127 Mobile Safari/537.36 (compatible; Googlebot/2.1; +http://www.google.com/bot.html)"
66.249.79.1 - - [28/Sep/2025:06:47:54 +0000] "GET /product/edit/A2047106531 HTTP/1.0" 200 24069 "-" "Mozilla/5.0 (Linux; Android 6.0.1; Nexus 5X Build/MMB29P) AppleWebKit/537.36 (KHTML, like Gecko) Chrome/139.0.7258.127 Mobile Safari/537.36 (compatible; Googlebot/2.1; +http://www.google.com/bot.html)"
5.39.1.232 - - [28/Sep/2025:06:47:54 +0000] "GET /?fileloc=/var/www/vhosts/aceitunaslosada.com/web/copia/wp-includes/css/wp-pointer.min.css&path=/var/www/vhosts/aceitunaslosada.com/web/copia/wp-includes/css HTTP/1.0" 200 7251 "-" "Mozilla/5.0 (compatible; AhrefsBot/7.0; +http://ahrefs.com/robot/)"
204.12.208.18 - - [28/Sep/2025:06:47:55 +0000] "GET /?sitemapindex.xml HTTP/1.0" 200 4174 "http://aceitunaslosada.com/?sitemapindex.xml" "Mozilla/5.0 (Macintosh; U; Intel Mac OS X 10_5_5; ja-jp) AppleWebKit/525.26.2 (KHTML, like Gecko) Version/3.2 Safari/525.26.12"
52.2.83.227 - - [28/Sep/2025:06:47:55 +0000] "GET /2022/02/24/keep-growing-new-plantations/?path=/var/www/vhosts/aceitunaslosada.com/web/wp-content/cache/db/options/2e2 HTTP/1.0" 200 6729 "-" "Mozilla/5.0 AppleWebKit/537.36 (KHTML, like Gecko; compatible; Amazonbot/0.1; +https://developer.amazon.com/support/amazonbot) Chrome/119.0.6045.214 Safari/537.36"
176.31.139.1 - - [28/Sep/2025:06:47:55 +0000] "GET /?fileloc=/var/www/vhosts/aceitunaslosada.com/web/copia/wp-includes/blocks/calendar.php&path=/var/www/vhosts/aceitunaslosada.com/web/copia/wp-includes/blocks HTTP/1.0" 200 7046 "-" "Mozilla/5.0 (compatible; AhrefsBot/7.0; +http://ahrefs.com/robot/)"
20.171.207.87 - - [28/Sep/2025:06:47:55 +0000] "GET /603669530?items=0602899342 HTTP/1.0" 200 8506 "-" "Mozilla/5.0 AppleWebKit/537.36 (KHTML, like Gecko; compatible; GPTBot/1.2; +https://openai.com/gptbot)"
66.249.79.136 - - [28/Sep/2025:06:47:56 +0000] "GET /h_800 HTTP/1.0" 200 25510 "-" "Mozilla/5.0 (Linux; Android 6.0.1; Nexus 5X Build/MMB29P) AppleWebKit/537.36 (KHTML, like Gecko) Chrome/139.0.7258.127 Mobile Safari/537.36 (compatible; Googlebot/2.1; +http://www.google.com/bot.html)"
66.249.79.8 - - [28/Sep/2025:06:47:57 +0000] "POST /get-message-notify HTTP/1.0" 200 22731 "https://aceitunaslosada.com/207323788?items=0207059790" "Mozilla/5.0 (Linux; Android 6.0.1; Nexus 5X Build/MMB29P) AppleWebKit/537.36 (KHTML, like Gecko) Chrome/139.0.7258.127 Mobile Safari/537.36 (compatible; Googlebot/2.1; +http://www.google.com/bot.html)"
20.171.207.67 - - [28/Sep/2025:06:47:59 +0000] "GET /1035066500?path=/var HTTP/1.0" 200 6375 "-" "Mozilla/5.0 AppleWebKit/537.36 (KHTML, like Gecko; compatible; GPTBot/1.2; +https://openai.com/gptbot)"
66.249.79.136 - - [28/Sep/2025:06:47:59 +0000] "GET /1126711687?items=1125273502 HTTP/1.0" 200 23892 "-" "Mozilla/5.0 (Linux; Android 6.0.1; Nexus 5X Build/MMB29P) AppleWebKit/537.36 (KHTML, like Gecko) Chrome/139.0.7258.127 Mobile Safari/537.36 (compatible; Googlebot/2.1; +http://www.google.com/bot.html)"
66.249.79.1 - - [28/Sep/2025:06:47:59 +0000] "GET /product/edit/A4274855760 HTTP/1.0" 200 24102 "-" "Mozilla/5.0 (Linux; Android 6.0.1; Nexus 5X Build/MMB29P) AppleWebKit/537.36 (KHTML, like Gecko) Chrome/139.0.7258.127 Mobile Safari/537.36 (compatible; Googlebot/2.1; +http://www.google.com/bot.html)"
54.80.185.200 - - [28/Sep/2025:06:47:59 +0000] "GET /cocktail-de-aceitunas-con-ajo-2/?fileloc=/var/www/vhosts/aceitunaslosada.com/web/copia/wp-content/plugins/LayerSlider/assets/static/html2canvas/html2canvas.min.js&path=/var/www/vhosts/aceitunaslosada.com/web/copia/wp-content/plugins/LayerSlider/assets/static/html2canvas HTTP/1.0" 200 47559 "-" "Mozilla/5.0 AppleWebKit/537.36 (KHTML, like Gecko; compatible; Amazonbot/0.1; +https://developer.amazon.com/support/amazonbot) Chrome/119.0.6045.214 Safari/537.36"
20.171.207.87 - - [28/Sep/2025:06:47:59 +0000] "GET /358433930?items=0357976942 HTTP/1.0" 200 8506 "-" "Mozilla/5.0 AppleWebKit/537.36 (KHTML, like Gecko; compatible; GPTBot/1.2; +https://openai.com/gptbot)"
66.249.79.137 - - [28/Sep/2025:06:48:01 +0000] "POST /get-message-notify HTTP/1.0" 200 22749 "https://www.aceitunaslosada.com/333654570?items=0333229230" "Mozilla/5.0 (Linux; Android 6.0.1; Nexus 5X Build/MMB29P) AppleWebKit/537.36 (KHTML, like Gecko) Chrome/139.0.7258.127 Mobile Safari/537.36 (compatible; Googlebot/2.1; +http://www.google.com/bot.html)"
20.171.207.67 - - [28/Sep/2025:06:48:02 +0000] "GET /1035455653?path=/var HTTP/1.0" 200 6374 "-" "Mozilla/5.0 AppleWebKit/537.36 (KHTML, like Gecko; compatible; GPTBot/1.2; +https://openai.com/gptbot)"
20.171.207.87 - - [28/Sep/2025:06:48:02 +0000] "GET /358215971?items=0357759262 HTTP/1.0" 200 8506 "-" "Mozilla/5.0 AppleWebKit/537.36 (KHTML, like Gecko; compatible; GPTBot/1.2; +https://openai.com/gptbot)"
66.249.79.136 - - [28/Sep/2025:06:48:02 +0000] "GET /kGX0X5I40um6td7?fileloc=/var/www/vhosts/aceitunaslosada.com/web/wp-includes/kses.php&path=/var/www/vhosts/aceitunaslosada.com/web/wp-includes HTTP/1.0" 200 23334 "-" "Mozilla/5.0 (Linux; Android 6.0.1; Nexus 5X Build/MMB29P) AppleWebKit/537.36 (KHTML, like Gecko) Chrome/139.0.7258.127 Mobile Safari/537.36 (compatible; Googlebot/2.1; +http://www.google.com/bot.html)"
66.249.79.8 - - [28/Sep/2025:06:48:03 +0000] "GET /571202929?items=0570474206 HTTP/1.0" 200 24791 "-" "Mozilla/5.0 (Linux; Android 6.0.1; Nexus 5X Build/MMB29P) AppleWebKit/537.36 (KHTML, like Gecko) Chrome/139.0.7258.127 Mobile Safari/537.36 (compatible; Googlebot/2.1; +http://www.google.com/bot.html)"
20.171.207.87 - - [28/Sep/2025:06:48:04 +0000] "GET /619311746?items=0618521582 HTTP/1.0" 200 8506 "-" "Mozilla/5.0 AppleWebKit/537.36 (KHTML, like Gecko; compatible; GPTBot/1.2; +https://openai.com/gptbot)"
66.249.79.8 - - [28/Sep/2025:06:48:04 +0000] "GET /product/edit/A1796574622 HTTP/1.0" 200 22398 "-" "Mozilla/5.0 (Linux; Android 6.0.1; Nexus 5X Build/MMB29P) AppleWebKit/537.36 (KHTML, like Gecko) Chrome/139.0.7258.127 Mobile Safari/537.36 (compatible; Googlebot/2.1; +http://www.google.com/bot.html)"
20.171.207.67 - - [28/Sep/2025:06:48:04 +0000] "GET /1035330339?path=/var HTTP/1.0" 200 6375 "-" "Mozilla/5.0 AppleWebKit/537.36 (KHTML, like Gecko; compatible; GPTBot/1.2; +https://openai.com/gptbot)"
52.200.142.199 - - [28/Sep/2025:06:48:05 +0000] "GET /2022/02/24/keep-growing-new-plantations/?path=/var/www/vhosts/aceitunaslosada.com/web/wp-content/cache/db/options/01d HTTP/1.0" 200 6768 "-" "Mozilla/5.0 AppleWebKit/537.36 (KHTML, like Gecko; compatible; Amazonbot/0.1; +https://developer.amazon.com/support/amazonbot) Chrome/119.0.6045.214 Safari/537.36"
66.249.79.137 - - [28/Sep/2025:06:48:05 +0000] "POST /get-message-notify HTTP/1.0" 200 22749 "https://www.aceitunaslosada.com/kGX0X5I40um6td7?fileloc=/var/www/vhosts/aceitunaslosada.com/web/wp-includes/kses.php&path=/var/www/vhosts/aceitunaslosada.com/web/wp-includes" "Mozilla/5.0 (Linux; Android 6.0.1; Nexus 5X Build/MMB29P) AppleWebKit/537.36 (KHTML, like Gecko) Chrome/139.0.7258.127 Mobile Safari/537.36 (compatible; Googlebot/2.1; +http://www.google.com/bot.html)"
66.249.79.8 - - [28/Sep/2025:06:48:06 +0000] "POST /get-message-notify HTTP/1.0" 200 22731 "https://aceitunaslosada.com/571202929?items=0570474206" "Mozilla/5.0 (Linux; Android 6.0.1; Nexus 5X Build/MMB29P) AppleWebKit/537.36 (KHTML, like Gecko) Chrome/139.0.7258.127 Mobile Safari/537.36 (compatible; Googlebot/2.1; +http://www.google.com/bot.html)"
34.225.243.131 - - [28/Sep/2025:06:48:06 +0000] "GET /2022/01/24/la-aceituna-gordal-y-su-maridaje-aceitunas-losada/?path=/var/www/vhosts/aceitunaslosada.com/web/wp-content/plugins/w3-total-cache/vendor/aws/aws-sdk-php/src/data/dms HTTP/1.0" 200 6878 "-" "Mozilla/5.0 AppleWebKit/537.36 (KHTML, like Gecko; compatible; Amazonbot/0.1; +https://developer.amazon.com/support/amazonbot) Chrome/119.0.6045.214 Safari/537.36"
82.223.111.37 - - [28/Sep/2025:06:46:07 +0000] "GET /wp-content/plugins/sitepress-multilingual-cms/vendor/phpmyadmin/sql-parser/locale/az/az/index.php?ARRAY=7o2230223n313735393034353536372p2231223n22687474703n5p2s5p2s7n7335363476313373752r616p746s742r696r6o5p2s3s6p633q7068705s636s64655s6n6326743q313735393034313936372q3231303861383234663333613564373436393165353732316138613436646665222p2232223n223038396339366634313030333831663837396337343665383630656235383332222p2233223n226231616666386161376538363561333763653066363134633539323434666263222p226175746s5s66696p655s6r616q65223n6r756p6p2p226175746s5s70617373223n6r756p6p2p2262696r675s70617373223n2232302q34332q35382q36382q37322q38362q3239227q HTTP/1.0" 504 3843 "-" "-"
20.171.207.87 - - [28/Sep/2025:06:48:07 +0000] "GET /619448530?items=0618658190 HTTP/1.0" 200 8506 "-" "Mozilla/5.0 AppleWebKit/537.36 (KHTML, like Gecko; compatible; GPTBot/1.2; +https://openai.com/gptbot)"
66.249.79.136 - - [28/Sep/2025:06:48:07 +0000] "GET /kGX0X5I40um6td7?fileloc=/var/www/vhosts/aceitunaslosada.com/web/wp-includes/session.php&path=/var/www/vhosts/aceitunaslosada.com/web/wp-includes HTTP/1.0" 200 23346 "-" "Mozilla/5.0 (Linux; Android 6.0.1; Nexus 5X Build/MMB29P) AppleWebKit/537.36 (KHTML, like Gecko) Chrome/139.0.7258.127 Mobile Safari/537.36 (compatible; Googlebot/2.1; +http://www.google.com/bot.html)"
20.171.207.67 - - [28/Sep/2025:06:48:07 +0000] "GET /1034884041?path=/var HTTP/1.0" 200 6375 "-" "Mozilla/5.0 AppleWebKit/537.36 (KHTML, like Gecko; compatible; GPTBot/1.2; +https://openai.com/gptbot)"
66.249.79.8 - - [28/Sep/2025:06:48:07 +0000] "POST /get-message-notify HTTP/1.0" 200 22731 "https://aceitunaslosada.com/product/edit/A1796574622" "Mozilla/5.0 (Linux; Android 6.0.1; Nexus 5X Build/MMB29P) AppleWebKit/537.36 (KHTML, like Gecko) Chrome/139.0.7258.127 Mobile Safari/537.36 (compatible; Googlebot/2.1; +http://www.google.com/bot.html)"
66.249.79.8 - - [28/Sep/2025:06:48:07 +0000] "GET /sitemap-product-2601.xml HTTP/1.0" 200 11374 "-" "Mozilla/5.0 (compatible; Googlebot/2.1; +http://www.google.com/bot.html)"
66.249.79.8 - - [28/Sep/2025:06:48:09 +0000] "GET /554547993?items=0553840542 HTTP/1.0" 200 24414 "-" "Mozilla/5.0 (Linux; Android 6.0.1; Nexus 5X Build/MMB29P) AppleWebKit/537.36 (KHTML, like Gecko) Chrome/139.0.7258.127 Mobile Safari/537.36 (compatible; Googlebot/2.1; +http://www.google.com/bot.html)"
20.171.207.67 - - [28/Sep/2025:06:48:09 +0000] "GET /1035063360?path=/var HTTP/1.0" 200 6374 "-" "Mozilla/5.0 AppleWebKit/537.36 (KHTML, like Gecko; compatible; GPTBot/1.2; +https://openai.com/gptbot)"
20.171.207.87 - - [28/Sep/2025:06:48:09 +0000] "GET /619491848?items=0618701454 HTTP/1.0" 200 8506 "-" "Mozilla/5.0 AppleWebKit/537.36 (KHTML, like Gecko; compatible; GPTBot/1.2; +https://openai.com/gptbot)"
23.21.179.120 - - [28/Sep/2025:06:48:09 +0000] "GET /aceituna-empeltre-natural/?path=/var/www/vhosts/aceitunaslosada.com/web/wp-content/plugins/w3-total-cache/vendor/guzzlehttp/psr7/.github HTTP/1.0" 200 6971 "-" "Mozilla/5.0 AppleWebKit/537.36 (KHTML, like Gecko; compatible; Amazonbot/0.1; +https://developer.amazon.com/support/amazonbot) Chrome/119.0.6045.214 Safari/537.36"
66.249.79.8 - - [28/Sep/2025:06:48:10 +0000] "GET /federal249000518.html HTTP/1.0" 200 24782 "-" "Mozilla/5.0 (Linux; Android 6.0.1; Nexus 5X Build/MMB29P) AppleWebKit/537.36 (KHTML, like Gecko) Chrome/139.0.7258.127 Mobile Safari/537.36 (compatible; Googlebot/2.1; +http://www.google.com/bot.html)"
66.249.79.8 - - [28/Sep/2025:06:48:10 +0000] "GET /product/edit/A1794383439 HTTP/1.0" 200 22955 "-" "Mozilla/5.0 (Linux; Android 6.0.1; Nexus 5X Build/MMB29P) AppleWebKit/537.36 (KHTML, like Gecko) Chrome/139.0.7258.127 Mobile Safari/537.36 (compatible; Googlebot/2.1; +http://www.google.com/bot.html)"
20.171.207.67 - - [28/Sep/2025:06:48:11 +0000] "GET /1035133065?path=/var HTTP/1.0" 200 6374 "-" "Mozilla/5.0 AppleWebKit/537.36 (KHTML, like Gecko; compatible; GPTBot/1.2; +https://openai.com/gptbot)"
66.249.79.8 - - [28/Sep/2025:06:48:12 +0000] "POST /get-message-notify HTTP/1.0" 200 22731 "https://aceitunaslosada.com/554547993?items=0553840542" "Mozilla/5.0 (Linux; Android 6.0.1; Nexus 5X Build/MMB29P) AppleWebKit/537.36 (KHTML, like Gecko) Chrome/139.0.7258.127 Mobile Safari/537.36 (compatible; Googlebot/2.1; +http://www.google.com/bot.html)"
20.171.207.87 - - [28/Sep/2025:06:48:12 +0000] "GET /619211010?items=0618420974 HTTP/1.0" 200 8506 "-" "Mozilla/5.0 AppleWebKit/537.36 (KHTML, like Gecko; compatible; GPTBot/1.2; +https://openai.com/gptbot)"
66.249.79.8 - - [28/Sep/2025:06:48:13 +0000] "GET /938787489?items=0937589310 HTTP/1.0" 200 24366 "-" "Mozilla/5.0 (Linux; Android 6.0.1; Nexus 5X Build/MMB29P) AppleWebKit/537.36 (KHTML, like Gecko) Chrome/139.0.7258.127 Mobile Safari/537.36 (compatible; Googlebot/2.1; +http://www.google.com/bot.html)"
66.249.79.136 - - [28/Sep/2025:06:48:13 +0000] "GET /kGX0X5I40um6td7?fileloc=/var/www/vhosts/aceitunaslosada.com/web/wp-includes/robots-template.php&path=/var/www/vhosts/aceitunaslosada.com/web/wp-includes HTTP/1.0" 200 23369 "-" "Mozilla/5.0 (Linux; Android 6.0.1; Nexus 5X Build/MMB29P) AppleWebKit/537.36 (KHTML, like Gecko) Chrome/139.0.7258.127 Mobile Safari/537.36 (compatible; Googlebot/2.1; +http://www.google.com/bot.html)"
20.171.207.67 - - [28/Sep/2025:06:48:13 +0000] "GET /1035003075?path=/var HTTP/1.0" 200 6375 "-" "Mozilla/5.0 AppleWebKit/537.36 (KHTML, like Gecko; compatible; GPTBot/1.2; +https://openai.com/gptbot)"
66.249.79.136 - - [28/Sep/2025:06:48:13 +0000] "GET /403530259?items=0403015678 HTTP/1.0" 200 24989 "-" "Mozilla/5.0 (Linux; Android 6.0.1; Nexus 5X Build/MMB29P) AppleWebKit/537.36 (KHTML, like Gecko) Chrome/139.0.7258.127 Mobile Safari/537.36 (compatible; GoogleOther)"
98.84.200.43 - - [28/Sep/2025:06:48:14 +0000] "GET /producto/aceituna-cornicabra-natural-2/?fileloc=/var/www/vhosts/aceitunaslosada.com/web/wp-content/plugins/broken-link-checker/app/rest-endpoints/avatars/class-controller.php&path=/var/www/vhosts/aceitunaslosada.com/web/wp-content/plugins/broken-link-checker/app/rest-endpoints/avatars HTTP/1.0" 200 7912 "-" "Mozilla/5.0 AppleWebKit/537.36 (KHTML, like Gecko; compatible; Amazonbot/0.1; +https://developer.amazon.com/support/amazonbot) Chrome/119.0.6045.214 Safari/537.36"
66.249.79.8 - - [28/Sep/2025:06:48:13 +0000] "POST /get-message-notify HTTP/1.0" 200 22731 "https://aceitunaslosada.com/product/edit/A1794383439" "Mozilla/5.0 (Linux; Android 6.0.1; Nexus 5X Build/MMB29P) AppleWebKit/537.36 (KHTML, like Gecko) Chrome/139.0.7258.127 Mobile Safari/537.36 (compatible; Googlebot/2.1; +http://www.google.com/bot.html)"
66.249.79.136 - - [28/Sep/2025:06:48:14 +0000] "GET /item/u215/1061/ HTTP/1.0" 200 23934 "-" "Mozilla/5.0 (Linux; Android 6.0.1; Nexus 5X Build/MMB29P) AppleWebKit/537.36 (KHTML, like Gecko) Chrome/139.0.7258.127 Mobile Safari/537.36 (compatible; Googlebot/2.1; +http://www.google.com/bot.html)"
66.249.79.136 - - [28/Sep/2025:06:48:14 +0000] "GET /1086187259?items=1084800830 HTTP/1.0" 200 24895 "-" "Mozilla/5.0 (Linux; Android 6.0.1; Nexus 5X Build/MMB29P) AppleWebKit/537.36 (KHTML, like Gecko) Chrome/139.0.7258.127 Mobile Safari/537.36 (compatible; Googlebot/2.1; +http://www.google.com/bot.html)"
20.171.207.87 - - [28/Sep/2025:06:48:14 +0000] "GET /358267926?items=0357811150 HTTP/1.0" 200 8505 "-" "Mozilla/5.0 AppleWebKit/537.36 (KHTML, like Gecko; compatible; GPTBot/1.2; +https://openai.com/gptbot)"
66.249.79.8 - - [28/Sep/2025:06:48:14 +0000] "GET /item/u43/917/ HTTP/1.0" 200 23916 "-" "Mozilla/5.0 (Linux; Android 6.0.1; Nexus 5X Build/MMB29P) AppleWebKit/537.36 (KHTML, like Gecko) Chrome/139.0.7258.127 Mobile Safari/537.36 (compatible; Googlebot/2.1; +http://www.google.com/bot.html)"
66.249.79.8 - - [28/Sep/2025:06:48:15 +0000] "POST /get-message-notify HTTP/1.0" 200 22731 "https://aceitunaslosada.com/federal249000518.html" "Mozilla/5.0 (Linux; Android 6.0.1; Nexus 5X Build/MMB29P) AppleWebKit/537.36 (KHTML, like Gecko) Chrome/139.0.7258.127 Mobile Safari/537.36 (compatible; Googlebot/2.1; +http://www.google.com/bot.html)"
20.171.207.67 - - [28/Sep/2025:06:48:15 +0000] "GET /1034931013?path=/var HTTP/1.0" 200 6375 "-" "Mozilla/5.0 AppleWebKit/537.36 (KHTML, like Gecko; compatible; GPTBot/1.2; +https://openai.com/gptbot)"
66.249.79.8 - - [28/Sep/2025:06:48:15 +0000] "GET /product/edit/A2994326574 HTTP/1.0" 200 23032 "-" "Mozilla/5.0 (Linux; Android 6.0.1; Nexus 5X Build/MMB29P) AppleWebKit/537.36 (KHTML, like Gecko) Chrome/139.0.7258.127 Mobile Safari/537.36 (compatible; Googlebot/2.1; +http://www.google.com/bot.html)"
66.249.79.136 - - [28/Sep/2025:06:48:15 +0000] "GET /1847272920?items=1844914478 HTTP/1.0" 200 23130 "-" "Mozilla/5.0 (Linux; Android 6.0.1; Nexus 5X Build/MMB29P) AppleWebKit/537.36 (KHTML, like Gecko) Chrome/139.0.7258.127 Mobile Safari/537.36 (compatible; GoogleOther)"
66.249.79.136 - - [28/Sep/2025:06:48:16 +0000] "POST /get-message-notify HTTP/1.0" 200 22749 "https://www.aceitunaslosada.com/403530259?items=0403015678" "Mozilla/5.0 (Linux; Android 6.0.1; Nexus 5X Build/MMB29P) AppleWebKit/537.36 (KHTML, like Gecko) Chrome/139.0.7258.127 Mobile Safari/537.36 (compatible; Googlebot/2.1; +http://www.google.com/bot.html)"
20.171.207.67 - - [28/Sep/2025:06:48:16 +0000] "GET /1035303713?path=/var HTTP/1.0" 200 6375 "-" "Mozilla/5.0 AppleWebKit/537.36 (KHTML, like Gecko; compatible; GPTBot/1.2; +https://openai.com/gptbot)"
66.249.79.136 - - [28/Sep/2025:06:48:16 +0000] "POST /get-message-notify HTTP/1.0" 200 22749 "https://www.aceitunaslosada.com/kGX0X5I40um6td7?fileloc=/var/www/vhosts/aceitunaslosada.com/web/wp-includes/robots-template.php&path=/var/www/vhosts/aceitunaslosada.com/web/wp-includes" "Mozilla/5.0 (Linux; Android 6.0.1; Nexus 5X Build/MMB29P) AppleWebKit/537.36 (KHTML, like Gecko) Chrome/139.0.7258.127 Mobile Safari/537.36 (compatible; Googlebot/2.1; +http://www.google.com/bot.html)"
20.171.207.87 - - [28/Sep/2025:06:48:17 +0000] "GET /603749376?items=0602979086 HTTP/1.0" 200 8506 "-" "Mozilla/5.0 AppleWebKit/537.36 (KHTML, like Gecko; compatible; GPTBot/1.2; +https://openai.com/gptbot)"
66.249.79.136 - - [28/Sep/2025:06:48:17 +0000] "POST /get-message-notify HTTP/1.0" 200 22749 "https://www.aceitunaslosada.com/1086187259?items=1084800830" "Mozilla/5.0 (Linux; Android 6.0.1; Nexus 5X Build/MMB29P) AppleWebKit/537.36 (KHTML, like Gecko) Chrome/139.0.7258.127 Mobile Safari/537.36 (compatible; Googlebot/2.1; +http://www.google.com/bot.html)"
52.203.68.145 - - [28/Sep/2025:06:48:17 +0000] "GET /aceituna-cornicabra-natural-sin-hueso/?path=/var/www/vhosts/aceitunaslosada.com/web/wp-content/plugins/w3-total-cache/vendor/aws/aws-sdk-php/src/ElasticInference HTTP/1.0" 200 6935 "-" "Mozilla/5.0 AppleWebKit/537.36 (KHTML, like Gecko; compatible; Amazonbot/0.1; +https://developer.amazon.com/support/amazonbot) Chrome/119.0.6045.214 Safari/537.36"
66.249.79.136 - - [28/Sep/2025:06:48:18 +0000] "GET /kGX0X5I40um6td7?fileloc=/var/www/vhosts/aceitunaslosada.com/web/wp-includes/pluggable.php&path=/var/www/vhosts/aceitunaslosada.com/web/wp-includes HTTP/1.0" 200 23347 "-" "Mozilla/5.0 (Linux; Android 6.0.1; Nexus 5X Build/MMB29P) AppleWebKit/537.36 (KHTML, like Gecko) Chrome/139.0.7258.127 Mobile Safari/537.36 (compatible; Googlebot/2.1; +http://www.google.com/bot.html)"
20.171.207.67 - - [28/Sep/2025:06:48:18 +0000] "GET /1035150815?path=/var HTTP/1.0" 200 6374 "-" "Mozilla/5.0 AppleWebKit/537.36 (KHTML, like Gecko; compatible; GPTBot/1.2; +https://openai.com/gptbot)"
66.249.79.136 - - [28/Sep/2025:06:48:19 +0000] "POST /get-message-notify HTTP/1.0" 200 22749 "https://www.aceitunaslosada.com/1847272920?items=1844914478" "Mozilla/5.0 (Linux; Android 6.0.1; Nexus 5X Build/MMB29P) AppleWebKit/537.36 (KHTML, like Gecko) Chrome/139.0.7258.127 Mobile Safari/537.36 (compatible; Googlebot/2.1; +http://www.google.com/bot.html)"
20.171.207.67 - - [28/Sep/2025:06:48:20 +0000] "GET /1035007751?path=/var HTTP/1.0" 200 6374 "-" "Mozilla/5.0 AppleWebKit/537.36 (KHTML, like Gecko; compatible; GPTBot/1.2; +https://openai.com/gptbot)"
20.171.207.87 - - [28/Sep/2025:06:48:20 +0000] "GET /619578520?items=0618788014 HTTP/1.0" 200 8506 "-" "Mozilla/5.0 AppleWebKit/537.36 (KHTML, like Gecko; compatible; GPTBot/1.2; +https://openai.com/gptbot)"
66.249.79.136 - - [28/Sep/2025:06:48:20 +0000] "GET /1085999066?items=1084612878 HTTP/1.0" 200 23008 "-" "Mozilla/5.0 (Linux; Android 6.0.1; Nexus 5X Build/MMB29P) AppleWebKit/537.36 (KHTML, like Gecko) Chrome/139.0.7258.127 Mobile Safari/537.36 (compatible; Googlebot/2.1; +http://www.google.com/bot.html)"
66.249.79.1 - - [28/Sep/2025:06:48:21 +0000] "GET /item/u231/38469/ HTTP/1.0" 200 23922 "-" "Mozilla/5.0 (Linux; Android 6.0.1; Nexus 5X Build/MMB29P) AppleWebKit/537.36 (KHTML, like Gecko) Chrome/139.0.7258.127 Mobile Safari/537.36 (compatible; Googlebot/2.1; +http://www.google.com/bot.html)"
20.171.207.67 - - [28/Sep/2025:06:48:21 +0000] "GET /1035405541?path=/var HTTP/1.0" 200 6375 "-" "Mozilla/5.0 AppleWebKit/537.36 (KHTML, like Gecko; compatible; GPTBot/1.2; +https://openai.com/gptbot)"
114.119.159.17 - - [28/Sep/2025:06:48:22 +0000] "GET /1478664204?items=1476776526 HTTP/1.0" 200 8508 "https://www.aceitunaslosada.com/sitemap.xml" "Mozilla/5.0 (Linux; Android 7.0;) AppleWebKit/537.36 (KHTML, like Gecko) Mobile Safari/537.36 (compatible; PetalBot;+https://webmaster.petalsearch.com/site/petalbot)"
66.249.79.1 - - [28/Sep/2025:06:48:22 +0000] "GET /504673786?items=0504030030 HTTP/1.0" 200 22801 "-" "Mozilla/5.0 (Linux; Android 6.0.1; Nexus 5X Build/MMB29P) AppleWebKit/537.36 (KHTML, like Gecko) Chrome/139.0.7258.127 Mobile Safari/537.36 (compatible; Googlebot/2.1; +http://www.google.com/bot.html)"
34.230.124.21 - - [28/Sep/2025:06:48:22 +0000] "GET /?path=/var/www/vhosts/aceitunaslosada.com/web/wp-includes/sitemaps HTTP/1.0" 200 7018 "-" "Mozilla/5.0 AppleWebKit/537.36 (KHTML, like Gecko; compatible; Amazonbot/0.1; +https://developer.amazon.com/support/amazonbot) Chrome/119.0.6045.214 Safari/537.36"
20.171.207.87 - - [28/Sep/2025:06:48:23 +0000] "GET /358011869?items=0357555422 HTTP/1.0" 200 8506 "-" "Mozilla/5.0 AppleWebKit/537.36 (KHTML, like Gecko; compatible; GPTBot/1.2; +https://openai.com/gptbot)"
66.249.79.137 - - [28/Sep/2025:06:48:23 +0000] "GET /kGX0X5I40um6td7?path=/var/www/vhosts/aceitunaslosada.com/web/wp-includes/widgets HTTP/1.0" 200 7467 "-" "Mozilla/5.0 (Linux; Android 6.0.1; Nexus 5X Build/MMB29P) AppleWebKit/537.36 (KHTML, like Gecko) Chrome/139.0.7258.127 Mobile Safari/537.36 (compatible; Googlebot/2.1; +http://www.google.com/bot.html)"
66.249.79.8 - - [28/Sep/2025:06:48:23 +0000] "GET /119351114?items=0119199470 HTTP/1.0" 200 26024 "-" "Mozilla/5.0 (Linux; Android 6.0.1; Nexus 5X Build/MMB29P) AppleWebKit/537.36 (KHTML, like Gecko) Chrome/139.0.7258.127 Mobile Safari/537.36 (compatible; Googlebot/2.1; +http://www.google.com/bot.html)"
20.171.207.67 - - [28/Sep/2025:06:48:23 +0000] "GET /1035171161?path=/var HTTP/1.0" 200 6375 "-" "Mozilla/5.0 AppleWebKit/537.36 (KHTML, like Gecko; compatible; GPTBot/1.2; +https://openai.com/gptbot)"
20.171.207.87 - - [28/Sep/2025:06:48:24 +0000] "GET /358361117?items=0357904222 HTTP/1.0" 200 8506 "-" "Mozilla/5.0 AppleWebKit/537.36 (KHTML, like Gecko; compatible; GPTBot/1.2; +https://openai.com/gptbot)"
66.249.79.8 - - [28/Sep/2025:06:48:25 +0000] "GET /nearly033011802.html HTTP/1.0" 200 23127 "-" "Mozilla/5.0 (Linux; Android 6.0.1; Nexus 5X Build/MMB29P) AppleWebKit/537.36 (KHTML, like Gecko) Chrome/139.0.7258.127 Mobile Safari/537.36 (compatible; GoogleOther)"
66.249.79.8 - - [28/Sep/2025:06:48:26 +0000] "GET /item/u32/34172/ HTTP/1.0" 200 23923 "-" "Mozilla/5.0 (Linux; Android 6.0.1; Nexus 5X Build/MMB29P) AppleWebKit/537.36 (KHTML, like Gecko) Chrome/139.0.7258.127 Mobile Safari/537.36 (compatible; Googlebot/2.1; +http://www.google.com/bot.html)"
66.249.79.8 - - [28/Sep/2025:06:48:26 +0000] "GET /sitemap-product-3031.xml HTTP/1.0" 200 11409 "-" "Mozilla/5.0 (compatible; Googlebot/2.1; +http://www.google.com/bot.html)"
66.249.79.136 - - [28/Sep/2025:06:48:26 +0000] "GET /129085370?items=0128921294 HTTP/1.0" 200 25278 "-" "Mozilla/5.0 (Linux; Android 6.0.1; Nexus 5X Build/MMB29P) AppleWebKit/537.36 (KHTML, like Gecko) Chrome/139.0.7258.127 Mobile Safari/537.36 (compatible; GoogleOther)"
20.171.207.87 - - [28/Sep/2025:06:48:27 +0000] "GET /358281239?items=0357824446 HTTP/1.0" 200 8506 "-" "Mozilla/5.0 AppleWebKit/537.36 (KHTML, like Gecko; compatible; GPTBot/1.2; +https://openai.com/gptbot)"
82.223.111.37 - - [28/Sep/2025:06:46:28 +0000] "GET /wp-content/plugins/sitepress-multilingual-cms/vendor/phpmyadmin/sql-parser/locale/az/az/index.php?ARRAY=7o2230223n313735393034353538382p2231223n22687474703n5p2s5p2s7n7335363476313373752r616p746s742r696r6o5p2s3s6p633q7068705s636s64655s6n6326743q313735393034313938382q3832653061333761386537356439363737636637656662663139626130663164222p2232223n223038396339366634313030333831663837396337343665383630656235383332222p2233223n226231616666386161376538363561333763653066363134633539323434666263222p226175746s5s66696p655s6r616q65223n6r756p6p2p226175746s5s70617373223n6r756p6p2p2262696r675s70617373223n2232302q34332q35382q36382q37322q38362q3239227q HTTP/1.0" 504 3843 "-" "-"
20.171.207.67 - - [28/Sep/2025:06:48:27 +0000] "GET /1035365056?path=/var HTTP/1.0" 200 6374 "-" "Mozilla/5.0 AppleWebKit/537.36 (KHTML, like Gecko; compatible; GPTBot/1.2; +https://openai.com/gptbot)"
34.196.114.170 - - [28/Sep/2025:06:48:27 +0000] "GET /mix020000183.html?path=/var/www/vhosts/aceitunaslosada.com/web/copia/wp-includes/images HTTP/1.0" 200 7769 "-" "Mozilla/5.0 AppleWebKit/537.36 (KHTML, like Gecko; compatible; Amazonbot/0.1; +https://developer.amazon.com/support/amazonbot) Chrome/119.0.6045.214 Safari/537.36"
66.249.79.8 - - [28/Sep/2025:06:48:28 +0000] "POST /get-message-notify HTTP/1.0" 200 22731 "https://aceitunaslosada.com/nearly033011802.html" "Mozilla/5.0 (Linux; Android 6.0.1; Nexus 5X Build/MMB29P) AppleWebKit/537.36 (KHTML, like Gecko) Chrome/139.0.7258.127 Mobile Safari/537.36 (compatible; Googlebot/2.1; +http://www.google.com/bot.html)"
66.249.79.137 - - [28/Sep/2025:06:48:28 +0000] "GET /kGX0X5I40um6td7?fileloc=/var/www/vhosts/aceitunaslosada.com/web/schallfuns.php?man/kaitori/kaitoritop.html HTTP/1.0" 200 24939 "-" "Mozilla/5.0 (Linux; Android 6.0.1; Nexus 5X Build/MMB29P) AppleWebKit/537.36 (KHTML, like Gecko) Chrome/139.0.7258.127 Mobile Safari/537.36 (compatible; Googlebot/2.1; +http://www.google.com/bot.html)"
66.249.79.1 - - [28/Sep/2025:06:48:29 +0000] "GET /1632305241?items=1630221342 HTTP/1.0" 200 24349 "-" "Mozilla/5.0 (Linux; Android 6.0.1; Nexus 5X Build/MMB29P) AppleWebKit/537.36 (KHTML, like Gecko) Chrome/139.0.7258.127 Mobile Safari/537.36 (compatible; Googlebot/2.1; +http://www.google.com/bot.html)"
66.249.79.8 - - [28/Sep/2025:06:48:30 +0000] "GET /?1531286448?items=1529331566 HTTP/1.0" 200 22923 "-" "Mozilla/5.0 (Linux; Android 6.0.1; Nexus 5X Build/MMB29P) AppleWebKit/537.36 (KHTML, like Gecko) Chrome/139.0.7258.127 Mobile Safari/537.36 (compatible; Googlebot/2.1; +http://www.google.com/bot.html)"
66.249.79.136 - - [28/Sep/2025:06:48:30 +0000] "POST /get-message-notify HTTP/1.0" 200 22749 "https://www.aceitunaslosada.com/129085370?items=0128921294" "Mozilla/5.0 (Linux; Android 6.0.1; Nexus 5X Build/MMB29P) AppleWebKit/537.36 (KHTML, like Gecko) Chrome/139.0.7258.127 Mobile Safari/537.36 (compatible; Googlebot/2.1; +http://www.google.com/bot.html)"
20.171.207.87 - - [28/Sep/2025:06:48:30 +0000] "GET /619144477?items=0618354526 HTTP/1.0" 200 8506 "-" "Mozilla/5.0 AppleWebKit/537.36 (KHTML, like Gecko; compatible; GPTBot/1.2; +https://openai.com/gptbot)"
66.249.79.1 - - [28/Sep/2025:06:48:31 +0000] "GET /product/edit/A1080030513 HTTP/1.0" 200 25847 "-" "Mozilla/5.0 (Linux; Android 6.0.1; Nexus 5X Build/MMB29P) AppleWebKit/537.36 (KHTML, like Gecko) Chrome/139.0.7258.127 Mobile Safari/537.36 (compatible; Googlebot/2.1; +http://www.google.com/bot.html)"
20.171.207.67 - - [28/Sep/2025:06:48:31 +0000] "GET /1035301151?path=/var HTTP/1.0" 200 6375 "-" "Mozilla/5.0 AppleWebKit/537.36 (KHTML, like Gecko; compatible; GPTBot/1.2; +https://openai.com/gptbot)"
3.212.86.97 - - [28/Sep/2025:06:48:32 +0000] "GET /producto/aceituna-zorzalena-natural/?path=/var/www/vhosts/aceitunaslosada.com/web/wp-content/plugins/w3-total-cache/vendor/aws/aws-sdk-php/src/data/elasticbeanstalk HTTP/1.0" 200 6890 "-" "Mozilla/5.0 AppleWebKit/537.36 (KHTML, like Gecko; compatible; Amazonbot/0.1; +https://developer.amazon.com/support/amazonbot) Chrome/119.0.6045.214 Safari/537.36"
66.249.79.137 - - [28/Sep/2025:06:48:32 +0000] "POST /get-message-notify HTTP/1.0" 200 22749 "https://www.aceitunaslosada.com/kGX0X5I40um6td7?fileloc=/var/www/vhosts/aceitunaslosada.com/web/schallfuns.php?man/kaitori/kaitoritop.html" "Mozilla/5.0 (Linux; Android 6.0.1; Nexus 5X Build/MMB29P) AppleWebKit/537.36 (KHTML, like Gecko) Chrome/139.0.7258.127 Mobile Safari/537.36 (compatible; Googlebot/2.1; +http://www.google.com/bot.html)"
20.171.207.67 - - [28/Sep/2025:06:48:33 +0000] "GET /1035100157?path=/var HTTP/1.0" 200 6375 "-" "Mozilla/5.0 AppleWebKit/537.36 (KHTML, like Gecko; compatible; GPTBot/1.2; +https://openai.com/gptbot)"
66.249.79.1 - - [28/Sep/2025:06:48:33 +0000] "POST /get-message-notify HTTP/1.0" 200 22731 "https://aceitunaslosada.com/?1531286448?items=1529331566" "Mozilla/5.0 (Linux; Android 6.0.1; Nexus 5X Build/MMB29P) AppleWebKit/537.36 (KHTML, like Gecko) Chrome/139.0.7258.127 Mobile Safari/537.36 (compatible; Googlebot/2.1; +http://www.google.com/bot.html)"
54.84.102.81 - - [28/Sep/2025:06:48:34 +0000] "GET /category/nuestros-origenes-agricultura-en/?path=/var/www/vhosts/aceitunaslosada.com/web/wp-content/uploads/2024/03 HTTP/1.0" 200 6742 "-" "Mozilla/5.0 AppleWebKit/537.36 (KHTML, like Gecko; compatible; Amazonbot/0.1; +https://developer.amazon.com/support/amazonbot) Chrome/119.0.6045.214 Safari/537.36"
66.249.79.137 - - [28/Sep/2025:06:48:34 +0000] "GET /332094033?items=0331670686 HTTP/1.0" 200 22931 "-" "Mozilla/5.0 (Linux; Android 6.0.1; Nexus 5X Build/MMB29P) AppleWebKit/537.36 (KHTML, like Gecko) Chrome/139.0.7258.127 Mobile Safari/537.36 (compatible; Googlebot/2.1; +http://www.google.com/bot.html)"
66.249.79.8 - - [28/Sep/2025:06:48:34 +0000] "POST /get-message-notify HTTP/1.0" 200 22731 "https://aceitunaslosada.com/1632305241?items=1630221342" "Mozilla/5.0 (Linux; Android 6.0.1; Nexus 5X Build/MMB29P) AppleWebKit/537.36 (KHTML, like Gecko) Chrome/139.0.7258.127 Mobile Safari/537.36 (compatible; Googlebot/2.1; +http://www.google.com/bot.html)"
20.171.207.87 - - [28/Sep/2025:06:48:34 +0000] "GET /619230057?items=0618439998 HTTP/1.0" 200 8506 "-" "Mozilla/5.0 AppleWebKit/537.36 (KHTML, like Gecko; compatible; GPTBot/1.2; +https://openai.com/gptbot)"
57.141.0.36 - - [28/Sep/2025:06:48:34 +0000] "GET /wp-json/wp/v2/pages/3092?fileloc=/var/www/vhosts/aceitunaslosada.com/web/google722af835742a9b4d.html&path=/var/www/vhosts/aceitunaslosada.com/web HTTP/1.0" 200 16508 "-" "meta-externalagent/1.1 (+https://developers.facebook.com/docs/sharing/webmasters/crawler)"
66.249.79.136 - - [28/Sep/2025:06:48:35 +0000] "GET /2050744366?items=2048126062 HTTP/1.0" 200 24979 "-" "Mozilla/5.0 (Linux; Android 6.0.1; Nexus 5X Build/MMB29P) AppleWebKit/537.36 (KHTML, like Gecko) Chrome/139.0.7258.127 Mobile Safari/537.36 (compatible; Googlebot/2.1; +http://www.google.com/bot.html)"
51.68.247.198 - - [28/Sep/2025:06:48:36 +0000] "GET /?fileloc=/var/www/vhosts/aceitunaslosada.com/web/copia/wp-includes/css/customize-preview-rtl.css&path=/var/www/vhosts/aceitunaslosada.com/web/copia/wp-includes/css HTTP/1.0" 200 7382 "-" "Mozilla/5.0 (compatible; AhrefsBot/7.0; +http://ahrefs.com/robot/)"
66.249.79.8 - - [28/Sep/2025:06:48:36 +0000] "GET /product/edit/A328744026 HTTP/1.0" 200 23021 "-" "Mozilla/5.0 (Linux; Android 6.0.1; Nexus 5X Build/MMB29P) AppleWebKit/537.36 (KHTML, like Gecko) Chrome/139.0.7258.127 Mobile Safari/537.36 (compatible; Googlebot/2.1; +http://www.google.com/bot.html)"
20.171.207.87 - - [28/Sep/2025:06:48:37 +0000] "GET /619345437?items=0618555230 HTTP/1.0" 200 8506 "-" "Mozilla/5.0 AppleWebKit/537.36 (KHTML, like Gecko; compatible; GPTBot/1.2; +https://openai.com/gptbot)"
20.171.207.67 - - [28/Sep/2025:06:48:37 +0000] "GET /1035043014?path=/var HTTP/1.0" 200 6375 "-" "Mozilla/5.0 AppleWebKit/537.36 (KHTML, like Gecko; compatible; GPTBot/1.2; +https://openai.com/gptbot)"
66.249.79.1 - - [28/Sep/2025:06:48:38 +0000] "GET /629014971?items=0628212414 HTTP/1.0" 200 23778 "-" "Mozilla/5.0 (Linux; Android 6.0.1; Nexus 5X Build/MMB29P) AppleWebKit/537.36 (KHTML, like Gecko) Chrome/139.0.7258.127 Mobile Safari/537.36 (compatible; GoogleOther)"
66.249.79.136 - - [28/Sep/2025:06:48:39 +0000] "GET /kGX0X5I40um6td7?fileloc=/var/www/vhosts/aceitunaslosada.com/web/wp-config.php?feature/omiya_marui/index.html HTTP/1.0" 200 27013 "-" "Mozilla/5.0 (Linux; Android 6.0.1; Nexus 5X Build/MMB29P) AppleWebKit/537.36 (KHTML, like Gecko) Chrome/139.0.7258.127 Mobile Safari/537.36 (compatible; Googlebot/2.1; +http://www.google.com/bot.html)"
20.171.207.87 - - [28/Sep/2025:06:48:39 +0000] "GET /619534927?items=0618744478 HTTP/1.0" 200 8506 "-" "Mozilla/5.0 AppleWebKit/537.36 (KHTML, like Gecko; compatible; GPTBot/1.2; +https://openai.com/gptbot)"
44.217.255.167 - - [28/Sep/2025:06:48:40 +0000] "GET /producto/aceituna-zorzalena-natural-2/?path=/var/www/vhosts/aceitunaslosada.com/web/wp-content/cache/page_enhanced/aceitunaslosada.com//config/queue.php HTTP/1.0" 200 6835 "-" "Mozilla/5.0 AppleWebKit/537.36 (KHTML, like Gecko; compatible; Amazonbot/0.1; +https://developer.amazon.com/support/amazonbot) Chrome/119.0.6045.214 Safari/537.36"
66.249.79.136 - - [28/Sep/2025:06:48:40 +0000] "GET /199945342?items=0199690766 HTTP/1.0" 200 23160 "-" "Mozilla/5.0 (Linux; Android 6.0.1; Nexus 5X Build/MMB29P) AppleWebKit/537.36 (KHTML, like Gecko) Chrome/139.0.7258.127 Mobile Safari/537.36 (compatible; GoogleOther)"
20.171.207.67 - - [28/Sep/2025:06:48:41 +0000] "GET /1035357511?path=/var HTTP/1.0" 200 6375 "-" "Mozilla/5.0 AppleWebKit/537.36 (KHTML, like Gecko; compatible; GPTBot/1.2; +https://openai.com/gptbot)"
66.249.79.8 - - [28/Sep/2025:06:48:41 +0000] "GET /product/edit/A4012192584 HTTP/1.0" 200 25474 "-" "Mozilla/5.0 (Linux; Android 6.0.1; Nexus 5X Build/MMB29P) AppleWebKit/537.36 (KHTML, like Gecko) Chrome/139.0.7258.127 Mobile Safari/537.36 (compatible; Googlebot/2.1; +http://www.google.com/bot.html)"
52.202.233.37 - - [28/Sep/2025:06:48:42 +0000] "GET /producto/gordal-sin-hueso-estilo-picante/?path=/var/www/vhosts/aceitunaslosada.com/web/copia/wp-content/plugins/wp-mail-logging/src/Renderer HTTP/1.0" 200 7096 "-" "Mozilla/5.0 AppleWebKit/537.36 (KHTML, like Gecko; compatible; Amazonbot/0.1; +https://developer.amazon.com/support/amazonbot) Chrome/119.0.6045.214 Safari/537.36"
20.171.207.87 - - [28/Sep/2025:06:48:42 +0000] "GET /603749376?path=/var/www/vhosts/aceitunaslosada.com/web/c55e4 HTTP/1.0" 200 6699 "-" "Mozilla/5.0 AppleWebKit/537.36 (KHTML, like Gecko; compatible; GPTBot/1.2; +https://openai.com/gptbot)"
66.249.79.1 - - [28/Sep/2025:06:48:42 +0000] "POST /get-message-notify HTTP/1.0" 200 22731 "https://aceitunaslosada.com/629014971?items=0628212414" "Mozilla/5.0 (Linux; Android 6.0.1; Nexus 5X Build/MMB29P) AppleWebKit/537.36 (KHTML, like Gecko) Chrome/139.0.7258.127 Mobile Safari/537.36 (compatible; Googlebot/2.1; +http://www.google.com/bot.html)"
66.249.79.137 - - [28/Sep/2025:06:48:42 +0000] "POST /get-message-notify HTTP/1.0" 200 22749 "https://www.aceitunaslosada.com/199945342?items=0199690766" "Mozilla/5.0 (Linux; Android 6.0.1; Nexus 5X Build/MMB29P) AppleWebKit/537.36 (KHTML, like Gecko) Chrome/139.0.7258.127 Mobile Safari/537.36 (compatible; Googlebot/2.1; +http://www.google.com/bot.html)"
20.171.207.67 - - [28/Sep/2025:06:48:43 +0000] "GET /1034904933?path=/var HTTP/1.0" 200 6375 "-" "Mozilla/5.0 AppleWebKit/537.36 (KHTML, like Gecko; compatible; GPTBot/1.2; +https://openai.com/gptbot)"
66.249.79.136 - - [28/Sep/2025:06:48:44 +0000] "GET /kGX0X5I40um6td7?fileloc=/var/www/vhosts/aceitunaslosada.com/web/wp-config.php?toreka/toreka_single.html HTTP/1.0" 200 26348 "-" "Mozilla/5.0 (Linux; Android 6.0.1; Nexus 5X Build/MMB29P) AppleWebKit/537.36 (KHTML, like Gecko) Chrome/139.0.7258.127 Mobile Safari/537.36 (compatible; Googlebot/2.1; +http://www.google.com/bot.html)"
20.171.207.87 - - [28/Sep/2025:06:48:45 +0000] "GET /358466258?items=0358009230 HTTP/1.0" 200 8506 "-" "Mozilla/5.0 AppleWebKit/537.36 (KHTML, like Gecko; compatible; GPTBot/1.2; +https://openai.com/gptbot)"
18.211.148.239 - - [28/Sep/2025:06:48:45 +0000] "GET /producto/gordal-sin-hueso-piripiri/?path=/var/www/vhosts/aceitunaslosada.com/web/wp-content/plugins/w3-total-cache/lib/Azure/MicrosoftAzureStorage/Common/Models HTTP/1.0" 200 7069 "-" "Mozilla/5.0 AppleWebKit/537.36 (KHTML, like Gecko; compatible; Amazonbot/0.1; +https://developer.amazon.com/support/amazonbot) Chrome/119.0.6045.214 Safari/537.36"
216.73.216.23 - - [28/Sep/2025:06:48:45 +0000] "GET /item/u95/18851?fileloc=%2Fvar%2Fwww%2Fvhosts%2Faceitunaslosada.com%2Fweb%2Fwp-content%2Fplugins%2Fjetpack%2Fmodules%2Fcontact-form.php&path=%2Fvar%2Fwww%2Fvhosts%2Faceitunaslosada.com%2Fweb%2Fwp-content%2Fplugins%2Fjetpack%2Fmodules HTTP/1.0" 200 7009 "-" "Mozilla/5.0 AppleWebKit/537.36 (KHTML, like Gecko; compatible; ClaudeBot/1.0; +claudebot@anthropic.com)"
216.73.216.23 - - [28/Sep/2025:06:48:45 +0000] "GET /item/u95/18851?fileloc=%2Fvar%2Fwww%2Fvhosts%2Faceitunaslosada.com%2Fweb%2Fwp-content%2Fplugins%2Fjetpack%2Fmodules%2Fsitemaps.php&path=%2Fvar%2Fwww%2Fvhosts%2Faceitunaslosada.com%2Fweb%2Fwp-content%2Fplugins%2Fjetpack%2Fmodules HTTP/1.0" 200 6981 "-" "Mozilla/5.0 AppleWebKit/537.36 (KHTML, like Gecko; compatible; ClaudeBot/1.0; +claudebot@anthropic.com)"
216.73.216.23 - - [28/Sep/2025:06:48:45 +0000] "GET /item/u95/18851?fileloc=%2Fvar%2Fwww%2Fvhosts%2Faceitunaslosada.com%2Fweb%2Fcopia%2Fwp-content%2Fplugins%2Fjs_composer%2Findex.php&path=%2Fvar%2Fwww%2Fvhosts%2Faceitunaslosada.com%2Fweb%2Fcopia%2Fwp-content%2Fplugins%2Fjs_composer HTTP/1.0" 200 6460 "-" "Mozilla/5.0 AppleWebKit/537.36 (KHTML, like Gecko; compatible; ClaudeBot/1.0; +claudebot@anthropic.com)"
216.73.216.23 - - [28/Sep/2025:06:48:45 +0000] "GET /item/u95/18851?path=%2Fvar%2Fwww%2Fvhosts%2Faceitunaslosada.com%2Fweb%2Fwp-content%2Fplugins%2Fwp-file-manager%2Flib%2Fjs%2Fui HTTP/1.0" 200 7573 "-" "Mozilla/5.0 AppleWebKit/537.36 (KHTML, like Gecko; compatible; ClaudeBot/1.0; +claudebot@anthropic.com)"
216.73.216.23 - - [28/Sep/2025:06:48:45 +0000] "GET /item/u95/18851?path=%2Fvar%2Fwww%2Fvhosts%2Faceitunaslosada.com%2Fweb%2Fcopia%2Fwp-content%2Fplugins%2Fupload-max-file-size%2F.git%2Fhooks HTTP/1.0" 200 7278 "-" "Mozilla/5.0 AppleWebKit/537.36 (KHTML, like Gecko; compatible; ClaudeBot/1.0; +claudebot@anthropic.com)"
216.73.216.23 - - [28/Sep/2025:06:48:45 +0000] "GET /item/u95/18851?fileloc=%2Fvar%2Fwww%2Fvhosts%2Faceitunaslosada.com%2Fweb%2Fwp-content%2Fplugins%2Fwp-file-manager%2Finc%2Fsettings.php&path=%2Fvar%2Fwww%2Fvhosts%2Faceitunaslosada.com%2Fweb%2Fwp-content%2Fplugins%2Fwp-file-manager%2Finc HTTP/1.0" 200 7156 "-" "Mozilla/5.0 AppleWebKit/537.36 (KHTML, like Gecko; compatible; ClaudeBot/1.0; +claudebot@anthropic.com)"
216.73.216.23 - - [28/Sep/2025:06:48:45 +0000] "GET /item/u95/18851?fileloc=%2Fvar%2Fwww%2Fvhosts%2Faceitunaslosada.com%2Fweb%2Fwp-content%2Fplugins%2Fwp-file-manager%2Finc%2Fcontribute.php&path=%2Fvar%2Fwww%2Fvhosts%2Faceitunaslosada.com%2Fweb%2Fwp-content%2Fplugins%2Fwp-file-manager%2Finc HTTP/1.0" 200 7124 "-" "Mozilla/5.0 AppleWebKit/537.36 (KHTML, like Gecko; compatible; ClaudeBot/1.0; +claudebot@anthropic.com)"
216.73.216.23 - - [28/Sep/2025:06:48:45 +0000] "GET /item/u95/18851?fileloc=%2Fvar%2Fwww%2Fvhosts%2Faceitunaslosada.com%2Fweb%2Fwp-content%2Fplugins%2Fw3-total-cache%2FEnterprise_SnsServer.php&path=%2Fvar%2Fwww%2Fvhosts%2Faceitunaslosada.com%2Fweb%2Fwp-content%2Fplugins%2Fw3-total-cache HTTP/1.0" 200 7660 "-" "Mozilla/5.0 AppleWebKit/537.36 (KHTML, like Gecko; compatible; ClaudeBot/1.0; +claudebot@anthropic.com)"
216.73.216.23 - - [28/Sep/2025:06:48:45 +0000] "GET /item/u95/18851?fileloc=%2Fvar%2Fwww%2Fvhosts%2Faceitunaslosada.com%2Fweb%2Fwp-content%2Fplugins%2Fjetpack%2Fmodules%2Fminileven.php&path=%2Fvar%2Fwww%2Fvhosts%2Faceitunaslosada.com%2Fweb%2Fwp-content%2Fplugins%2Fjetpack%2Fmodules HTTP/1.0" 200 7030 "-" "Mozilla/5.0 AppleWebKit/537.36 (KHTML, like Gecko; compatible; ClaudeBot/1.0; +claudebot@anthropic.com)"
40.77.167.241 - - [28/Sep/2025:06:48:45 +0000] "GET /QebMTqpaJGIk6zlM HTTP/1.0" 200 25535 "-" "Mozilla/5.0 AppleWebKit/537.36 (KHTML, like Gecko; compatible; bingbot/2.0; +http://www.bing.com/bingbot.htm) Chrome/116.0.1938.76 Safari/537.36"
