File: /var/www/vhosts/aceitunaslosada.com/logs/proxy_access_log
204.12.208.18 - - [27/Sep/2025:06:41:42 +0000] "GET /wp-content/plb692e7/index.php HTTP/1.1" 301 162 "http://aceitunaslosada.com/wp-content/plb692e7/index.php" "Mozilla/5.0 (Windows NT 6.0; rv:7.0.1) Gecko/20100101 Firefox/7.0.1"
104.28.211.189 - - [27/Sep/2025:06:43:59 +0000] "GET / HTTP/1.1" 301 162 "-" "Mozilla/5.0 (Windows NT 10.0; Win64; x64) AppleWebKit/537.36 (KHTML, like Gecko) Chrome/78.0.3904.108 Safari/537.36"
216.244.66.231 - - [27/Sep/2025:06:45:02 +0000] "GET /robots.txt HTTP/1.1" 301 162 "-" "Mozilla/5.0 (compatible; DotBot/1.2; +https://opensiteexplorer.org/dotbot; help@moz.com)"
204.12.208.18 - - [27/Sep/2025:06:52:48 +0000] "GET /wp-content/plb692e7/index.php HTTP/1.1" 301 162 "http://aceitunaslosada.com/wp-content/plb692e7/index.php" "Mozilla/5.0 (Macintosh; U; Intel Mac OS X 10_6_2; ja-jp) AppleWebKit/531.21.8 (KHTML, like Gecko) Version/4.0.4 Safari/531.21.10"
182.42.105.85 - - [27/Sep/2025:06:56:56 +0000] "GET / HTTP/1.1" 301 162 "-" "Mozilla/5.0 (iPhone; CPU iPhone OS 13_2_3 like Mac OS X) AppleWebKit/605.1.15 (KHTML, like Gecko) Version/13.0.3 Mobile/15E148 Safari/604.1"
63.141.250.58 - - [27/Sep/2025:06:56:56 +0000] "GET /index.php?params=1 HTTP/1.1" 301 162 "-" "Mozilla/5.0 (Windows NT 10.0; Win64; x64) AppleWebKit/537.36 (KHTML, like Gecko) Chrome/91.0.4472.106 Safari/537.36"
204.12.208.18 - - [27/Sep/2025:07:03:49 +0000] "GET /wp-content/plb692e7/index.php HTTP/1.1" 301 162 "http://aceitunaslosada.com/wp-content/plb692e7/index.php" "Mozilla/5.0 (Macintosh; Intel Mac OS X 10_7_2) AppleWebKit/535.2 (KHTML, like Gecko) Chrome/15.0.874.106 Safari/535.2"
204.12.208.18 - - [27/Sep/2025:07:15:36 +0000] "GET /wp-content/plb692e7/index.php HTTP/1.1" 301 162 "http://aceitunaslosada.com/wp-content/plb692e7/index.php" "Mozilla/5.0 (Windows NT 10.0; WOW64) AppleWebKit/537.36 (KHTML, like Gecko) Chrome/74.0.3729.131 Safari/537.36"
204.12.208.18 - - [27/Sep/2025:07:15:56 +0000] "GET /wp-content/plb692e7/index.php HTTP/1.1" 301 162 "http://aceitunaslosada.com/wp-content/plb692e7/index.php" "Mozilla/5.0 (Macintosh; U; Intel Mac OS X 10_6_2; ja-jp) AppleWebKit/531.21.8 (KHTML, like Gecko) Version/4.0.4 Safari/531.21.10"
204.12.208.18 - - [27/Sep/2025:07:26:22 +0000] "GET /wp-content/plb692e7/index.php HTTP/1.1" 301 162 "http://aceitunaslosada.com/wp-content/plb692e7/index.php" "Mozilla/4.0 (compatible; GoogleToolbar 5.0.2124.2070; Windows 6.0; MSIE 8.0.6001.18241)"
66.249.79.8 - - [27/Sep/2025:07:32:10 +0000] "GET /robots.txt HTTP/1.1" 301 162 "-" "Mozilla/5.0 (compatible; Googlebot/2.1; +http://www.google.com/bot.html)"
66.249.79.8 - - [27/Sep/2025:07:32:10 +0000] "GET /en/aceitunas-e-imaginacion-mercado-de-san-miguel-madrid/san-m_051/ HTTP/1.1" 301 162 "-" "Mozilla/5.0 (Linux; Android 6.0.1; Nexus 5X Build/MMB29P) AppleWebKit/537.36 (KHTML, like Gecko) Chrome/139.0.7258.127 Mobile Safari/537.36 (compatible; Googlebot/2.1; +http://www.google.com/bot.html)"
204.12.208.18 - - [27/Sep/2025:07:37:20 +0000] "GET /wp-content/plb692e7/index.php HTTP/1.1" 301 162 "http://aceitunaslosada.com/wp-content/plb692e7/index.php" "Mozilla/5.0 (compatible; MSIE 9.0; Windows NT 6.1; WOW64; Trident/5.0; SLCC2; .NET CLR 2.0.50727; .NET CLR 3.5.30729; .NET CLR 3.0.30729; Media Center PC 6.0; MAGW; .NET4.0C; Lunascape 6.5.8.24780)"
216.244.66.231 - - [27/Sep/2025:07:39:26 +0000] "GET /robots.txt HTTP/1.1" 301 162 "-" "Mozilla/5.0 (compatible; DotBot/1.2; +https://opensiteexplorer.org/dotbot; help@moz.com)"
43.131.253.14 - - [27/Sep/2025:07:42:44 +0000] "GET / HTTP/1.1" 301 162 "-" "Mozilla/5.0 (iPhone; CPU iPhone OS 13_2_3 like Mac OS X) AppleWebKit/605.1.15 (KHTML, like Gecko) Version/13.0.3 Mobile/15E148 Safari/604.1"
204.12.208.18 - - [27/Sep/2025:07:48:20 +0000] "GET /wp-content/plb692e7/index.php HTTP/1.1" 301 162 "http://aceitunaslosada.com/wp-content/plb692e7/index.php" "Mozilla/5.0 (Windows NT 5.1) AppleWebKit/535.2 (KHTML, like Gecko) Chrome/15.0.874.120 Safari/535.2"
212.34.132.213 - - [27/Sep/2025:07:57:55 +0000] "GET / HTTP/1.0" 301 162 "http://aceitunaslosada.com/" "Mozilla/5.0 (Windows NT 10.0; Win64; x64) AppleWebKit/537.36 (KHTML, like Gecko) Chrome/131.0.0.0 Safari/537.36"
204.12.208.18 - - [27/Sep/2025:07:59:19 +0000] "GET /wp-content/plb692e7/index.php HTTP/1.1" 301 162 "http://aceitunaslosada.com/wp-content/plb692e7/index.php" "Mozilla/5.0 (Windows NT 6.1; WOW64; rv:9.0.1) Gecko/20100101 Firefox/9.0.1"
204.12.208.18 - - [27/Sep/2025:07:59:39 +0000] "GET /wp-content/plb692e7/index.php HTTP/1.1" 301 162 "http://aceitunaslosada.com/wp-content/plb692e7/index.php" "Mozilla/5.0 (Windows NT 6.1; WOW64; rv:9.0.1) Gecko/20100101 Firefox/9.0.1"
167.99.212.60 - - [27/Sep/2025:08:06:21 +0000] "GET / HTTP/1.1" 301 162 "-" "Mozilla/5.0 (X11; Linux x86_64; rv:139.0) Gecko/20100101 Firefox/139.0"
167.99.212.60 - - [27/Sep/2025:08:06:21 +0000] "GET /favicon.ico HTTP/1.1" 301 162 "http://aceitunaslosada.com/" "Mozilla/5.0 (X11; Linux x86_64; rv:139.0) Gecko/20100101 Firefox/139.0"
204.12.208.18 - - [27/Sep/2025:08:10:29 +0000] "GET /wp-content/plb692e7/index.php HTTP/1.1" 301 162 "http://aceitunaslosada.com/wp-content/plb692e7/index.php" "Mozilla/5.0 (Macintosh; U; Intel Mac OS X 10_5_6; ja-jp) AppleWebKit/525.27.1 (KHTML, like Gecko) Version/3.2.1 Safari/525.27.1"
204.12.208.18 - - [27/Sep/2025:08:10:49 +0000] "GET /wp-content/plb692e7/index.php HTTP/1.1" 301 162 "http://aceitunaslosada.com/wp-content/plb692e7/index.php" "Mozilla/5.0 (Macintosh; Intel Mac OS X 10_6_8) AppleWebKit/534.24 (KHTML, like Gecko) Iron/11.0.700.2 Chrome/11.0.700.2 Safari/534.24"
172.233.156.98 - - [27/Sep/2025:08:10:54 +0000] "GET / HTTP/1.1" 301 162 "-" "Mozilla/5.0 (Linux; Android 10; Moto G5 Plus (XT1681)) AppleWebKit/537.36 (KHTML, like Gecko) Chrome/84.0.4147.105 Mobile Safari/537.36"
5.10.217.76 - - [27/Sep/2025:08:12:37 +0000] "GET /wp-content/cache/db/options/fe4/i18ns/index.php HTTP/1.1" 301 162 "http://aceitunaslosada.com/wp-content/cache/db/options/fe4/i18ns/index.php" "Mozilla/5.0 (Windows NT 10.0; Win64; x64) AppleWebKit/537.36 (KHTML, like Gecko) Chrome/58.0.3029.110 Safari/537.3"
5.10.217.76 - - [27/Sep/2025:08:12:43 +0000] "POST /wp-content/cache/db/options/fe4/i18ns/index.php HTTP/1.1" 301 162 "http://aceitunaslosada.com/wp-content/cache/db/options/fe4/i18ns/index.php" "Mozilla/5.0 (Windows NT 10.0; Win64; x64) AppleWebKit/537.36 (KHTML, like Gecko) Chrome/58.0.3029.110 Safari/537.3"
5.10.217.76 - - [27/Sep/2025:08:12:52 +0000] "POST /wp-content/cache/db/options/fe4/i18ns/index.php HTTP/1.1" 301 162 "http://aceitunaslosada.com/wp-content/cache/db/options/fe4/i18ns/index.php" "Mozilla/5.0 (Windows NT 10.0; Win64; x64) AppleWebKit/537.36 (KHTML, like Gecko) Chrome/58.0.3029.110 Safari/537.3"
5.10.217.76 - - [27/Sep/2025:08:12:56 +0000] "GET /wp-content/cache/db/options/fe4/i18ns/ex.php HTTP/1.1" 301 162 "http://aceitunaslosada.com/wp-content/cache/db/options/fe4/i18ns/ex.php" "Mozilla/5.0 (Windows NT 10.0; Win64; x64) AppleWebKit/537.36 (KHTML, like Gecko) Chrome/58.0.3029.110 Safari/537.3"
5.10.217.76 - - [27/Sep/2025:08:12:59 +0000] "POST /wp-content/cache/db/options/fe4/i18ns/index.php HTTP/1.1" 301 162 "http://aceitunaslosada.com/wp-content/cache/db/options/fe4/i18ns/index.php" "Mozilla/5.0 (Windows NT 10.0; Win64; x64) AppleWebKit/537.36 (KHTML, like Gecko) Chrome/58.0.3029.110 Safari/537.3"
5.10.217.76 - - [27/Sep/2025:08:13:02 +0000] "GET /wp-content/cache/db/options/fe4/i18ns/radio.php HTTP/1.1" 301 162 "http://aceitunaslosada.com/wp-content/cache/db/options/fe4/i18ns/radio.php" "Mozilla/5.0 (Windows NT 10.0; Win64; x64) AppleWebKit/537.36 (KHTML, like Gecko) Chrome/58.0.3029.110 Safari/537.3"
5.10.217.76 - - [27/Sep/2025:08:13:06 +0000] "POST /wp-content/cache/db/options/fe4/i18ns/index.php HTTP/1.1" 301 162 "http://aceitunaslosada.com/wp-content/cache/db/options/fe4/i18ns/index.php" "Mozilla/5.0 (Windows NT 10.0; Win64; x64) AppleWebKit/537.36 (KHTML, like Gecko) Chrome/58.0.3029.110 Safari/537.3"
5.10.217.76 - - [27/Sep/2025:08:13:09 +0000] "GET /wp-content/cache/db/options/fe4/i18ns/inputs.php HTTP/1.1" 301 162 "http://aceitunaslosada.com/wp-content/cache/db/options/fe4/i18ns/inputs.php" "Mozilla/5.0 (Windows NT 10.0; Win64; x64) AppleWebKit/537.36 (KHTML, like Gecko) Chrome/58.0.3029.110 Safari/537.3"
5.10.217.76 - - [27/Sep/2025:08:13:14 +0000] "POST /wp-content/cache/db/options/fe4/i18ns/index.php HTTP/1.1" 301 162 "http://aceitunaslosada.com/wp-content/cache/db/options/fe4/i18ns/index.php" "Mozilla/5.0 (Windows NT 10.0; Win64; x64) AppleWebKit/537.36 (KHTML, like Gecko) Chrome/58.0.3029.110 Safari/537.3"
5.10.217.76 - - [27/Sep/2025:08:13:16 +0000] "GET /wp-content/cache/db/options/fe4/i18ns/about.php HTTP/1.1" 301 162 "http://aceitunaslosada.com/wp-content/cache/db/options/fe4/i18ns/about.php" "Mozilla/5.0 (Windows NT 10.0; Win64; x64) AppleWebKit/537.36 (KHTML, like Gecko) Chrome/58.0.3029.110 Safari/537.3"
5.10.217.76 - - [27/Sep/2025:08:13:20 +0000] "POST /wp-content/cache/db/options/fe4/i18ns/index.php HTTP/1.1" 301 162 "http://aceitunaslosada.com/wp-content/cache/db/options/fe4/i18ns/index.php" "Mozilla/5.0 (Windows NT 10.0; Win64; x64) AppleWebKit/537.36 (KHTML, like Gecko) Chrome/58.0.3029.110 Safari/537.3"
5.10.217.76 - - [27/Sep/2025:08:13:23 +0000] "GET /wp-content/cache/db/options/fe4/i18ns/pages.php HTTP/1.1" 301 162 "http://aceitunaslosada.com/wp-content/cache/db/options/fe4/i18ns/pages.php" "Mozilla/5.0 (Windows NT 10.0; Win64; x64) AppleWebKit/537.36 (KHTML, like Gecko) Chrome/58.0.3029.110 Safari/537.3"
5.10.217.76 - - [27/Sep/2025:08:13:27 +0000] "POST /wp-content/cache/db/options/fe4/i18ns/index.php HTTP/1.1" 301 162 "http://aceitunaslosada.com/wp-content/cache/db/options/fe4/i18ns/index.php" "Mozilla/5.0 (Windows NT 10.0; Win64; x64) AppleWebKit/537.36 (KHTML, like Gecko) Chrome/58.0.3029.110 Safari/537.3"
5.10.217.76 - - [27/Sep/2025:08:13:30 +0000] "GET /wp-content/cache/db/options/fe4/i18ns/wp-login.php HTTP/1.1" 301 162 "http://aceitunaslosada.com/wp-content/cache/db/options/fe4/i18ns/wp-login.php" "Mozilla/5.0 (Windows NT 10.0; Win64; x64) AppleWebKit/537.36 (KHTML, like Gecko) Chrome/58.0.3029.110 Safari/537.3"
5.10.217.76 - - [27/Sep/2025:08:13:33 +0000] "GET /copia/wp-content/plugins/broken-link-checker/core/query-content/index.php HTTP/1.1" 301 162 "http://aceitunaslosada.com/copia/wp-content/plugins/broken-link-checker/core/query-content/index.php" "Mozilla/5.0 (Windows NT 10.0; Win64; x64) AppleWebKit/537.36 (KHTML, like Gecko) Chrome/58.0.3029.110 Safari/537.3"
5.10.217.76 - - [27/Sep/2025:08:13:37 +0000] "POST /copia/wp-content/plugins/broken-link-checker/core/query-content/index.php HTTP/1.1" 301 162 "http://aceitunaslosada.com/copia/wp-content/plugins/broken-link-checker/core/query-content/index.php" "Mozilla/5.0 (Windows NT 10.0; Win64; x64) AppleWebKit/537.36 (KHTML, like Gecko) Chrome/58.0.3029.110 Safari/537.3"
5.10.217.76 - - [27/Sep/2025:08:13:41 +0000] "GET /wp-content/plugins/sitepress-multilingual-cms/vendor/yoast/audits/index.php HTTP/1.1" 301 162 "http://aceitunaslosada.com/wp-content/plugins/sitepress-multilingual-cms/vendor/yoast/audits/index.php" "Mozilla/5.0 (Windows NT 10.0; Win64; x64) AppleWebKit/537.36 (KHTML, like Gecko) Chrome/58.0.3029.110 Safari/537.3"
5.10.217.76 - - [27/Sep/2025:08:13:49 +0000] "POST /wp-content/plugins/sitepress-multilingual-cms/vendor/yoast/audits/index.php HTTP/1.1" 301 162 "http://aceitunaslosada.com/wp-content/plugins/sitepress-multilingual-cms/vendor/yoast/audits/index.php" "Mozilla/5.0 (Windows NT 10.0; Win64; x64) AppleWebKit/537.36 (KHTML, like Gecko) Chrome/58.0.3029.110 Safari/537.3"
5.10.217.76 - - [27/Sep/2025:08:13:53 +0000] "GET /copia/wp-content/plugins/wp-add-mime-types/includes/cloudflare/index.php HTTP/1.1" 301 162 "http://aceitunaslosada.com/copia/wp-content/plugins/wp-add-mime-types/includes/cloudflare/index.php" "Mozilla/5.0 (Windows NT 10.0; Win64; x64) AppleWebKit/537.36 (KHTML, like Gecko) Chrome/58.0.3029.110 Safari/537.3"
5.10.217.76 - - [27/Sep/2025:08:13:57 +0000] "POST /copia/wp-content/plugins/wp-add-mime-types/includes/cloudflare/index.php HTTP/1.1" 301 162 "http://aceitunaslosada.com/copia/wp-content/plugins/wp-add-mime-types/includes/cloudflare/index.php" "Mozilla/5.0 (Windows NT 10.0; Win64; x64) AppleWebKit/537.36 (KHTML, like Gecko) Chrome/58.0.3029.110 Safari/537.3"
5.10.217.76 - - [27/Sep/2025:08:14:00 +0000] "GET /wp-content/cache/page_enhanced/www.aceitunaslosada.com/oini3t97mra8fi/list-grid/index.php HTTP/1.1" 301 162 "http://aceitunaslosada.com/wp-content/cache/page_enhanced/www.aceitunaslosada.com/oini3t97mra8fi/list-grid/index.php" "Mozilla/5.0 (Windows NT 10.0; Win64; x64) AppleWebKit/537.36 (KHTML, like Gecko) Chrome/58.0.3029.110 Safari/537.3"
5.10.217.76 - - [27/Sep/2025:08:14:03 +0000] "POST /wp-content/cache/page_enhanced/www.aceitunaslosada.com/oini3t97mra8fi/list-grid/index.php HTTP/1.1" 301 162 "http://aceitunaslosada.com/wp-content/cache/page_enhanced/www.aceitunaslosada.com/oini3t97mra8fi/list-grid/index.php" "Mozilla/5.0 (Windows NT 10.0; Win64; x64) AppleWebKit/537.36 (KHTML, like Gecko) Chrome/58.0.3029.110 Safari/537.3"
5.10.217.76 - - [27/Sep/2025:08:14:04 +0000] "GET /wp-content/cache/db/options/5b4/embeds/index.php HTTP/1.1" 301 162 "http://aceitunaslosada.com/wp-content/cache/db/options/5b4/embeds/index.php" "Mozilla/5.0 (Windows NT 10.0; Win64; x64) AppleWebKit/537.36 (KHTML, like Gecko) Chrome/58.0.3029.110 Safari/537.3"
5.10.217.76 - - [27/Sep/2025:08:14:11 +0000] "POST /wp-content/cache/db/options/5b4/embeds/index.php HTTP/1.1" 301 162 "http://aceitunaslosada.com/wp-content/cache/db/options/5b4/embeds/index.php" "Mozilla/5.0 (Windows NT 10.0; Win64; x64) AppleWebKit/537.36 (KHTML, like Gecko) Chrome/58.0.3029.110 Safari/537.3"
5.10.217.76 - - [27/Sep/2025:08:14:14 +0000] "POST /wp-content/cache/db/options/5b4/embeds/index.php HTTP/1.1" 301 162 "http://aceitunaslosada.com/wp-content/cache/db/options/5b4/embeds/index.php" "Mozilla/5.0 (Windows NT 10.0; Win64; x64) AppleWebKit/537.36 (KHTML, like Gecko) Chrome/58.0.3029.110 Safari/537.3"
5.10.217.76 - - [27/Sep/2025:08:14:17 +0000] "GET /wp-content/cache/db/options/5b4/embeds/ex.php HTTP/1.1" 301 162 "http://aceitunaslosada.com/wp-content/cache/db/options/5b4/embeds/ex.php" "Mozilla/5.0 (Windows NT 10.0; Win64; x64) AppleWebKit/537.36 (KHTML, like Gecko) Chrome/58.0.3029.110 Safari/537.3"
5.10.217.76 - - [27/Sep/2025:08:14:19 +0000] "POST /wp-content/cache/db/options/5b4/embeds/index.php HTTP/1.1" 301 162 "http://aceitunaslosada.com/wp-content/cache/db/options/5b4/embeds/index.php" "Mozilla/5.0 (Windows NT 10.0; Win64; x64) AppleWebKit/537.36 (KHTML, like Gecko) Chrome/58.0.3029.110 Safari/537.3"
5.10.217.76 - - [27/Sep/2025:08:14:21 +0000] "GET /wp-content/cache/db/options/5b4/embeds/radio.php HTTP/1.1" 301 162 "http://aceitunaslosada.com/wp-content/cache/db/options/5b4/embeds/radio.php" "Mozilla/5.0 (Windows NT 10.0; Win64; x64) AppleWebKit/537.36 (KHTML, like Gecko) Chrome/58.0.3029.110 Safari/537.3"
5.10.217.76 - - [27/Sep/2025:08:14:24 +0000] "POST /wp-content/cache/db/options/5b4/embeds/index.php HTTP/1.1" 301 162 "http://aceitunaslosada.com/wp-content/cache/db/options/5b4/embeds/index.php" "Mozilla/5.0 (Windows NT 10.0; Win64; x64) AppleWebKit/537.36 (KHTML, like Gecko) Chrome/58.0.3029.110 Safari/537.3"
5.10.217.76 - - [27/Sep/2025:08:14:28 +0000] "GET /wp-content/cache/db/options/5b4/embeds/inputs.php HTTP/1.1" 301 162 "http://aceitunaslosada.com/wp-content/cache/db/options/5b4/embeds/inputs.php" "Mozilla/5.0 (Windows NT 10.0; Win64; x64) AppleWebKit/537.36 (KHTML, like Gecko) Chrome/58.0.3029.110 Safari/537.3"
5.10.217.76 - - [27/Sep/2025:08:14:31 +0000] "POST /wp-content/cache/db/options/5b4/embeds/index.php HTTP/1.1" 301 162 "http://aceitunaslosada.com/wp-content/cache/db/options/5b4/embeds/index.php" "Mozilla/5.0 (Windows NT 10.0; Win64; x64) AppleWebKit/537.36 (KHTML, like Gecko) Chrome/58.0.3029.110 Safari/537.3"
5.10.217.76 - - [27/Sep/2025:08:14:34 +0000] "GET /wp-content/cache/db/options/5b4/embeds/about.php HTTP/1.1" 301 162 "http://aceitunaslosada.com/wp-content/cache/db/options/5b4/embeds/about.php" "Mozilla/5.0 (Windows NT 10.0; Win64; x64) AppleWebKit/537.36 (KHTML, like Gecko) Chrome/58.0.3029.110 Safari/537.3"
5.10.217.76 - - [27/Sep/2025:08:14:38 +0000] "POST /wp-content/cache/db/options/5b4/embeds/index.php HTTP/1.1" 301 162 "http://aceitunaslosada.com/wp-content/cache/db/options/5b4/embeds/index.php" "Mozilla/5.0 (Windows NT 10.0; Win64; x64) AppleWebKit/537.36 (KHTML, like Gecko) Chrome/58.0.3029.110 Safari/537.3"
5.10.217.76 - - [27/Sep/2025:08:14:47 +0000] "GET /wp-content/cache/db/options/5b4/embeds/pages.php HTTP/1.1" 301 162 "http://aceitunaslosada.com/wp-content/cache/db/options/5b4/embeds/pages.php" "Mozilla/5.0 (Windows NT 10.0; Win64; x64) AppleWebKit/537.36 (KHTML, like Gecko) Chrome/58.0.3029.110 Safari/537.3"
5.10.217.76 - - [27/Sep/2025:08:14:52 +0000] "POST /wp-content/cache/db/options/5b4/embeds/index.php HTTP/1.1" 301 162 "http://aceitunaslosada.com/wp-content/cache/db/options/5b4/embeds/index.php" "Mozilla/5.0 (Windows NT 10.0; Win64; x64) AppleWebKit/537.36 (KHTML, like Gecko) Chrome/58.0.3029.110 Safari/537.3"
5.10.217.76 - - [27/Sep/2025:08:14:56 +0000] "GET /wp-content/cache/db/options/5b4/embeds/wp-login.php HTTP/1.1" 301 162 "http://aceitunaslosada.com/wp-content/cache/db/options/5b4/embeds/wp-login.php" "Mozilla/5.0 (Windows NT 10.0; Win64; x64) AppleWebKit/537.36 (KHTML, like Gecko) Chrome/58.0.3029.110 Safari/537.3"
5.10.217.76 - - [27/Sep/2025:08:15:00 +0000] "GET /wp-content/cache/db/options/93f/galleries/index.php HTTP/1.1" 301 162 "http://aceitunaslosada.com/wp-content/cache/db/options/93f/galleries/index.php" "Mozilla/5.0 (Windows NT 10.0; Win64; x64) AppleWebKit/537.36 (KHTML, like Gecko) Chrome/58.0.3029.110 Safari/537.3"
5.10.217.76 - - [27/Sep/2025:08:15:11 +0000] "POST /wp-content/cache/db/options/93f/galleries/index.php HTTP/1.1" 301 162 "http://aceitunaslosada.com/wp-content/cache/db/options/93f/galleries/index.php" "Mozilla/5.0 (Windows NT 10.0; Win64; x64) AppleWebKit/537.36 (KHTML, like Gecko) Chrome/58.0.3029.110 Safari/537.3"
5.10.217.76 - - [27/Sep/2025:08:15:15 +0000] "POST /wp-content/cache/db/options/93f/galleries/index.php HTTP/1.1" 301 162 "http://aceitunaslosada.com/wp-content/cache/db/options/93f/galleries/index.php" "Mozilla/5.0 (Windows NT 10.0; Win64; x64) AppleWebKit/537.36 (KHTML, like Gecko) Chrome/58.0.3029.110 Safari/537.3"
5.10.217.76 - - [27/Sep/2025:08:15:19 +0000] "GET /wp-content/cache/db/options/93f/galleries/ex.php HTTP/1.1" 301 162 "http://aceitunaslosada.com/wp-content/cache/db/options/93f/galleries/ex.php" "Mozilla/5.0 (Windows NT 10.0; Win64; x64) AppleWebKit/537.36 (KHTML, like Gecko) Chrome/58.0.3029.110 Safari/537.3"
5.10.217.76 - - [27/Sep/2025:08:15:25 +0000] "POST /wp-content/cache/db/options/93f/galleries/index.php HTTP/1.1" 301 162 "http://aceitunaslosada.com/wp-content/cache/db/options/93f/galleries/index.php" "Mozilla/5.0 (Windows NT 10.0; Win64; x64) AppleWebKit/537.36 (KHTML, like Gecko) Chrome/58.0.3029.110 Safari/537.3"
5.10.217.76 - - [27/Sep/2025:08:15:30 +0000] "GET /wp-content/cache/db/options/93f/galleries/radio.php HTTP/1.1" 301 162 "http://aceitunaslosada.com/wp-content/cache/db/options/93f/galleries/radio.php" "Mozilla/5.0 (Windows NT 10.0; Win64; x64) AppleWebKit/537.36 (KHTML, like Gecko) Chrome/58.0.3029.110 Safari/537.3"
5.10.217.76 - - [27/Sep/2025:08:15:36 +0000] "POST /wp-content/cache/db/options/93f/galleries/index.php HTTP/1.1" 301 162 "http://aceitunaslosada.com/wp-content/cache/db/options/93f/galleries/index.php" "Mozilla/5.0 (Windows NT 10.0; Win64; x64) AppleWebKit/537.36 (KHTML, like Gecko) Chrome/58.0.3029.110 Safari/537.3"
5.10.217.76 - - [27/Sep/2025:08:15:39 +0000] "GET /wp-content/cache/db/options/93f/galleries/inputs.php HTTP/1.1" 301 162 "http://aceitunaslosada.com/wp-content/cache/db/options/93f/galleries/inputs.php" "Mozilla/5.0 (Windows NT 10.0; Win64; x64) AppleWebKit/537.36 (KHTML, like Gecko) Chrome/58.0.3029.110 Safari/537.3"
5.10.217.76 - - [27/Sep/2025:08:15:47 +0000] "POST /wp-content/cache/db/options/93f/galleries/index.php HTTP/1.1" 301 162 "http://aceitunaslosada.com/wp-content/cache/db/options/93f/galleries/index.php" "Mozilla/5.0 (Windows NT 10.0; Win64; x64) AppleWebKit/537.36 (KHTML, like Gecko) Chrome/58.0.3029.110 Safari/537.3"
5.10.217.76 - - [27/Sep/2025:08:15:50 +0000] "GET /wp-content/cache/db/options/93f/galleries/about.php HTTP/1.1" 301 162 "http://aceitunaslosada.com/wp-content/cache/db/options/93f/galleries/about.php" "Mozilla/5.0 (Windows NT 10.0; Win64; x64) AppleWebKit/537.36 (KHTML, like Gecko) Chrome/58.0.3029.110 Safari/537.3"
5.10.217.76 - - [27/Sep/2025:08:15:55 +0000] "POST /wp-content/cache/db/options/93f/galleries/index.php HTTP/1.1" 301 162 "http://aceitunaslosada.com/wp-content/cache/db/options/93f/galleries/index.php" "Mozilla/5.0 (Windows NT 10.0; Win64; x64) AppleWebKit/537.36 (KHTML, like Gecko) Chrome/58.0.3029.110 Safari/537.3"
5.10.217.76 - - [27/Sep/2025:08:15:58 +0000] "GET /wp-content/cache/db/options/93f/galleries/pages.php HTTP/1.1" 301 162 "http://aceitunaslosada.com/wp-content/cache/db/options/93f/galleries/pages.php" "Mozilla/5.0 (Windows NT 10.0; Win64; x64) AppleWebKit/537.36 (KHTML, like Gecko) Chrome/58.0.3029.110 Safari/537.3"
5.10.217.76 - - [27/Sep/2025:08:16:02 +0000] "POST /wp-content/cache/db/options/93f/galleries/index.php HTTP/1.1" 301 162 "http://aceitunaslosada.com/wp-content/cache/db/options/93f/galleries/index.php" "Mozilla/5.0 (Windows NT 10.0; Win64; x64) AppleWebKit/537.36 (KHTML, like Gecko) Chrome/58.0.3029.110 Safari/537.3"
5.10.217.76 - - [27/Sep/2025:08:16:06 +0000] "GET /wp-content/cache/db/options/93f/galleries/wp-login.php HTTP/1.1" 301 162 "http://aceitunaslosada.com/wp-content/cache/db/options/93f/galleries/wp-login.php" "Mozilla/5.0 (Windows NT 10.0; Win64; x64) AppleWebKit/537.36 (KHTML, like Gecko) Chrome/58.0.3029.110 Safari/537.3"
5.10.217.76 - - [27/Sep/2025:08:16:11 +0000] "GET /mah.php HTTP/1.1" 301 162 "http://aceitunaslosada.com/mah.php" "Mozilla/5.0 (Windows NT 10.0; Win64; x64) AppleWebKit/537.36 (KHTML, like Gecko) Chrome/58.0.3029.110 Safari/537.3"
5.10.217.76 - - [27/Sep/2025:08:16:15 +0000] "POST /mah.php HTTP/1.1" 301 162 "http://aceitunaslosada.com/mah.php" "Mozilla/5.0 (Windows NT 10.0; Win64; x64) AppleWebKit/537.36 (KHTML, like Gecko) Chrome/58.0.3029.110 Safari/537.3"
5.10.217.76 - - [27/Sep/2025:08:16:18 +0000] "GET /product.php HTTP/1.1" 301 162 "http://aceitunaslosada.com/product.php" "Mozilla/5.0 (Windows NT 10.0; Win64; x64) AppleWebKit/537.36 (KHTML, like Gecko) Chrome/58.0.3029.110 Safari/537.3"
5.10.217.76 - - [27/Sep/2025:08:16:21 +0000] "POST /product.php HTTP/1.1" 301 162 "http://aceitunaslosada.com/product.php" "Mozilla/5.0 (Windows NT 10.0; Win64; x64) AppleWebKit/537.36 (KHTML, like Gecko) Chrome/58.0.3029.110 Safari/537.3"
5.10.217.76 - - [27/Sep/2025:08:16:27 +0000] "GET /options.php HTTP/1.1" 301 162 "http://aceitunaslosada.com/options.php" "Mozilla/5.0 (Windows NT 10.0; Win64; x64) AppleWebKit/537.36 (KHTML, like Gecko) Chrome/58.0.3029.110 Safari/537.3"
5.10.217.76 - - [27/Sep/2025:08:16:31 +0000] "POST /options.php HTTP/1.1" 301 162 "http://aceitunaslosada.com/options.php" "Mozilla/5.0 (Windows NT 10.0; Win64; x64) AppleWebKit/537.36 (KHTML, like Gecko) Chrome/58.0.3029.110 Safari/537.3"
5.10.217.76 - - [27/Sep/2025:08:16:35 +0000] "GET /admin.php HTTP/1.1" 301 162 "http://aceitunaslosada.com/admin.php" "Mozilla/5.0 (Windows NT 10.0; Win64; x64) AppleWebKit/537.36 (KHTML, like Gecko) Chrome/58.0.3029.110 Safari/537.3"
5.10.217.76 - - [27/Sep/2025:08:16:41 +0000] "POST /admin.php HTTP/1.1" 301 162 "http://aceitunaslosada.com/admin.php" "Mozilla/5.0 (Windows NT 10.0; Win64; x64) AppleWebKit/537.36 (KHTML, like Gecko) Chrome/58.0.3029.110 Safari/537.3"
5.10.217.76 - - [27/Sep/2025:08:16:45 +0000] "POST /admin.php HTTP/1.1" 301 162 "http://aceitunaslosada.com/admin.php" "Mozilla/5.0 (Windows NT 10.0; Win64; x64) AppleWebKit/537.36 (KHTML, like Gecko) Chrome/58.0.3029.110 Safari/537.3"
5.10.217.76 - - [27/Sep/2025:08:16:53 +0000] "GET /ex.php HTTP/1.1" 301 162 "http://aceitunaslosada.com/ex.php" "Mozilla/5.0 (Windows NT 10.0; Win64; x64) AppleWebKit/537.36 (KHTML, like Gecko) Chrome/58.0.3029.110 Safari/537.3"
5.10.217.76 - - [27/Sep/2025:08:16:56 +0000] "POST /admin.php HTTP/1.1" 301 162 "http://aceitunaslosada.com/admin.php" "Mozilla/5.0 (Windows NT 10.0; Win64; x64) AppleWebKit/537.36 (KHTML, like Gecko) Chrome/58.0.3029.110 Safari/537.3"
5.10.217.76 - - [27/Sep/2025:08:17:00 +0000] "GET /radio.php HTTP/1.1" 301 162 "http://aceitunaslosada.com/radio.php" "Mozilla/5.0 (Windows NT 10.0; Win64; x64) AppleWebKit/537.36 (KHTML, like Gecko) Chrome/58.0.3029.110 Safari/537.3"
5.10.217.76 - - [27/Sep/2025:08:17:03 +0000] "POST /admin.php HTTP/1.1" 301 162 "http://aceitunaslosada.com/admin.php" "Mozilla/5.0 (Windows NT 10.0; Win64; x64) AppleWebKit/537.36 (KHTML, like Gecko) Chrome/58.0.3029.110 Safari/537.3"
5.10.217.76 - - [27/Sep/2025:08:17:08 +0000] "GET /inputs.php HTTP/1.1" 301 162 "http://aceitunaslosada.com/inputs.php" "Mozilla/5.0 (Windows NT 10.0; Win64; x64) AppleWebKit/537.36 (KHTML, like Gecko) Chrome/58.0.3029.110 Safari/537.3"
5.10.217.76 - - [27/Sep/2025:08:17:12 +0000] "POST /admin.php HTTP/1.1" 301 162 "http://aceitunaslosada.com/admin.php" "Mozilla/5.0 (Windows NT 10.0; Win64; x64) AppleWebKit/537.36 (KHTML, like Gecko) Chrome/58.0.3029.110 Safari/537.3"
5.10.217.76 - - [27/Sep/2025:08:17:18 +0000] "GET /about.php HTTP/1.1" 301 162 "http://aceitunaslosada.com/about.php" "Mozilla/5.0 (Windows NT 10.0; Win64; x64) AppleWebKit/537.36 (KHTML, like Gecko) Chrome/58.0.3029.110 Safari/537.3"
5.10.217.76 - - [27/Sep/2025:08:17:19 +0000] "POST /admin.php HTTP/1.1" 301 162 "http://aceitunaslosada.com/admin.php" "Mozilla/5.0 (Windows NT 10.0; Win64; x64) AppleWebKit/537.36 (KHTML, like Gecko) Chrome/58.0.3029.110 Safari/537.3"
5.10.217.76 - - [27/Sep/2025:08:17:22 +0000] "GET /pages.php HTTP/1.1" 301 162 "http://aceitunaslosada.com/pages.php" "Mozilla/5.0 (Windows NT 10.0; Win64; x64) AppleWebKit/537.36 (KHTML, like Gecko) Chrome/58.0.3029.110 Safari/537.3"
5.10.217.76 - - [27/Sep/2025:08:17:27 +0000] "POST /admin.php HTTP/1.1" 301 162 "http://aceitunaslosada.com/admin.php" "Mozilla/5.0 (Windows NT 10.0; Win64; x64) AppleWebKit/537.36 (KHTML, like Gecko) Chrome/58.0.3029.110 Safari/537.3"
5.10.217.76 - - [27/Sep/2025:08:17:31 +0000] "GET /wp-login.php HTTP/1.1" 301 162 "http://aceitunaslosada.com/wp-login.php" "Mozilla/5.0 (Windows NT 10.0; Win64; x64) AppleWebKit/537.36 (KHTML, like Gecko) Chrome/58.0.3029.110 Safari/537.3"
52.167.144.56 - - [27/Sep/2025:08:20:42 +0000] "GET /robots.txt HTTP/1.1" 301 162 "-" "Mozilla/5.0 AppleWebKit/537.36 (KHTML, like Gecko; compatible; bingbot/2.0; +http://www.bing.com/bingbot.htm) Chrome/116.0.1938.76 Safari/537.36"
52.167.144.184 - - [27/Sep/2025:08:20:54 +0000] "GET /fr/produits HTTP/1.1" 301 162 "-" "Mozilla/5.0 AppleWebKit/537.36 (KHTML, like Gecko; compatible; bingbot/2.0; +http://www.bing.com/bingbot.htm) Chrome/116.0.1938.76 Safari/537.36"
204.12.208.18 - - [27/Sep/2025:08:21:37 +0000] "GET /wp-content/plb692e7/index.php HTTP/1.1" 301 162 "http://aceitunaslosada.com/wp-content/plb692e7/index.php" "Mozilla/5.0 (Windows; U; Windows NT 5.1; en-US) AppleWebKit/534.16 (KHTML, like Gecko) Chrome/10.0.648.151 Safari/534.16"
101.99.88.90 - - [27/Sep/2025:08:30:24 +0000] "GET / HTTP/1.1" 301 162 "-" "Mozilla/5.0 (compatible; Googlebot/2.1; +http://www.google.com/bot.html)"
204.12.208.18 - - [27/Sep/2025:08:32:39 +0000] "GET /wp-content/plb692e7/index.php HTTP/1.1" 301 162 "http://aceitunaslosada.com/wp-content/plb692e7/index.php" "Mozilla/5.0 (Windows NT 6.1; WOW64) AppleWebKit/535.7 (KHTML, like Gecko) Chrome/16.0.912.75 Safari/535.7"
204.12.208.18 - - [27/Sep/2025:08:32:59 +0000] "GET /wp-content/plb692e7/index.php HTTP/1.1" 301 162 "http://aceitunaslosada.com/wp-content/plb692e7/index.php" "Mozilla/4.0 (compatible; GoogleToolbar 5.0.2124.2070; Windows 6.0; MSIE 8.0.6001.18241)"
216.244.66.231 - - [27/Sep/2025:08:34:12 +0000] "GET /robots.txt HTTP/1.1" 301 162 "-" "Mozilla/5.0 (compatible; DotBot/1.2; +https://opensiteexplorer.org/dotbot; help@moz.com)"
101.99.88.90 - - [27/Sep/2025:08:34:27 +0000] "GET / HTTP/1.1" 301 162 "-" "Mozilla/5.0 (compatible; Googlebot/2.1; +http://www.google.com/bot.html)"
138.64.84.230 - - [27/Sep/2025:08:40:00 +0000] "GET /wp-json/wp/v2/posts HTTP/1.1" 301 162 "-" "Mozilla/5.0 (Windows NT 10.0; Win64; x64) AppleWebKit/537.36 (KHTML, like Gecko) Chrome/120.0.0.0 Safari/537.36"
204.12.208.18 - - [27/Sep/2025:08:43:19 +0000] "GET /wp-content/plb692e7/index.php HTTP/1.1" 301 162 "http://aceitunaslosada.com/wp-content/plb692e7/index.php" "Mozilla/5.0 (Macintosh; Intel Mac OS X 10_6_8) AppleWebKit/535.1 (KHTML, like Gecko) Chrome/13.0.782.112 Safari/535.1"
204.12.208.18 - - [27/Sep/2025:08:43:39 +0000] "GET /wp-content/plb692e7/index.php HTTP/1.1" 301 162 "http://aceitunaslosada.com/wp-content/plb692e7/index.php" "Mozilla/5.0 (Windows NT 6.1) AppleWebKit/534.24 (KHTML, like Gecko) Chrome/11.0.696.65 Safari/534.24"
204.12.208.18 - - [27/Sep/2025:08:54:20 +0000] "GET /wp-content/plb692e7/index.php HTTP/1.1" 301 162 "http://aceitunaslosada.com/wp-content/plb692e7/index.php" "Mozilla/5.0 (Windows NT 6.1) AppleWebKit/534.24 (KHTML, like Gecko) Chrome/11.0.696.65 Safari/534.24"
204.12.208.18 - - [27/Sep/2025:08:54:40 +0000] "GET /wp-content/plb692e7/index.php HTTP/1.1" 301 162 "http://aceitunaslosada.com/wp-content/plb692e7/index.php" "Mozilla/5.0 (compatible; MSIE 9.0; Windows NT 6.0; Trident/5.0)"
125.166.1.57 - - [27/Sep/2025:09:02:43 +0000] "GET /wp- HTTP/1.1" 301 162 "-" "-"
125.166.1.57 - - [27/Sep/2025:09:02:46 +0000] "POST /wp- HTTP/1.1" 301 162 "-" "-"
204.12.208.18 - - [27/Sep/2025:09:04:57 +0000] "GET /wp-content/plb692e7/index.php HTTP/1.1" 301 162 "http://aceitunaslosada.com/wp-content/plb692e7/index.php" "Mozilla/5.0 (Macintosh; Intel Mac OS X 10.7; rv:7.0.1) Gecko/20100101 Firefox/7.0.1"
204.12.208.18 - - [27/Sep/2025:09:05:17 +0000] "GET /wp-content/plb692e7/index.php HTTP/1.1" 301 162 "http://aceitunaslosada.com/wp-content/plb692e7/index.php" "Mozilla/5.0 (Macintosh; Intel Mac OS X 10_6_8) AppleWebKit/535.1 (KHTML, like Gecko) RockMelt/0.9.64.361 Chrome/13.0.782.218 Safari/535.1"
103.188.242.81 - - [27/Sep/2025:09:10:27 +0000] "GET / HTTP/1.0" 301 162 "http://aceitunaslosada.com/" "Mozilla/5.0 (Windows NT 10.0; Win64; x64) AppleWebKit/537.36 (KHTML, like Gecko) Chrome/130.0.0.0 Safari/537.36 CCleaner/130.0.0.0"
204.12.208.18 - - [27/Sep/2025:09:16:45 +0000] "GET /wp-content/plb692e7/index.php HTTP/1.1" 301 162 "http://aceitunaslosada.com/wp-content/plb692e7/index.php" "Mozilla/5.0 (compatible; MSIE 9.0; Windows NT 6.1; WOW64; Trident/5.0)"
204.12.208.18 - - [27/Sep/2025:09:17:05 +0000] "GET /wp-content/plb692e7/index.php HTTP/1.1" 301 162 "http://aceitunaslosada.com/wp-content/plb692e7/index.php" "Mozilla/5.0 (Macintosh; U; Intel Mac OS X 10_5_3; ja-jp) AppleWebKit/525.18 (KHTML, like Gecko) Version/3.1.1 Safari/525.20"
204.12.208.18 - - [27/Sep/2025:09:23:28 +0000] "GET /?sitemapindex.xml HTTP/1.1" 301 162 "http://aceitunaslosada.com/?sitemapindex.xml" "Mozilla/5.0 (Macintosh; Intel Mac OS X 10.5; rv:8.0.1) Gecko/20100101 Firefox/8.0.1"
216.244.66.231 - - [27/Sep/2025:09:29:04 +0000] "GET /robots.txt HTTP/1.1" 301 162 "-" "Mozilla/5.0 (compatible; DotBot/1.2; +https://opensiteexplorer.org/dotbot; help@moz.com)"
204.12.208.18 - - [27/Sep/2025:09:30:34 +0000] "GET /?sitemapindex.xml HTTP/1.1" 301 162 "http://aceitunaslosada.com/?sitemapindex.xml" "Mozilla/5.0 (Windows NT 6.1; WOW64; rv:9.0.1) Gecko/20100101 Firefox/9.0.1"
20.191.45.212 - - [27/Sep/2025:09:35:26 +0000] "GET / HTTP/1.1" 301 162 "http://www.aceitunaslosada.com/" "DuckDuckBot/1.1; (+http://duckduckgo.com/duckduckbot.html)"
20.191.45.212 - - [27/Sep/2025:09:35:30 +0000] "GET /favicon.ico HTTP/1.1" 301 162 "http://www.aceitunaslosada.com/favicon.ico" "DuckDuckBot/1.1; (+http://duckduckgo.com/duckduckbot.html)"
20.191.45.212 - - [27/Sep/2025:09:36:03 +0000] "GET / HTTP/1.1" 301 162 "http://www.aceitunaslosada.com/" "DuckDuckBot/1.1; (+http://duckduckgo.com/duckduckbot.html)"
20.191.45.212 - - [27/Sep/2025:09:36:08 +0000] "GET /favicon.ico HTTP/1.1" 301 162 "http://www.aceitunaslosada.com/favicon.ico" "DuckDuckBot/1.1; (+http://duckduckgo.com/duckduckbot.html)"
204.12.208.18 - - [27/Sep/2025:09:37:37 +0000] "GET /?sitemapindex.xml HTTP/1.1" 301 162 "http://aceitunaslosada.com/?sitemapindex.xml" "Mozilla/5.0 (Macintosh; U; PPC Mac OS X; ja-jp) AppleWebKit/523.12 (KHTML, like Gecko) Version/3.0.4 Safari/523.12"
204.12.208.18 - - [27/Sep/2025:09:44:43 +0000] "GET /?sitemapindex.xml HTTP/1.1" 301 162 "http://aceitunaslosada.com/?sitemapindex.xml" "Mozilla/5.0 (Macintosh; U; PPC Mac OS X 10_4_11; ja-jp) AppleWebKit/525.18 (KHTML, like Gecko) Version/3.1.2 Safari/525.22"
112.86.225.234 - - [27/Sep/2025:09:45:10 +0000] "GET / HTTP/1.1" 301 162 "-" "Sogou web spider/4.0(+http://www.sogou.com/docs/help/webmasters.htm#07)"
204.12.208.18 - - [27/Sep/2025:09:52:06 +0000] "GET /?sitemapindex.xml HTTP/1.1" 301 162 "http://aceitunaslosada.com/?sitemapindex.xml" "Mozilla/5.0 (Macintosh; U; PPC Mac OS X; ja-jp) AppleWebKit/523.10.6 (KHTML, like Gecko) Version/3.0.4 Safari/523.10.6"
121.229.156.23 - - [27/Sep/2025:09:54:23 +0000] "GET / HTTP/1.1" 301 162 "-" "Sogou web spider/4.0(+http://www.sogou.com/docs/help/webmasters.htm#07)"
204.12.208.18 - - [27/Sep/2025:09:58:57 +0000] "GET /?sitemapindex.xml HTTP/1.1" 301 162 "http://aceitunaslosada.com/?sitemapindex.xml" "Mozilla/4.0 (compatible; MSIE 7.0; Windows NT 6.0; SLCC1; .NET CLR 2.0.50727; Media Center PC 5.0; .NET CLR 3.0.04506; InfoPath.1)"
125.166.1.57 - - [27/Sep/2025:10:04:09 +0000] "GET /wp- HTTP/1.1" 301 162 "-" "-"
125.166.1.57 - - [27/Sep/2025:10:04:11 +0000] "POST /wp- HTTP/1.1" 301 162 "-" "-"
125.166.1.57 - - [27/Sep/2025:10:04:37 +0000] "GET /wp- HTTP/1.1" 301 162 "-" "-"
125.166.1.57 - - [27/Sep/2025:10:04:40 +0000] "POST /wp- HTTP/1.1" 301 162 "-" "-"
125.166.1.57 - - [27/Sep/2025:10:04:40 +0000] "POST /wp- HTTP/1.1" 301 162 "-" "-"
125.166.1.57 - - [27/Sep/2025:10:04:41 +0000] "POST /wp- HTTP/1.1" 301 162 "-" "-"
204.12.208.18 - - [27/Sep/2025:10:07:00 +0000] "GET /?sitemapindex.xml HTTP/1.1" 301 162 "http://aceitunaslosada.com/?sitemapindex.xml" "Mozilla/4.0 (compatible; MSIE 7.0; Windows NT 5.1; SV1; .NET CLR 1.0.3705; .NET CLR 2.0.50727; .NET CLR 1.1.4322)"
62.146.239.2 - - [27/Sep/2025:10:11:44 +0000] "GET /wp- HTTP/1.1" 301 162 "-" "Mozilla/5.0 (Windows NT 10.0; Win64; x64; rv:72.0) Gecko/20100101 Firefox/72.0"
62.146.239.2 - - [27/Sep/2025:10:11:48 +0000] "POST /wp- HTTP/1.1" 301 162 "-" "Mozilla/5.0 (Windows NT 10.0; Win64; x64; rv:72.0) Gecko/20100101 Firefox/72.0"
62.146.239.2 - - [27/Sep/2025:10:11:51 +0000] "GET /shlo.php HTTP/1.1" 301 162 "-" "Mozilla/5.0 (Windows NT 10.0; Win64; x64; rv:72.0) Gecko/20100101 Firefox/72.0"
62.146.239.2 - - [27/Sep/2025:10:11:59 +0000] "GET /wp- HTTP/1.1" 301 162 "-" "Mozilla/5.0 (Windows NT 10.0; Win64; x64; rv:72.0) Gecko/20100101 Firefox/72.0"
62.146.239.2 - - [27/Sep/2025:10:12:15 +0000] "POST /wp- HTTP/1.1" 301 162 "-" "Mozilla/5.0 (Windows NT 10.0; Win64; x64; rv:72.0) Gecko/20100101 Firefox/72.0"
62.146.239.2 - - [27/Sep/2025:10:12:18 +0000] "GET /shlo.php HTTP/1.1" 301 162 "-" "Mozilla/5.0 (Windows NT 10.0; Win64; x64; rv:72.0) Gecko/20100101 Firefox/72.0"
204.12.208.18 - - [27/Sep/2025:10:15:16 +0000] "GET /?sitemapindex.xml HTTP/1.1" 301 162 "http://aceitunaslosada.com/?sitemapindex.xml" "Mozilla/5.0 (Macintosh; U; Intel Mac OS X 10_5_6; ja-jp) AppleWebKit/525.27.1 (KHTML, like Gecko) Version/3.2.1 Safari/525.27.1"
125.166.1.57 - - [27/Sep/2025:10:17:27 +0000] "GET /wp- HTTP/1.1" 301 162 "http://aceitunaslosada.com/" "Mozilla/5.0 (X11; Linux x86_64) AppleWebKit/537.36 (KHTML, like Gecko) Chrome/140.0.0.0 Safari/537.36"
43.173.177.53 - - [27/Sep/2025:10:18:34 +0000] "GET / HTTP/1.1" 301 162 "-" "Mozilla/5.0 (Windows NT 10.0; Win64; x64) AppleWebKit/537.36 (KHTML, like Gecko) Chrome/116.0.0.0 Safari/537.36"
204.12.208.18 - - [27/Sep/2025:10:21:56 +0000] "GET /?sitemapindex.xml HTTP/1.1" 301 162 "http://aceitunaslosada.com/?sitemapindex.xml" "Mozilla/5.0 (compatible; MSIE 10.0; Windows NT 6.2; Win64; x64; Trident/6.0)"
216.244.66.231 - - [27/Sep/2025:10:24:41 +0000] "GET /robots.txt HTTP/1.1" 301 162 "-" "Mozilla/5.0 (compatible; DotBot/1.2; +https://opensiteexplorer.org/dotbot; help@moz.com)"
45.94.31.31 - - [27/Sep/2025:10:25:09 +0000] "GET / HTTP/1.1" 301 162 "-" "Mozilla/5.0 (Windows NT 10.0; Win64; x64) AppleWebKit/537.36 (KHTML, like Gecko) Chrome/78.0.3904.108 Safari/537.36"
204.12.208.18 - - [27/Sep/2025:10:28:36 +0000] "GET /?sitemapindex.xml HTTP/1.1" 301 162 "http://aceitunaslosada.com/?sitemapindex.xml" "Mozilla/5.0 (Windows NT 6.1; WOW64) AppleWebKit/535.1 (KHTML, like Gecko) Chrome/14.0.835.202 Safari/535.1"
44.199.205.80 - - [27/Sep/2025:10:31:32 +0000] "GET /robots.txt HTTP/1.1" 301 162 "-" "Mozilla/5.0 (Macintosh; Intel Mac OS X 10_15_5) AppleWebKit/537.36 (KHTML, like Gecko) Chrome/84.0.4147.89 Safari/537.36"
44.199.205.80 - - [27/Sep/2025:10:31:37 +0000] "GET /robots.txt HTTP/1.1" 301 162 "-" "Mozilla/5.0 (Macintosh; Intel Mac OS X 10_15_5) AppleWebKit/537.36 (KHTML, like Gecko) Chrome/84.0.4147.89 Safari/537.36"
44.199.205.80 - - [27/Sep/2025:10:31:40 +0000] "GET /sitemap.xml HTTP/1.1" 301 162 "-" "Mozilla/5.0 (Macintosh; Intel Mac OS X 10_15_5) AppleWebKit/537.36 (KHTML, like Gecko) Chrome/84.0.4147.89 Safari/537.36"
44.199.205.80 - - [27/Sep/2025:10:32:13 +0000] "GET /sitemap1.xml HTTP/1.1" 301 162 "-" "Mozilla/5.0 (Macintosh; Intel Mac OS X 10_15_5) AppleWebKit/537.36 (KHTML, like Gecko) Chrome/84.0.4147.89 Safari/537.36"
44.199.205.80 - - [27/Sep/2025:10:32:15 +0000] "GET /sitemap_index.xml HTTP/1.1" 301 162 "-" "Mozilla/5.0 (Macintosh; Intel Mac OS X 10_15_5) AppleWebKit/537.36 (KHTML, like Gecko) Chrome/84.0.4147.89 Safari/537.36"
44.199.205.80 - - [27/Sep/2025:10:32:17 +0000] "GET / HTTP/1.1" 301 162 "-" "Mozilla/5.0 (Macintosh; Intel Mac OS X 10_15_5) AppleWebKit/537.36 (KHTML, like Gecko) Chrome/84.0.4147.89 Safari/537.36"
4.227.36.98 - - [27/Sep/2025:10:32:49 +0000] "GET /robots.txt HTTP/1.1" 301 162 "-" "Mozilla/5.0 AppleWebKit/537.36 (KHTML, like Gecko; compatible; GPTBot/1.2; +https://openai.com/gptbot)"
20.171.207.119 - - [27/Sep/2025:10:33:10 +0000] "GET /?sitemapindex.xml HTTP/1.1" 301 162 "-" "Mozilla/5.0 AppleWebKit/537.36 (KHTML, like Gecko; compatible; GPTBot/1.2; +https://openai.com/gptbot)"
204.12.208.18 - - [27/Sep/2025:10:35:04 +0000] "GET /?sitemapindex.xml HTTP/1.1" 301 162 "http://aceitunaslosada.com/?sitemapindex.xml" "Mozilla/4.0 (compatible; MSIE 7.0; Windows NT 5.1; SV1; .NET CLR 1.1.4322)"
125.166.1.57 - - [27/Sep/2025:10:37:42 +0000] "GET /wp- HTTP/1.1" 301 162 "http://aceitunaslosada.com/" "Mozilla/5.0 (Macintosh; Intel Mac OS X 10_15_7) AppleWebKit/537.36 (KHTML, like Gecko) Chrome/140.0.0.0 Safari/537.36"
125.166.1.57 - - [27/Sep/2025:10:39:54 +0000] "GET /wp- HTTP/1.1" 301 162 "-" "-"
125.166.1.57 - - [27/Sep/2025:10:39:56 +0000] "POST /wp- HTTP/1.1" 301 162 "-" "-"
125.166.1.57 - - [27/Sep/2025:10:39:58 +0000] "POST /wp- HTTP/1.1" 301 162 "-" "-"
125.166.1.57 - - [27/Sep/2025:10:40:00 +0000] "POST /wp- HTTP/1.1" 301 162 "-" "-"
125.166.1.57 - - [27/Sep/2025:10:40:01 +0000] "POST /wp- HTTP/1.1" 301 162 "-" "-"
125.166.1.57 - - [27/Sep/2025:10:40:03 +0000] "POST /wp- HTTP/1.1" 301 162 "-" "-"
125.166.1.57 - - [27/Sep/2025:10:40:05 +0000] "POST /wp- HTTP/1.1" 301 162 "-" "-"
125.166.1.57 - - [27/Sep/2025:10:40:08 +0000] "POST /wp- HTTP/1.1" 301 162 "-" "-"
125.166.1.57 - - [27/Sep/2025:10:40:09 +0000] "POST /wp- HTTP/1.1" 301 162 "-" "-"
125.166.1.57 - - [27/Sep/2025:10:40:11 +0000] "POST /wp- HTTP/1.1" 301 162 "-" "-"
125.166.1.57 - - [27/Sep/2025:10:40:13 +0000] "POST /wp- HTTP/1.1" 301 162 "-" "-"
125.166.1.57 - - [27/Sep/2025:10:40:15 +0000] "POST /wp- HTTP/1.1" 301 162 "-" "-"
125.166.1.57 - - [27/Sep/2025:10:40:17 +0000] "POST /wp- HTTP/1.1" 301 162 "-" "-"
125.166.1.57 - - [27/Sep/2025:10:40:19 +0000] "POST /wp- HTTP/1.1" 301 162 "-" "-"
125.166.1.57 - - [27/Sep/2025:10:40:20 +0000] "POST /wp- HTTP/1.1" 301 162 "-" "-"
125.166.1.57 - - [27/Sep/2025:10:40:21 +0000] "POST /wp- HTTP/1.1" 301 162 "-" "-"
125.166.1.57 - - [27/Sep/2025:10:40:22 +0000] "POST /wp- HTTP/1.1" 301 162 "-" "-"
125.166.1.57 - - [27/Sep/2025:10:40:23 +0000] "POST /wp- HTTP/1.1" 301 162 "-" "-"
125.166.1.57 - - [27/Sep/2025:10:40:24 +0000] "POST /wp- HTTP/1.1" 301 162 "-" "-"
204.12.208.18 - - [27/Sep/2025:10:41:55 +0000] "GET /?sitemapindex.xml HTTP/1.1" 301 162 "http://aceitunaslosada.com/?sitemapindex.xml" "Mozilla/5.0 (Windows NT 6.1; WOW64) AppleWebKit/535.7 (KHTML, like Gecko) Chrome/16.0.912.75 Safari/535.7"
204.12.208.18 - - [27/Sep/2025:10:48:36 +0000] "GET /?sitemapindex.xml HTTP/1.1" 301 162 "http://aceitunaslosada.com/?sitemapindex.xml" "Mozilla/5.0 (Macintosh; Intel Mac OS X 10_7_2) AppleWebKit/535.2 (KHTML, like Gecko) Chrome/15.0.874.106 Safari/535.2"
13.221.227.50 - - [27/Sep/2025:10:51:49 +0000] "GET /robots.txt HTTP/1.1" 301 162 "-" "Mozilla/5.0 (Macintosh; Intel Mac OS X 10_15_5) AppleWebKit/537.36 (KHTML, like Gecko) Chrome/84.0.4147.89 Safari/537.36"
13.221.227.50 - - [27/Sep/2025:10:51:54 +0000] "GET /robots.txt HTTP/1.1" 301 162 "-" "Mozilla/5.0 (Macintosh; Intel Mac OS X 10_15_5) AppleWebKit/537.36 (KHTML, like Gecko) Chrome/84.0.4147.89 Safari/537.36"
13.221.227.50 - - [27/Sep/2025:10:51:56 +0000] "GET /sitemap.xml HTTP/1.1" 301 162 "-" "Mozilla/5.0 (Macintosh; Intel Mac OS X 10_15_5) AppleWebKit/537.36 (KHTML, like Gecko) Chrome/84.0.4147.89 Safari/537.36"
13.221.227.50 - - [27/Sep/2025:10:51:58 +0000] "GET /sitemap1.xml HTTP/1.1" 301 162 "-" "Mozilla/5.0 (Macintosh; Intel Mac OS X 10_15_5) AppleWebKit/537.36 (KHTML, like Gecko) Chrome/84.0.4147.89 Safari/537.36"
13.221.227.50 - - [27/Sep/2025:10:51:59 +0000] "GET /sitemap_index.xml HTTP/1.1" 301 162 "-" "Mozilla/5.0 (Macintosh; Intel Mac OS X 10_15_5) AppleWebKit/537.36 (KHTML, like Gecko) Chrome/84.0.4147.89 Safari/537.36"
13.221.227.50 - - [27/Sep/2025:10:52:01 +0000] "GET / HTTP/1.1" 301 162 "-" "Mozilla/5.0 (Macintosh; Intel Mac OS X 10_15_5) AppleWebKit/537.36 (KHTML, like Gecko) Chrome/84.0.4147.89 Safari/537.36"
125.166.1.57 - - [27/Sep/2025:10:53:06 +0000] "GET /wp- HTTP/1.1" 301 162 "http://aceitunaslosada.com/" "Mozilla/5.0 (X11; Linux x86_64) AppleWebKit/537.36 (KHTML, like Gecko) Chrome/140.0.0.0 Safari/537.36"
204.12.208.18 - - [27/Sep/2025:10:55:15 +0000] "GET /?sitemapindex.xml HTTP/1.1" 301 162 "http://aceitunaslosada.com/?sitemapindex.xml" "Mozilla/4.0 (compatible; MSIE 7.0; Windows NT 5.1; .NET CLR 1.1.4322; .NET CLR 2.0.50727)"
51.75.206.20 - - [27/Sep/2025:10:56:00 +0000] "GET / HTTP/1.0" 301 162 "http://aceitunaslosada.com/" "Mozilla/5.0 (Windows NT 10.0; Win64; x64) AppleWebKit/537.36 (KHTML, like Gecko) Chrome/131.0.0.0 Safari/537.36 Avast/131.0.0.0"
103.188.242.20 - - [27/Sep/2025:10:59:13 +0000] "GET / HTTP/1.0" 301 162 "http://aceitunaslosada.com/" "Mozilla/5.0 (Windows NT 10.0; Win64; x64) AppleWebKit/537.36 (KHTML, like Gecko) Chrome/130.0.0.0 Safari/537.36"
125.166.1.57 - - [27/Sep/2025:11:01:27 +0000] "GET /wp- HTTP/1.1" 301 162 "http://aceitunaslosada.com/" "Mozilla/5.0 (X11; Linux x86_64) AppleWebKit/537.36 (KHTML, like Gecko) Chrome/140.0.0.0 Safari/537.36"
204.12.208.18 - - [27/Sep/2025:11:01:55 +0000] "GET /?sitemapindex.xml HTTP/1.1" 301 162 "http://aceitunaslosada.com/?sitemapindex.xml" "Opera/9.80 (Windows NT 6.1; U; ja) Presto/2.10.229 Version/11.60"
204.12.208.18 - - [27/Sep/2025:11:08:55 +0000] "GET /?sitemapindex.xml HTTP/1.1" 301 162 "http://aceitunaslosada.com/?sitemapindex.xml" "Mozilla/5.0 (Macintosh; Intel Mac OS X 10_6_8) AppleWebKit/534.52.7 (KHTML, like Gecko) Version/5.1.2 Safari/534.52.7"
125.166.1.57 - - [27/Sep/2025:11:12:36 +0000] "GET /wp- HTTP/1.1" 301 162 "http://aceitunaslosada.com/" "Mozilla/5.0 (Windows NT 10.0; Win64; x64; rv:135.0) Gecko/20100101 Firefox/135.0"
49.51.180.2 - - [27/Sep/2025:11:13:59 +0000] "GET / HTTP/1.1" 301 162 "-" "Mozilla/5.0 (iPhone; CPU iPhone OS 13_2_3 like Mac OS X) AppleWebKit/605.1.15 (KHTML, like Gecko) Version/13.0.3 Mobile/15E148 Safari/604.1"
204.12.208.18 - - [27/Sep/2025:11:16:00 +0000] "GET /?sitemapindex.xml HTTP/1.1" 301 162 "http://aceitunaslosada.com/?sitemapindex.xml" "Opera/9.80 (Macintosh; Intel Mac OS X 10.6.8; U; ja) Presto/2.10.289 Version/12.00"
216.244.66.231 - - [27/Sep/2025:11:21:16 +0000] "GET /robots.txt HTTP/1.1" 301 162 "-" "Mozilla/5.0 (compatible; DotBot/1.2; +https://opensiteexplorer.org/dotbot; help@moz.com)"
35.247.76.113 - - [27/Sep/2025:11:21:50 +0000] "HEAD /backup HTTP/1.1" 301 0 "-" "Mozilla/5.0 (Windows NT 11.0; Win64; x64) AppleWebKit/537.36 (KHTML, like Gecko) Chrome/124.0.6367.62 Safari/537.36"
204.12.208.18 - - [27/Sep/2025:11:23:10 +0000] "GET /?sitemapindex.xml HTTP/1.1" 301 162 "http://aceitunaslosada.com/?sitemapindex.xml" "Mozilla/4.0 (compatible; MSIE 7.0; Windows NT 5.1; SV1; .NET CLR 1.1.4322; .NET CLR 2.0.50727; InfoPath.1)"
204.12.208.18 - - [27/Sep/2025:11:30:07 +0000] "GET /?sitemapindex.xml HTTP/1.1" 301 162 "http://aceitunaslosada.com/?sitemapindex.xml" "Mozilla/5.0 (Macintosh; Intel Mac OS X 10_6_8) AppleWebKit/535.7 (KHTML, like Gecko) Chrome/16.0.912.75 Safari/535.7"
204.12.208.18 - - [27/Sep/2025:11:37:19 +0000] "GET /?sitemapindex.xml HTTP/1.1" 301 162 "http://aceitunaslosada.com/?sitemapindex.xml" "Mozilla/4.0 (compatible; MSIE 7.0; Windows NT 5.1; SV1; .NET CLR 1.1.4322)"
45.131.155.101 - - [27/Sep/2025:11:44:06 +0000] "GET / HTTP/1.1" 301 162 "-" "Mozilla/5.0 (X11; Linux x86_64) AppleWebKit/537.36 (KHTML, like Gecko) Chrome/113.0.0.0 Safari/537.36"
204.12.208.18 - - [27/Sep/2025:11:44:18 +0000] "GET /?sitemapindex.xml HTTP/1.1" 301 162 "http://aceitunaslosada.com/?sitemapindex.xml" "Mozilla/5.0 (Macintosh; U; PPC Mac OS X 10_4_11; ja-jp) AppleWebKit/525.18 (KHTML, like Gecko) Version/3.1.2 Safari/525.22"
204.12.208.18 - - [27/Sep/2025:11:51:10 +0000] "GET /?sitemapindex.xml HTTP/1.1" 301 162 "http://aceitunaslosada.com/?sitemapindex.xml" "Mozilla/5.0 (Macintosh; U; PPC Mac OS X; ja-jp) AppleWebKit/523.10.6 (KHTML, like Gecko) Version/3.0.4 Safari/523.10.6"
204.12.208.18 - - [27/Sep/2025:11:58:01 +0000] "GET /?sitemapindex.xml HTTP/1.1" 301 162 "http://aceitunaslosada.com/?sitemapindex.xml" "Mozilla/5.0 (compatible; MSIE 9.0; Windows NT 6.1; WOW64; Trident/5.0; SLCC2; .NET CLR 2.0.50727; .NET CLR 3.5.30729; .NET CLR 3.0.30729; Media Center PC 6.0; MAGW; .NET4.0C; Lunascape 6.5.8.24780)"
157.82.128.7 - - [27/Sep/2025:11:58:04 +0000] "GET / HTTP/1.1" 301 162 "-" "Mozilla/5.0 (Windows NT 10.0; Win64; x64) AppleWebKit/537.36 (KHTML, like Gecko) Chrome/121.0.0.0 Safari/537.36"
125.166.1.57 - - [27/Sep/2025:12:00:44 +0000] "GET /wp- HTTP/1.1" 301 162 "http://aceitunaslosada.com/" "Mozilla/5.0 (Macintosh; Intel Mac OS X 10_15_7) AppleWebKit/537.36 (KHTML, like Gecko) Chrome/140.0.0.0 Safari/537.36"
204.12.208.18 - - [27/Sep/2025:12:04:54 +0000] "GET /?sitemapindex.xml HTTP/1.1" 301 162 "http://aceitunaslosada.com/?sitemapindex.xml" "Mozilla/5.0 (Macintosh; U; PPC Mac OS X; ja-jp) AppleWebKit/523.12 (KHTML, like Gecko) Version/3.0.4 Safari/523.12"
204.12.208.18 - - [27/Sep/2025:12:12:18 +0000] "GET /?sitemapindex.xml HTTP/1.1" 301 162 "http://aceitunaslosada.com/?sitemapindex.xml" "Mozilla/5.0 (Macintosh; U; PPC Mac OS X; ja-jp) AppleWebKit/522.11.1 (KHTML, like Gecko) Version/3.0.3 Safari/522.12.1"
149.40.53.5 - - [27/Sep/2025:12:17:35 +0000] "GET / HTTP/1.1" 301 162 "-" "Mozilla/5.0 (Windows NT 10.0; Win64; x64) AppleWebKit/537.36 (KHTML, like Gecko) Chrome/78.0.3904.108 Safari/537.36"
204.12.208.18 - - [27/Sep/2025:12:19:03 +0000] "GET /?sitemapindex.xml HTTP/1.1" 301 162 "http://aceitunaslosada.com/?sitemapindex.xml" "Mozilla/5.0 (compatible; MSIE 10.0; Windows NT 6.2; Trident/6.0)"
216.244.66.231 - - [27/Sep/2025:12:20:00 +0000] "GET /robots.txt HTTP/1.1" 301 162 "-" "Mozilla/5.0 (compatible; DotBot/1.2; +https://opensiteexplorer.org/dotbot; help@moz.com)"
204.12.208.18 - - [27/Sep/2025:12:25:53 +0000] "GET /?sitemapindex.xml HTTP/1.1" 301 162 "http://aceitunaslosada.com/?sitemapindex.xml" "Mozilla/5.0 (Macintosh; Intel Mac OS X 10.7; rv:7.0.1) Gecko/20100101 Firefox/7.0.1"
204.12.208.18 - - [27/Sep/2025:12:32:55 +0000] "GET /?sitemapindex.xml HTTP/1.1" 301 162 "http://aceitunaslosada.com/?sitemapindex.xml" "Mozilla/5.0 (Macintosh; U; PPC Mac OS X; ja-jp) AppleWebKit/523.12 (KHTML, like Gecko) Version/3.0.4 Safari/523.12"
204.12.208.18 - - [27/Sep/2025:12:39:40 +0000] "GET /?sitemapindex.xml HTTP/1.1" 301 162 "http://aceitunaslosada.com/?sitemapindex.xml" "Mozilla/5.0 (X11; Linux i686) AppleWebKit/535.2 (KHTML, like Gecko) Ubuntu/10.04 Chromium/15.0.874.106 Chrome/15.0.874.106 Safari/535.2"
204.12.208.18 - - [27/Sep/2025:12:46:31 +0000] "GET /?sitemapindex.xml HTTP/1.1" 301 162 "http://aceitunaslosada.com/?sitemapindex.xml" "Mozilla/5.0 (Macintosh; U; Intel Mac OS X; ja-jp) AppleWebKit/523.10.3 (KHTML, like Gecko) Version/3.0.4 Safari/523.10"
86.54.42.236 - - [27/Sep/2025:12:50:20 +0000] "GET //wp-json/wc/store/products/collection-data?calculate_attribute_counts%5B%5D%5Btaxonomy%5D=%252522%252529%252520union%252520all%252520select%2525201%25252Ctable%25255fname%252520from%252520information%25255fschema%25252etables%25253B%252500 HTTP/1.1" 301 162 "-" "Mozilla/5.0 (iPhone; CPU iPhone OS 15_1_1 like Mac OS X) AppleWebKit/605.1.15 (KHTML, like Gecko) Version/15.1 Mobile/15E148 Safari/605.1 NAVER(inapp; search; 1000; 11.8.10; 12PROMAX)"
