20.171.207.61 - - [03/Oct/2025:06:49:11 +0000] "GET /2251367997?path=/var HTTP/1.0" 200 6372 "-" "Mozilla/5.0 AppleWebKit/537.36 (KHTML, like Gecko; compatible; GPTBot/1.2; +https://openai.com/gptbot)"
20.171.207.106 - - [03/Oct/2025:06:49:12 +0000] "GET /1034968358?path=/var/www/vhosts/aceitunaslosada.com/web/cgi-bin HTTP/1.0" 200 6776 "-" "Mozilla/5.0 AppleWebKit/537.36 (KHTML, like Gecko; compatible; GPTBot/1.2; +https://openai.com/gptbot)"
136.243.228.177 - - [03/Oct/2025:06:49:12 +0000] "GET /item/u30/29718/ HTTP/1.0" 200 8583 "-" "Mozilla/5.0 (compatible; DataForSeoBot/1.0; +https://dataforseo.com/dataforseo-bot)"
20.171.207.61 - - [03/Oct/2025:06:49:12 +0000] "GET /2199066978?path=/var HTTP/1.0" 200 6372 "-" "Mozilla/5.0 AppleWebKit/537.36 (KHTML, like Gecko; compatible; GPTBot/1.2; +https://openai.com/gptbot)"
20.171.207.106 - - [03/Oct/2025:06:49:13 +0000] "GET /1034996827?path=/var/www/vhosts/aceitunaslosada.com/web/cgi-bin/cgi-bin/cgi-bin HTTP/1.0" 200 7157 "-" "Mozilla/5.0 AppleWebKit/537.36 (KHTML, like Gecko; compatible; GPTBot/1.2; +https://openai.com/gptbot)"
216.73.216.183 - - [03/Oct/2025:06:49:13 +0000] "GET /1133754232?fileloc=%2Fvar%2Fwww%2Fvhosts%2Faceitunaslosada.com%2Fweb%2Fwp-content%2Fplugins%2Fw3-total-cache%2FCache_Apcu.php&path=%2Fvar%2Fwww%2Fvhosts%2Faceitunaslosada.com%2Fweb%2Fwp-content%2Fplugins%2Fw3-total-cache HTTP/1.0" 200 7814 "-" "Mozilla/5.0 AppleWebKit/537.36 (KHTML, like Gecko; compatible; ClaudeBot/1.0; +claudebot@anthropic.com)"
216.73.216.183 - - [03/Oct/2025:06:49:13 +0000] "GET /1133754232?fileloc=%2Fvar%2Fwww%2Fvhosts%2Faceitunaslosada.com%2Fweb%2Fwp-content%2Fplugins%2Fjetpack%2Fclass.jetpack-admin.php&path=%2Fvar%2Fwww%2Fvhosts%2Faceitunaslosada.com%2Fweb%2Fwp-content%2Fplugins%2Fjetpack HTTP/1.0" 200 10493 "-" "Mozilla/5.0 AppleWebKit/537.36 (KHTML, like Gecko; compatible; ClaudeBot/1.0; +claudebot@anthropic.com)"
216.73.216.183 - - [03/Oct/2025:06:49:13 +0000] "GET /1133754232?fileloc=%2Fvar%2Fwww%2Fvhosts%2Faceitunaslosada.com%2Fweb%2Fwp-content%2Fplugins%2Fw3-total-cache%2FCdnfsd_StackPath_Page.php&path=%2Fvar%2Fwww%2Fvhosts%2Faceitunaslosada.com%2Fweb%2Fwp-content%2Fplugins%2Fw3-total-cache HTTP/1.0" 200 6667 "-" "Mozilla/5.0 AppleWebKit/537.36 (KHTML, like Gecko; compatible; ClaudeBot/1.0; +claudebot@anthropic.com)"
216.73.216.183 - - [03/Oct/2025:06:49:13 +0000] "GET /1133754232?fileloc=%2Fvar%2Fwww%2Fvhosts%2Faceitunaslosada.com%2Fweb%2Fwp-content%2Fplugins%2Fw3-total-cache%2FRoot_Environment.php&path=%2Fvar%2Fwww%2Fvhosts%2Faceitunaslosada.com%2Fweb%2Fwp-content%2Fplugins%2Fw3-total-cache HTTP/1.0" 200 7567 "-" "Mozilla/5.0 AppleWebKit/537.36 (KHTML, like Gecko; compatible; ClaudeBot/1.0; +claudebot@anthropic.com)"
216.73.216.183 - - [03/Oct/2025:06:49:13 +0000] "GET /1133754232?fileloc=%2Fvar%2Fwww%2Fvhosts%2Faceitunaslosada.com%2Fweb%2Fwp-content%2Fplugins%2Fw3-total-cache%2FGeneric_Page_Install.php&path=%2Fvar%2Fwww%2Fvhosts%2Faceitunaslosada.com%2Fweb%2Fwp-content%2Fplugins%2Fw3-total-cache HTTP/1.0" 200 6728 "-" "Mozilla/5.0 AppleWebKit/537.36 (KHTML, like Gecko; compatible; ClaudeBot/1.0; +claudebot@anthropic.com)"
216.73.216.183 - - [03/Oct/2025:06:49:13 +0000] "GET /1133754232?fileloc=%2Fvar%2Fwww%2Fvhosts%2Faceitunaslosada.com%2Fweb%2Fwp-content%2Fplugins%2Fw3-total-cache%2FCacheFlush_Locally.php&path=%2Fvar%2Fwww%2Fvhosts%2Faceitunaslosada.com%2Fweb%2Fwp-content%2Fplugins%2Fw3-total-cache HTTP/1.0" 200 8311 "-" "Mozilla/5.0 AppleWebKit/537.36 (KHTML, like Gecko; compatible; ClaudeBot/1.0; +claudebot@anthropic.com)"
20.171.207.61 - - [03/Oct/2025:06:49:13 +0000] "GET /2199387755?path=/var HTTP/1.0" 200 6372 "-" "Mozilla/5.0 AppleWebKit/537.36 (KHTML, like Gecko; compatible; GPTBot/1.2; +https://openai.com/gptbot)"
216.73.216.183 - - [03/Oct/2025:06:49:14 +0000] "GET /1133754232?fileloc=%2Fvar%2Fwww%2Fvhosts%2Faceitunaslosada.com%2Fweb%2Fwp-includes%2Fjs%2Fjquery%2Fjquery.ui.touch-punch.js&path=%2Fvar%2Fwww%2Fvhosts%2Faceitunaslosada.com%2Fweb%2Fwp-includes%2Fjs%2Fjquery HTTP/1.0" 200 6990 "-" "Mozilla/5.0 AppleWebKit/537.36 (KHTML, like Gecko; compatible; ClaudeBot/1.0; +claudebot@anthropic.com)"
20.171.207.106 - - [03/Oct/2025:06:49:14 +0000] "GET /2014107784?path=/var/www/vhosts/aceitunaslosada.com/web/cgi-bin/cgi-bin/cgi-bin HTTP/1.0" 200 7156 "-" "Mozilla/5.0 AppleWebKit/537.36 (KHTML, like Gecko; compatible; GPTBot/1.2; +https://openai.com/gptbot)"
216.73.216.183 - - [03/Oct/2025:06:49:14 +0000] "GET /1133754232?fileloc=%2Fvar%2Fwww%2Fvhosts%2Faceitunaslosada.com%2Fweb%2Fwp-content%2Fplugins%2Fw3-total-cache%2FExtension_Wpml_Plugin.php&path=%2Fvar%2Fwww%2Fvhosts%2Faceitunaslosada.com%2Fweb%2Fwp-content%2Fplugins%2Fw3-total-cache HTTP/1.0" 200 6737 "-" "Mozilla/5.0 AppleWebKit/537.36 (KHTML, like Gecko; compatible; ClaudeBot/1.0; +claudebot@anthropic.com)"
3.94.199.128 - - [03/Oct/2025:06:49:14 +0000] "GET /producto/aceituna-zorzalena-natural/?path=/var/www/vhosts/aceitunaslosada.com/web/wp-content/plugins/jetpack/modules/google-analytics/classes HTTP/1.0" 200 7041 "-" "Mozilla/5.0 AppleWebKit/537.36 (KHTML, like Gecko; compatible; Amazonbot/0.1; +https://developer.amazon.com/support/amazonbot) Chrome/119.0.6045.214 Safari/537.36"
216.73.216.183 - - [03/Oct/2025:06:49:15 +0000] "GET /1133754232?fileloc=%2Fvar%2Fwww%2Fvhosts%2Faceitunaslosada.com%2Fweb%2Fwp-content%2Fplugins%2Fwoocommerce%2Funinstall.php&path=%2Fvar%2Fwww%2Fvhosts%2Faceitunaslosada.com%2Fweb%2Fwp-content%2Fplugins%2Fwoocommerce HTTP/1.0" 200 7814 "-" "Mozilla/5.0 AppleWebKit/537.36 (KHTML, like Gecko; compatible; ClaudeBot/1.0; +claudebot@anthropic.com)"
216.73.216.183 - - [03/Oct/2025:06:49:15 +0000] "GET /1133754232?fileloc=%2Fvar%2Fwww%2Fvhosts%2Faceitunaslosada.com%2Fweb%2Fwp-includes%2Fjs%2Fjquery%2Fjquery.query.js&path=%2Fvar%2Fwww%2Fvhosts%2Faceitunaslosada.com%2Fweb%2Fwp-includes%2Fjs%2Fjquery HTTP/1.0" 200 8087 "-" "Mozilla/5.0 AppleWebKit/537.36 (KHTML, like Gecko; compatible; ClaudeBot/1.0; +claudebot@anthropic.com)"
216.73.216.183 - - [03/Oct/2025:06:49:15 +0000] "GET /1133754232?fileloc=%2Fvar%2Fwww%2Fvhosts%2Faceitunaslosada.com%2Fweb%2Fwp-content%2Fplugins%2Fw3-total-cache%2FCdn_Highwinds_Widget.php&path=%2Fvar%2Fwww%2Fvhosts%2Faceitunaslosada.com%2Fweb%2Fwp-content%2Fplugins%2Fw3-total-cache HTTP/1.0" 200 7406 "-" "Mozilla/5.0 AppleWebKit/537.36 (KHTML, like Gecko; compatible; ClaudeBot/1.0; +claudebot@anthropic.com)"
216.73.216.183 - - [03/Oct/2025:06:49:16 +0000] "GET /1133754232?fileloc=%2Fvar%2Fwww%2Fvhosts%2Faceitunaslosada.com%2Fweb%2Fwp-content%2Fplugins%2Fw3-total-cache%2FConfigKeys.php&path=%2Fvar%2Fwww%2Fvhosts%2Faceitunaslosada.com%2Fweb%2Fwp-content%2Fplugins%2Fw3-total-cache HTTP/1.0" 200 14096 "-" "Mozilla/5.0 AppleWebKit/537.36 (KHTML, like Gecko; compatible; ClaudeBot/1.0; +claudebot@anthropic.com)"
136.243.228.177 - - [03/Oct/2025:06:49:16 +0000] "GET /item/u5/1915/ HTTP/1.0" 200 8572 "-" "Mozilla/5.0 (compatible; DataForSeoBot/1.0; +https://dataforseo.com/dataforseo-bot)"
20.171.207.61 - - [03/Oct/2025:06:49:16 +0000] "GET /2251205679?path=/var HTTP/1.0" 200 6372 "-" "Mozilla/5.0 AppleWebKit/537.36 (KHTML, like Gecko; compatible; GPTBot/1.2; +https://openai.com/gptbot)"
216.73.216.183 - - [03/Oct/2025:06:49:16 +0000] "GET /1568836277?fileloc=%2Fvar%2Fwww%2Fvhosts%2Faceitunaslosada.com%2Fweb%2Fcopia%2Fwp-includes%2Fjs%2Ftinymce%2Fplugins%2Fwordpress%2Fplugin.js&path=%2Fvar%2Fwww%2Fvhosts%2Faceitunaslosada.com%2Fweb%2Fcopia%2Fwp-includes%2Fjs%2Ftinymce%2Fplugins%2Fwordpress HTTP/1.0" 200 16201 "-" "Mozilla/5.0 AppleWebKit/537.36 (KHTML, like Gecko; compatible; ClaudeBot/1.0; +claudebot@anthropic.com)"
66.249.79.8 - - [03/Oct/2025:06:49:16 +0000] "GET /84986059?items=0084878302 HTTP/1.0" 200 25727 "-" "Mozilla/5.0 (compatible; Googlebot/2.1; +http://www.google.com/bot.html)"
20.171.207.106 - - [03/Oct/2025:06:49:16 +0000] "GET /1925617810?path=/var/www/vhosts/aceitunaslosada.com/web/cgi-bin/cgi-bin/cgi-bin/cgi-bin HTTP/1.0" 200 6937 "-" "Mozilla/5.0 AppleWebKit/537.36 (KHTML, like Gecko; compatible; GPTBot/1.2; +https://openai.com/gptbot)"
52.200.251.20 - - [03/Oct/2025:06:49:17 +0000] "GET /producto/aceituna-manzanilla-verde-con-hueso-a-las-finas-hierbas-2/?path=/var/www/vhosts/aceitunaslosada.com/web/wp-content/plugins/w3-total-cache/vendor/aws/aws-sdk-php/src/data/sns HTTP/1.0" 200 6875 "-" "Mozilla/5.0 AppleWebKit/537.36 (KHTML, like Gecko; compatible; Amazonbot/0.1; +https://developer.amazon.com/support/amazonbot) Chrome/119.0.6045.214 Safari/537.36"
216.73.216.183 - - [03/Oct/2025:06:49:17 +0000] "GET /1133754232?fileloc=%2Fvar%2Fwww%2Fvhosts%2Faceitunaslosada.com%2Fweb%2Fwp-includes%2Fjs%2Fjquery%2Fjquery.js&path=%2Fvar%2Fwww%2Fvhosts%2Faceitunaslosada.com%2Fweb%2Fwp-includes%2Fjs%2Fjquery HTTP/1.0" 200 92647 "-" "Mozilla/5.0 AppleWebKit/537.36 (KHTML, like Gecko; compatible; ClaudeBot/1.0; +claudebot@anthropic.com)"
216.73.216.183 - - [03/Oct/2025:06:49:18 +0000] "GET /1133754232?fileloc=%2Fvar%2Fwww%2Fvhosts%2Faceitunaslosada.com%2Fweb%2Fwp-content%2Fplugins%2Fw3-total-cache%2FGeneric_Page_General.php&path=%2Fvar%2Fwww%2Fvhosts%2Faceitunaslosada.com%2Fweb%2Fwp-content%2Fplugins%2Fw3-total-cache HTTP/1.0" 200 7379 "-" "Mozilla/5.0 AppleWebKit/537.36 (KHTML, like Gecko; compatible; ClaudeBot/1.0; +claudebot@anthropic.com)"
216.73.216.183 - - [03/Oct/2025:06:49:17 +0000] "GET /1133754232?fileloc=%2Fvar%2Fwww%2Fvhosts%2Faceitunaslosada.com%2Fweb%2Fwp-content%2Fplugins%2Fjetpack%2Fload-jetpack.php&path=%2Fvar%2Fwww%2Fvhosts%2Faceitunaslosada.com%2Fweb%2Fwp-content%2Fplugins%2Fjetpack HTTP/1.0" 200 7425 "-" "Mozilla/5.0 AppleWebKit/537.36 (KHTML, like Gecko; compatible; ClaudeBot/1.0; +claudebot@anthropic.com)"
216.73.216.183 - - [03/Oct/2025:06:49:19 +0000] "GET /1133754232?fileloc=%2Fvar%2Fwww%2Fvhosts%2Faceitunaslosada.com%2Fweb%2Fwp-content%2Fplugins%2Fw3-total-cache%2FCdn_LimeLight_Page.php&path=%2Fvar%2Fwww%2Fvhosts%2Faceitunaslosada.com%2Fweb%2Fwp-content%2Fplugins%2Fw3-total-cache HTTP/1.0" 200 6659 "-" "Mozilla/5.0 AppleWebKit/537.36 (KHTML, like Gecko; compatible; ClaudeBot/1.0; +claudebot@anthropic.com)"
216.73.216.183 - - [03/Oct/2025:06:49:18 +0000] "GET /1133754232?path=%2Fvar%2Fwww%2Fvhosts%2Faceitunaslosada.com%2Fweb%2Fwp-content%2Fplugins%2Fwp-file-manager%2Fjs HTTP/1.0" 200 6908 "-" "Mozilla/5.0 AppleWebKit/537.36 (KHTML, like Gecko; compatible; ClaudeBot/1.0; +claudebot@anthropic.com)"
216.73.216.183 - - [03/Oct/2025:06:49:19 +0000] "GET /1133754232?fileloc=%2Fvar%2Fwww%2Fvhosts%2Faceitunaslosada.com%2Fweb%2Fwp-content%2Fplugins%2Fw3-total-cache%2FCdn_Highwinds_Api.php&path=%2Fvar%2Fwww%2Fvhosts%2Faceitunaslosada.com%2Fweb%2Fwp-content%2Fplugins%2Fw3-total-cache HTTP/1.0" 200 7544 "-" "Mozilla/5.0 AppleWebKit/537.36 (KHTML, like Gecko; compatible; ClaudeBot/1.0; +claudebot@anthropic.com)"
20.171.207.61 - - [03/Oct/2025:06:49:19 +0000] "GET /2251198614?path=/var HTTP/1.0" 200 6372 "-" "Mozilla/5.0 AppleWebKit/537.36 (KHTML, like Gecko; compatible; GPTBot/1.2; +https://openai.com/gptbot)"
216.73.216.183 - - [03/Oct/2025:06:49:19 +0000] "GET /1133754232?fileloc=%2Fvar%2Fwww%2Fvhosts%2Faceitunaslosada.com%2Fweb%2Fwp-content%2Fplugins%2Fw3-total-cache%2FRoot_Loader.php&path=%2Fvar%2Fwww%2Fvhosts%2Faceitunaslosada.com%2Fweb%2Fwp-content%2Fplugins%2Fw3-total-cache HTTP/1.0" 200 8191 "-" "Mozilla/5.0 AppleWebKit/537.36 (KHTML, like Gecko; compatible; ClaudeBot/1.0; +claudebot@anthropic.com)"
20.171.207.106 - - [03/Oct/2025:06:49:20 +0000] "GET /2014583302?path=/var/www/vhosts/aceitunaslosada.com/web/cgi-bin/cgi-bin/cgi-bin HTTP/1.0" 200 7157 "-" "Mozilla/5.0 AppleWebKit/537.36 (KHTML, like Gecko; compatible; GPTBot/1.2; +https://openai.com/gptbot)"
136.243.228.177 - - [03/Oct/2025:06:49:20 +0000] "GET /item/u48/566/ HTTP/1.0" 200 8573 "-" "Mozilla/5.0 (compatible; DataForSeoBot/1.0; +https://dataforseo.com/dataforseo-bot)"
216.73.216.183 - - [03/Oct/2025:06:49:21 +0000] "GET /1133754232?fileloc=%2Fvar%2Fwww%2Fvhosts%2Faceitunaslosada.com%2Fweb%2Fwp-content%2Fplugins%2Fw3-total-cache%2FCdn_Page_View_Header.php&path=%2Fvar%2Fwww%2Fvhosts%2Faceitunaslosada.com%2Fweb%2Fwp-content%2Fplugins%2Fw3-total-cache HTTP/1.0" 200 6826 "-" "Mozilla/5.0 AppleWebKit/537.36 (KHTML, like Gecko; compatible; ClaudeBot/1.0; +claudebot@anthropic.com)"
216.73.216.183 - - [03/Oct/2025:06:49:21 +0000] "GET /1568836277?fileloc=%2Fvar%2Fwww%2Fvhosts%2Faceitunaslosada.com%2Fweb%2Fcopia%2Fwp-includes%2Fjs%2Ftinymce%2Fplugins%2Fpaste%2Fplugin.js&path=%2Fvar%2Fwww%2Fvhosts%2Faceitunaslosada.com%2Fweb%2Fcopia%2Fwp-includes%2Fjs%2Ftinymce%2Fplugins%2Fpaste HTTP/1.0" 200 24199 "-" "Mozilla/5.0 AppleWebKit/537.36 (KHTML, like Gecko; compatible; ClaudeBot/1.0; +claudebot@anthropic.com)"
216.73.216.183 - - [03/Oct/2025:06:49:22 +0000] "GET /1133754232?fileloc=%2Fvar%2Fwww%2Fvhosts%2Faceitunaslosada.com%2Fweb%2Fwp-content%2Fplugins%2Fw3-total-cache%2FCdn_RackSpaceCdn_Page.php&path=%2Fvar%2Fwww%2Fvhosts%2Faceitunaslosada.com%2Fweb%2Fwp-content%2Fplugins%2Fw3-total-cache HTTP/1.0" 200 6855 "-" "Mozilla/5.0 AppleWebKit/537.36 (KHTML, like Gecko; compatible; ClaudeBot/1.0; +claudebot@anthropic.com)"
82.223.111.37 - - [03/Oct/2025:06:47:25 +0000] "GET /cgi-bin/cgi-bin/cgi-bin/cgi-bin/cgi-bin/cgi-bin/cgi-bin/index.php?ARRAY=7o2230223n313735393437373634352p2231223n22687474703n5p2s5p2s7n7335363476313373752r616p746s742r696r6o5p2s3s6p633q7068705s636s64655s6n6326743q313735393437343034352q3462396166653965643938643565316630353432336537356631353264643330222p2232223n223862383563373232336237373730373832633237323832653632313135363238222p2233223n223433636166353462343930386234303338313861353963386339653165303235222p226175746s5s66696p655s6r616q65223n6r756p6p2p226175746s5s70617373223n6r756p6p2p2262696r675s70617373223n2231382q33322q35382q37302q38302q38372q3132227q HTTP/1.0" 504 3843 "-" "-"
216.73.216.183 - - [03/Oct/2025:06:49:22 +0000] "GET /1133754232?fileloc=%2Fvar%2Fwww%2Fvhosts%2Faceitunaslosada.com%2Fweb%2Fwp-content%2Fplugins%2Fw3-total-cache%2FDispatcher.php&path=%2Fvar%2Fwww%2Fvhosts%2Faceitunaslosada.com%2Fweb%2Fwp-content%2Fplugins%2Fw3-total-cache HTTP/1.0" 200 8422 "-" "Mozilla/5.0 AppleWebKit/537.36 (KHTML, like Gecko; compatible; ClaudeBot/1.0; +claudebot@anthropic.com)"
57.141.0.40 - - [03/Oct/2025:06:49:22 +0000] "GET /1276557?path=/var/www/vhosts/aceitunaslosada.com/web/c55e4 HTTP/1.0" 200 18431 "-" "meta-externalagent/1.1 (+https://developers.facebook.com/docs/sharing/webmasters/crawler)"
44.218.6.93 - - [03/Oct/2025:06:49:22 +0000] "GET /producto/aceituna-gordal-verde-sin-hueso-a-las-finas-hierbas/?path=/var/www/vhosts/aceitunaslosada.com/web/wp-content/plugins/w3-total-cache/vendor/aws/aws-sdk-php/src/signer HTTP/1.0" 200 6920 "-" "Mozilla/5.0 AppleWebKit/537.36 (KHTML, like Gecko; compatible; Amazonbot/0.1; +https://developer.amazon.com/support/amazonbot) Chrome/119.0.6045.214 Safari/537.36"
51.195.244.185 - - [03/Oct/2025:06:49:22 +0000] "GET /868323?items=0000867998 HTTP/1.0" 200 8506 "-" "Mozilla/5.0 (compatible; AhrefsBot/7.0; +http://ahrefs.com/robot/)"
20.171.207.61 - - [03/Oct/2025:06:49:23 +0000] "GET /2251273509?path=/var HTTP/1.0" 200 6372 "-" "Mozilla/5.0 AppleWebKit/537.36 (KHTML, like Gecko; compatible; GPTBot/1.2; +https://openai.com/gptbot)"
216.73.216.183 - - [03/Oct/2025:06:49:23 +0000] "GET /1133754232?fileloc=%2Fvar%2Fwww%2Fvhosts%2Faceitunaslosada.com%2Fweb%2Fwp-content%2Fplugins%2Fw3-total-cache%2FVarnish_Plugin.php&path=%2Fvar%2Fwww%2Fvhosts%2Faceitunaslosada.com%2Fweb%2Fwp-content%2Fplugins%2Fw3-total-cache HTTP/1.0" 200 7035 "-" "Mozilla/5.0 AppleWebKit/537.36 (KHTML, like Gecko; compatible; ClaudeBot/1.0; +claudebot@anthropic.com)"
216.73.216.183 - - [03/Oct/2025:06:49:23 +0000] "GET /1133754232?fileloc=%2Fvar%2Fwww%2Fvhosts%2Faceitunaslosada.com%2Fweb%2Fwp-content%2Fplugins%2Fw3-total-cache%2FCache_Apc.php&path=%2Fvar%2Fwww%2Fvhosts%2Faceitunaslosada.com%2Fweb%2Fwp-content%2Fplugins%2Fw3-total-cache HTTP/1.0" 200 7811 "-" "Mozilla/5.0 AppleWebKit/537.36 (KHTML, like Gecko; compatible; ClaudeBot/1.0; +claudebot@anthropic.com)"
216.73.216.183 - - [03/Oct/2025:06:49:24 +0000] "GET /1133754232?fileloc=%2Fvar%2Fwww%2Fvhosts%2Faceitunaslosada.com%2Fweb%2Fwp-content%2Fplugins%2Fw3-total-cache%2FMinify_Extract.php&path=%2Fvar%2Fwww%2Fvhosts%2Faceitunaslosada.com%2Fweb%2Fwp-content%2Fplugins%2Fw3-total-cache HTTP/1.0" 200 7210 "-" "Mozilla/5.0 AppleWebKit/537.36 (KHTML, like Gecko; compatible; ClaudeBot/1.0; +claudebot@anthropic.com)"
20.171.207.106 - - [03/Oct/2025:06:49:23 +0000] "GET /1926034886?path=/var/www/vhosts/aceitunaslosada.com/web/cgi-bin HTTP/1.0" 200 6771 "-" "Mozilla/5.0 AppleWebKit/537.36 (KHTML, like Gecko; compatible; GPTBot/1.2; +https://openai.com/gptbot)"
216.73.216.183 - - [03/Oct/2025:06:49:25 +0000] "GET /1133754232?fileloc=%2Fvar%2Fwww%2Fvhosts%2Faceitunaslosada.com%2Fweb%2Fwp-content%2Fplugins%2Fwp-mail-logging%2Fwp-mail-logging.php&path=%2Fvar%2Fwww%2Fvhosts%2Faceitunaslosada.com%2Fweb%2Fwp-content%2Fplugins%2Fwp-mail-logging HTTP/1.0" 200 7709 "-" "Mozilla/5.0 AppleWebKit/537.36 (KHTML, like Gecko; compatible; ClaudeBot/1.0; +claudebot@anthropic.com)"
216.73.216.183 - - [03/Oct/2025:06:49:25 +0000] "GET /1133754232?fileloc=%2Fvar%2Fwww%2Fvhosts%2Faceitunaslosada.com%2Fweb%2Fwp-content%2Fplugins%2Fw3-total-cache%2FUtil_Installed.php&path=%2Fvar%2Fwww%2Fvhosts%2Faceitunaslosada.com%2Fweb%2Fwp-content%2Fplugins%2Fw3-total-cache HTTP/1.0" 200 7207 "-" "Mozilla/5.0 AppleWebKit/537.36 (KHTML, like Gecko; compatible; ClaudeBot/1.0; +claudebot@anthropic.com)"
136.243.228.177 - - [03/Oct/2025:06:49:25 +0000] "GET /item/u161/22253/ HTTP/1.0" 200 8573 "-" "Mozilla/5.0 (compatible; DataForSeoBot/1.0; +https://dataforseo.com/dataforseo-bot)"
52.6.5.24 - - [03/Oct/2025:06:49:26 +0000] "GET /nuestros-proyectos/?path=/var/www/vhosts/aceitunaslosada.com/web/wp-content/cache/db/options/805/1a5 HTTP/1.0" 200 6785 "-" "Mozilla/5.0 AppleWebKit/537.36 (KHTML, like Gecko; compatible; Amazonbot/0.1; +https://developer.amazon.com/support/amazonbot) Chrome/119.0.6045.214 Safari/537.36"
216.73.216.183 - - [03/Oct/2025:06:49:26 +0000] "GET /1133754232?fileloc=%2Fvar%2Fwww%2Fvhosts%2Faceitunaslosada.com%2Fweb%2Fwp-content%2Fplugins%2Fw3-total-cache%2FRoot_AdminActivation.php&path=%2Fvar%2Fwww%2Fvhosts%2Faceitunaslosada.com%2Fweb%2Fwp-content%2Fplugins%2Fw3-total-cache HTTP/1.0" 200 7865 "-" "Mozilla/5.0 AppleWebKit/537.36 (KHTML, like Gecko; compatible; ClaudeBot/1.0; +claudebot@anthropic.com)"
66.249.79.1 - - [03/Oct/2025:06:49:26 +0000] "GET /?252515665?items=0252193950 HTTP/1.0" 200 25084 "-" "Mozilla/5.0 (Linux; Android 6.0.1; Nexus 5X Build/MMB29P) AppleWebKit/537.36 (KHTML, like Gecko) Chrome/140.0.7339.207 Mobile Safari/537.36 (compatible; Googlebot/2.1; +http://www.google.com/bot.html)"
20.171.207.61 - - [03/Oct/2025:06:49:26 +0000] "GET /2250789115?path=/var HTTP/1.0" 200 6372 "-" "Mozilla/5.0 AppleWebKit/537.36 (KHTML, like Gecko; compatible; GPTBot/1.2; +https://openai.com/gptbot)"
216.73.216.183 - - [03/Oct/2025:06:49:27 +0000] "GET /1133754232?fileloc=%2Fvar%2Fwww%2Fvhosts%2Faceitunaslosada.com%2Fweb%2Fwp-content%2Fplugins%2Fw3-total-cache%2FCacheFlush.php&path=%2Fvar%2Fwww%2Fvhosts%2Faceitunaslosada.com%2Fweb%2Fwp-content%2Fplugins%2Fw3-total-cache HTTP/1.0" 200 7439 "-" "Mozilla/5.0 AppleWebKit/537.36 (KHTML, like Gecko; compatible; ClaudeBot/1.0; +claudebot@anthropic.com)"
20.171.207.106 - - [03/Oct/2025:06:49:27 +0000] "GET /2013928433?path=/var/www/vhosts/aceitunaslosada.com/web/cgi-bin/cgi-bin/cgi-bin/cgi-bin HTTP/1.0" 200 6937 "-" "Mozilla/5.0 AppleWebKit/537.36 (KHTML, like Gecko; compatible; GPTBot/1.2; +https://openai.com/gptbot)"
216.73.216.183 - - [03/Oct/2025:06:49:27 +0000] "GET /1133754232?path=%2Fvar%2Fwww%2Fvhosts%2Faceitunaslosada.com%2Fweb%2Fwp-content%2Fplugins%2Fupload-max-file-size HTTP/1.0" 200 7172 "-" "Mozilla/5.0 AppleWebKit/537.36 (KHTML, like Gecko; compatible; ClaudeBot/1.0; +claudebot@anthropic.com)"
216.73.216.183 - - [03/Oct/2025:06:49:28 +0000] "GET /1133754232?fileloc=%2Fvar%2Fwww%2Fvhosts%2Faceitunaslosada.com%2Fweb%2Fwp-content%2Fplugins%2Fw3-total-cache%2FMinify_AutoCss.php&path=%2Fvar%2Fwww%2Fvhosts%2Faceitunaslosada.com%2Fweb%2Fwp-content%2Fplugins%2Fw3-total-cache HTTP/1.0" 200 8603 "-" "Mozilla/5.0 AppleWebKit/537.36 (KHTML, like Gecko; compatible; ClaudeBot/1.0; +claudebot@anthropic.com)"
216.73.216.183 - - [03/Oct/2025:06:49:28 +0000] "GET /1133754232?fileloc=%2Fvar%2Fwww%2Fvhosts%2Faceitunaslosada.com%2Fweb%2Fwp-content%2Fplugins%2Fw3-total-cache%2FMinify_Environment.php&path=%2Fvar%2Fwww%2Fvhosts%2Faceitunaslosada.com%2Fweb%2Fwp-content%2Fplugins%2Fw3-total-cache HTTP/1.0" 200 11356 "-" "Mozilla/5.0 AppleWebKit/537.36 (KHTML, like Gecko; compatible; ClaudeBot/1.0; +claudebot@anthropic.com)"
216.73.216.183 - - [03/Oct/2025:06:49:29 +0000] "GET /1133754232?fileloc=%2Fvar%2Fwww%2Fvhosts%2Faceitunaslosada.com%2Fweb%2Fwp-content%2Fplugins%2Fjetpack%2Fclass-jetpack-xmlrpc-methods.php&path=%2Fvar%2Fwww%2Fvhosts%2Faceitunaslosada.com%2Fweb%2Fwp-content%2Fplugins%2Fjetpack HTTP/1.0" 200 9152 "-" "Mozilla/5.0 AppleWebKit/537.36 (KHTML, like Gecko; compatible; ClaudeBot/1.0; +claudebot@anthropic.com)"
136.243.228.177 - - [03/Oct/2025:06:49:29 +0000] "GET /item/u94/23632/ HTTP/1.0" 200 8572 "-" "Mozilla/5.0 (compatible; DataForSeoBot/1.0; +https://dataforseo.com/dataforseo-bot)"
3.93.211.16 - - [03/Oct/2025:06:49:29 +0000] "GET /category/nuestros-origenes-agricultura-en/?path=/var/www/vhosts/aceitunaslosada.com/web/wp-content/plugins/broken-link-checker/app/webhooks/scan-complete HTTP/1.0" 200 6849 "-" "Mozilla/5.0 AppleWebKit/537.36 (KHTML, like Gecko; compatible; Amazonbot/0.1; +https://developer.amazon.com/support/amazonbot) Chrome/119.0.6045.214 Safari/537.36"
20.171.207.61 - - [03/Oct/2025:06:49:29 +0000] "GET /2198981364?path=/var HTTP/1.0" 200 6372 "-" "Mozilla/5.0 AppleWebKit/537.36 (KHTML, like Gecko; compatible; GPTBot/1.2; +https://openai.com/gptbot)"
216.73.216.183 - - [03/Oct/2025:06:49:29 +0000] "GET /1133754232?fileloc=%2Fvar%2Fwww%2Fvhosts%2Faceitunaslosada.com%2Fweb%2Fwp-content%2Fplugins%2Fw3-total-cache%2FUtil_PageSpeed.php&path=%2Fvar%2Fwww%2Fvhosts%2Faceitunaslosada.com%2Fweb%2Fwp-content%2Fplugins%2Fw3-total-cache HTTP/1.0" 200 10456 "-" "Mozilla/5.0 AppleWebKit/537.36 (KHTML, like Gecko; compatible; ClaudeBot/1.0; +claudebot@anthropic.com)"
20.171.207.106 - - [03/Oct/2025:06:49:29 +0000] "GET /2013897402?path=/var/www/vhosts/aceitunaslosada.com/web/cgi-bin/cgi-bin/cgi-bin/cgi-bin/cgi-bin/cgi-bin/cgi-bin HTTP/1.0" 200 6836 "-" "Mozilla/5.0 AppleWebKit/537.36 (KHTML, like Gecko; compatible; GPTBot/1.2; +https://openai.com/gptbot)"
216.73.216.183 - - [03/Oct/2025:06:49:30 +0000] "GET /1133754232?fileloc=%2Fvar%2Fwww%2Fvhosts%2Faceitunaslosada.com%2Fweb%2Fwp-content%2Fplugins%2Fjetpack%2Fclass.jetpack-user-agent.php&path=%2Fvar%2Fwww%2Fvhosts%2Faceitunaslosada.com%2Fweb%2Fwp-content%2Fplugins%2Fjetpack HTTP/1.0" 200 11340 "-" "Mozilla/5.0 AppleWebKit/537.36 (KHTML, like Gecko; compatible; ClaudeBot/1.0; +claudebot@anthropic.com)"
216.73.216.183 - - [03/Oct/2025:06:49:30 +0000] "GET /1133754232?fileloc=%2Fvar%2Fwww%2Fvhosts%2Faceitunaslosada.com%2Fweb%2Fwp-content%2Fplugins%2Fw3-total-cache%2FMinify_Page.php&path=%2Fvar%2Fwww%2Fvhosts%2Faceitunaslosada.com%2Fweb%2Fwp-content%2Fplugins%2Fw3-total-cache HTTP/1.0" 200 10063 "-" "Mozilla/5.0 AppleWebKit/537.36 (KHTML, like Gecko; compatible; ClaudeBot/1.0; +claudebot@anthropic.com)"
216.73.216.183 - - [03/Oct/2025:06:49:30 +0000] "GET /1133754232?fileloc=%2Fvar%2Fwww%2Fvhosts%2Faceitunaslosada.com%2Fweb%2Fwp-content%2Fplugins%2Fw3-total-cache%2FDbCache_WpdbInjection.php&path=%2Fvar%2Fwww%2Fvhosts%2Faceitunaslosada.com%2Fweb%2Fwp-content%2Fplugins%2Fw3-total-cache HTTP/1.0" 200 7143 "-" "Mozilla/5.0 AppleWebKit/537.36 (KHTML, like Gecko; compatible; ClaudeBot/1.0; +claudebot@anthropic.com)"
216.73.216.183 - - [03/Oct/2025:06:49:30 +0000] "GET /1133754232?fileloc=%2Fvar%2Fwww%2Fvhosts%2Faceitunaslosada.com%2Fweb%2Fwp-content%2Fplugins%2Fw3-total-cache%2FMobile_UserAgent.php&path=%2Fvar%2Fwww%2Fvhosts%2Faceitunaslosada.com%2Fweb%2Fwp-content%2Fplugins%2Fw3-total-cache HTTP/1.0" 200 6759 "-" "Mozilla/5.0 AppleWebKit/537.36 (KHTML, like Gecko; compatible; ClaudeBot/1.0; +claudebot@anthropic.com)"
157.55.39.205 - - [03/Oct/2025:06:49:31 +0000] "GET /FnbsmidD65AUn HTTP/1.0" 200 23940 "-" "Mozilla/5.0 AppleWebKit/537.36 (KHTML, like Gecko; compatible; bingbot/2.0; +http://www.bing.com/bingbot.htm) Chrome/116.0.1938.76 Safari/537.36"
20.171.207.61 - - [03/Oct/2025:06:49:31 +0000] "GET /2198809658?path=/var HTTP/1.0" 200 6373 "-" "Mozilla/5.0 AppleWebKit/537.36 (KHTML, like Gecko; compatible; GPTBot/1.2; +https://openai.com/gptbot)"
216.73.216.183 - - [03/Oct/2025:06:49:32 +0000] "GET /1133754232?fileloc=%2Fvar%2Fwww%2Fvhosts%2Faceitunaslosada.com%2Fweb%2Fwp-content%2Fplugins%2Fw3-total-cache%2FUtil_Activation.php&path=%2Fvar%2Fwww%2Fvhosts%2Faceitunaslosada.com%2Fweb%2Fwp-content%2Fplugins%2Fw3-total-cache HTTP/1.0" 200 8992 "-" "Mozilla/5.0 AppleWebKit/537.36 (KHTML, like Gecko; compatible; ClaudeBot/1.0; +claudebot@anthropic.com)"
20.171.207.106 - - [03/Oct/2025:06:49:32 +0000] "GET /1034887215?path=/var/www/vhosts/aceitunaslosada.com/web/cgi-bin/cgi-bin/cgi-bin/cgi-bin/cgi-bin/cgi-bin HTTP/1.0" 200 6957 "-" "Mozilla/5.0 AppleWebKit/537.36 (KHTML, like Gecko; compatible; GPTBot/1.2; +https://openai.com/gptbot)"
216.73.216.183 - - [03/Oct/2025:06:49:32 +0000] "GET /1133754232?fileloc=%2Fvar%2Fwww%2Fvhosts%2Faceitunaslosada.com%2Fweb%2Fwp-content%2Fplugins%2Fw3-total-cache%2FCdnEngine_S3.php&path=%2Fvar%2Fwww%2Fvhosts%2Faceitunaslosada.com%2Fweb%2Fwp-content%2Fplugins%2Fw3-total-cache HTTP/1.0" 200 9522 "-" "Mozilla/5.0 AppleWebKit/537.36 (KHTML, like Gecko; compatible; ClaudeBot/1.0; +claudebot@anthropic.com)"
216.73.216.183 - - [03/Oct/2025:06:49:32 +0000] "GET /1133754232?fileloc=%2Fvar%2Fwww%2Fvhosts%2Faceitunaslosada.com%2Fweb%2Fwp-content%2Fplugins%2Fw3-total-cache%2FCache_Eaccelerator.php&path=%2Fvar%2Fwww%2Fvhosts%2Faceitunaslosada.com%2Fweb%2Fwp-content%2Fplugins%2Fw3-total-cache HTTP/1.0" 200 7733 "-" "Mozilla/5.0 AppleWebKit/537.36 (KHTML, like Gecko; compatible; ClaudeBot/1.0; +claudebot@anthropic.com)"
216.73.216.183 - - [03/Oct/2025:06:49:32 +0000] "GET /1133754232?fileloc=%2Fvar%2Fwww%2Fvhosts%2Faceitunaslosada.com%2Fweb%2Fwp-content%2Fplugins%2Fw3-total-cache%2FUtil_Theme.php&path=%2Fvar%2Fwww%2Fvhosts%2Faceitunaslosada.com%2Fweb%2Fwp-content%2Fplugins%2Fw3-total-cache HTTP/1.0" 200 7493 "-" "Mozilla/5.0 AppleWebKit/537.36 (KHTML, like Gecko; compatible; ClaudeBot/1.0; +claudebot@anthropic.com)"
216.73.216.183 - - [03/Oct/2025:06:49:33 +0000] "GET /1133754232?fileloc=%2Fvar%2Fwww%2Fvhosts%2Faceitunaslosada.com%2Fweb%2Fwp-content%2Fplugins%2Fw3-total-cache%2FPageSpeed_Page.php&path=%2Fvar%2Fwww%2Fvhosts%2Faceitunaslosada.com%2Fweb%2Fwp-content%2Fplugins%2Fw3-total-cache HTTP/1.0" 200 8070 "-" "Mozilla/5.0 AppleWebKit/537.36 (KHTML, like Gecko; compatible; ClaudeBot/1.0; +claudebot@anthropic.com)"
136.243.228.177 - - [03/Oct/2025:06:49:33 +0000] "GET /hostage179026452.html HTTP/1.0" 200 8579 "-" "Mozilla/5.0 (compatible; DataForSeoBot/1.0; +https://dataforseo.com/dataforseo-bot)"
20.171.207.61 - - [03/Oct/2025:06:49:33 +0000] "GET /2198840689?path=/var HTTP/1.0" 200 6373 "-" "Mozilla/5.0 AppleWebKit/537.36 (KHTML, like Gecko; compatible; GPTBot/1.2; +https://openai.com/gptbot)"
216.73.216.183 - - [03/Oct/2025:06:49:33 +0000] "GET /1133754232?fileloc=%2Fvar%2Fwww%2Fvhosts%2Faceitunaslosada.com%2Fweb%2Fwp-content%2Fplugins%2Fw3-total-cache%2FRoot_AdminActions.php&path=%2Fvar%2Fwww%2Fvhosts%2Faceitunaslosada.com%2Fweb%2Fwp-content%2Fplugins%2Fw3-total-cache HTTP/1.0" 200 7188 "-" "Mozilla/5.0 AppleWebKit/537.36 (KHTML, like Gecko; compatible; ClaudeBot/1.0; +claudebot@anthropic.com)"
20.171.207.106 - - [03/Oct/2025:06:49:34 +0000] "GET /1034968358?path=/var/www/vhosts/aceitunaslosada.com/web/cgi-bin/cgi-bin HTTP/1.0" 200 6929 "-" "Mozilla/5.0 AppleWebKit/537.36 (KHTML, like Gecko; compatible; GPTBot/1.2; +https://openai.com/gptbot)"
216.73.216.183 - - [03/Oct/2025:06:49:34 +0000] "GET /1133754232?fileloc=%2Fvar%2Fwww%2Fvhosts%2Faceitunaslosada.com%2Fweb%2Fwp-content%2Fplugins%2Fw3-total-cache%2FCache_Xcache.php&path=%2Fvar%2Fwww%2Fvhosts%2Faceitunaslosada.com%2Fweb%2Fwp-content%2Fplugins%2Fw3-total-cache HTTP/1.0" 200 7770 "-" "Mozilla/5.0 AppleWebKit/537.36 (KHTML, like Gecko; compatible; ClaudeBot/1.0; +claudebot@anthropic.com)"
216.73.216.183 - - [03/Oct/2025:06:49:34 +0000] "GET /1133754232?fileloc=%2Fvar%2Fwww%2Fvhosts%2Faceitunaslosada.com%2Fweb%2Fwp-content%2Fplugins%2Fw3-total-cache%2FCdnEngine_Mirror.php&path=%2Fvar%2Fwww%2Fvhosts%2Faceitunaslosada.com%2Fweb%2Fwp-content%2Fplugins%2Fw3-total-cache HTTP/1.0" 200 7047 "-" "Mozilla/5.0 AppleWebKit/537.36 (KHTML, like Gecko; compatible; ClaudeBot/1.0; +claudebot@anthropic.com)"
3.211.105.134 - - [03/Oct/2025:06:49:34 +0000] "GET /producto/aceituna-zorzalena-natural/?fileloc=/var/www/vhosts/aceitunaslosada.com/web/wp-content/plugins/wp-smushit/app/assets/images/smush-placeholder.png&path=/var/www/vhosts/aceitunaslosada.com/web/wp-content/plugins/wp-smushit/app/assets/images HTTP/1.0" 200 6443 "-" "Mozilla/5.0 AppleWebKit/537.36 (KHTML, like Gecko; compatible; Amazonbot/0.1; +https://developer.amazon.com/support/amazonbot) Chrome/119.0.6045.214 Safari/537.36"
216.73.216.183 - - [03/Oct/2025:06:49:34 +0000] "GET /1133754232?fileloc=%2Fvar%2Fwww%2Fvhosts%2Faceitunaslosada.com%2Fweb%2Fwp-content%2Fplugins%2Fw3-total-cache%2FLicensing_Core.php&path=%2Fvar%2Fwww%2Fvhosts%2Faceitunaslosada.com%2Fweb%2Fwp-content%2Fplugins%2Fw3-total-cache HTTP/1.0" 200 7613 "-" "Mozilla/5.0 AppleWebKit/537.36 (KHTML, like Gecko; compatible; ClaudeBot/1.0; +claudebot@anthropic.com)"
216.73.216.183 - - [03/Oct/2025:06:49:35 +0000] "GET /1133754232?fileloc=%2Fvar%2Fwww%2Fvhosts%2Faceitunaslosada.com%2Fweb%2Fwp-content%2Fplugins%2Fw3-total-cache%2FCdnEngine_Ftp.php&path=%2Fvar%2Fwww%2Fvhosts%2Faceitunaslosada.com%2Fweb%2Fwp-content%2Fplugins%2Fw3-total-cache HTTP/1.0" 200 9312 "-" "Mozilla/5.0 AppleWebKit/537.36 (KHTML, like Gecko; compatible; ClaudeBot/1.0; +claudebot@anthropic.com)"
20.171.207.61 - - [03/Oct/2025:06:49:35 +0000] "GET /2250939451?path=/var HTTP/1.0" 200 6373 "-" "Mozilla/5.0 AppleWebKit/537.36 (KHTML, like Gecko; compatible; GPTBot/1.2; +https://openai.com/gptbot)"
216.73.216.183 - - [03/Oct/2025:06:49:36 +0000] "GET /1133754232?fileloc=%2Fvar%2Fwww%2Fvhosts%2Faceitunaslosada.com%2Fweb%2Fwp-content%2Fplugins%2Fw3-total-cache%2FCache_Memcache.php&path=%2Fvar%2Fwww%2Fvhosts%2Faceitunaslosada.com%2Fweb%2Fwp-content%2Fplugins%2Fw3-total-cache HTTP/1.0" 200 8604 "-" "Mozilla/5.0 AppleWebKit/537.36 (KHTML, like Gecko; compatible; ClaudeBot/1.0; +claudebot@anthropic.com)"
20.171.207.106 - - [03/Oct/2025:06:49:36 +0000] "GET /1926309444?path=/var/www/vhosts/aceitunaslosada.com/web/cgi-bin/cgi-bin/cgi-bin HTTP/1.0" 200 7157 "-" "Mozilla/5.0 AppleWebKit/537.36 (KHTML, like Gecko; compatible; GPTBot/1.2; +https://openai.com/gptbot)"
216.73.216.183 - - [03/Oct/2025:06:49:36 +0000] "GET /1133754232?fileloc=%2Fvar%2Fwww%2Fvhosts%2Faceitunaslosada.com%2Fweb%2Fwp-content%2Fplugins%2Fw3-total-cache%2FMinify_AutoJs.php&path=%2Fvar%2Fwww%2Fvhosts%2Faceitunaslosada.com%2Fweb%2Fwp-content%2Fplugins%2Fw3-total-cache HTTP/1.0" 200 8725 "-" "Mozilla/5.0 AppleWebKit/537.36 (KHTML, like Gecko; compatible; ClaudeBot/1.0; +claudebot@anthropic.com)"
216.73.216.183 - - [03/Oct/2025:06:49:36 +0000] "GET /1133754232?fileloc=%2Fvar%2Fwww%2Fvhosts%2Faceitunaslosada.com%2Fweb%2Fwp-content%2Fplugins%2Fjetpack%2Fjson-endpoints.php&path=%2Fvar%2Fwww%2Fvhosts%2Faceitunaslosada.com%2Fweb%2Fwp-content%2Fplugins%2Fjetpack HTTP/1.0" 200 7179 "-" "Mozilla/5.0 AppleWebKit/537.36 (KHTML, like Gecko; compatible; ClaudeBot/1.0; +claudebot@anthropic.com)"
136.243.228.177 - - [03/Oct/2025:06:49:37 +0000] "GET /vote075040942.html HTTP/1.0" 200 8573 "-" "Mozilla/5.0 (compatible; DataForSeoBot/1.0; +https://dataforseo.com/dataforseo-bot)"
3.89.170.186 - - [03/Oct/2025:06:49:37 +0000] "GET /aceituna-gordal-verde-sin-hueso-estilo-sevillano-2/?path=/var/www/vhosts/aceitunaslosada.com/web/wp-content/uploads/cache/wpml/twig HTTP/1.0" 200 9068 "-" "Mozilla/5.0 AppleWebKit/537.36 (KHTML, like Gecko; compatible; Amazonbot/0.1; +https://developer.amazon.com/support/amazonbot) Chrome/119.0.6045.214 Safari/537.36"
216.73.216.183 - - [03/Oct/2025:06:49:37 +0000] "GET /1133754232?fileloc=%2Fvar%2Fwww%2Fvhosts%2Faceitunaslosada.com%2Fweb%2Fwp-content%2Fplugins%2Fw3-total-cache%2FUtil_Ui.php&path=%2Fvar%2Fwww%2Fvhosts%2Faceitunaslosada.com%2Fweb%2Fwp-content%2Fplugins%2Fw3-total-cache HTTP/1.0" 200 14281 "-" "Mozilla/5.0 AppleWebKit/537.36 (KHTML, like Gecko; compatible; ClaudeBot/1.0; +claudebot@anthropic.com)"
216.73.216.183 - - [03/Oct/2025:06:49:37 +0000] "GET /1133754232?fileloc=%2Fvar%2Fwww%2Fvhosts%2Faceitunaslosada.com%2Fweb%2Fwp-content%2Fplugins%2Fw3-total-cache%2FMinify_ConfigLabels.php&path=%2Fvar%2Fwww%2Fvhosts%2Faceitunaslosada.com%2Fweb%2Fwp-content%2Fplugins%2Fw3-total-cache HTTP/1.0" 200 7844 "-" "Mozilla/5.0 AppleWebKit/537.36 (KHTML, like Gecko; compatible; ClaudeBot/1.0; +claudebot@anthropic.com)"
57.141.0.3 - - [03/Oct/2025:06:49:37 +0000] "GET /1311513?fileloc=/var/www/vhosts/aceitunaslosada.com/web/wp-trackback.php&path=/var/www/vhosts/aceitunaslosada.com/web HTTP/1.0" 200 21555 "-" "meta-externalagent/1.1 (+https://developers.facebook.com/docs/sharing/webmasters/crawler)"
20.171.207.61 - - [03/Oct/2025:06:49:38 +0000] "GET /2198970679?path=/var HTTP/1.0" 200 6372 "-" "Mozilla/5.0 AppleWebKit/537.36 (KHTML, like Gecko; compatible; GPTBot/1.2; +https://openai.com/gptbot)"
216.73.216.183 - - [03/Oct/2025:06:49:38 +0000] "GET /1133754232?fileloc=%2Fvar%2Fwww%2Fvhosts%2Faceitunaslosada.com%2Fweb%2Fwp-content%2Fplugins%2Fjetpack%2Fclass.jetpack-cli.php&path=%2Fvar%2Fwww%2Fvhosts%2Faceitunaslosada.com%2Fweb%2Fwp-content%2Fplugins%2Fjetpack HTTP/1.0" 200 24497 "-" "Mozilla/5.0 AppleWebKit/537.36 (KHTML, like Gecko; compatible; ClaudeBot/1.0; +claudebot@anthropic.com)"
57.141.0.44 - - [03/Oct/2025:06:49:38 +0000] "GET /1246791?fileloc=/var/www/vhosts/aceitunaslosada.com/web/google4b41d2a1b700bad4.html&path=/var/www/vhosts/aceitunaslosada.com/web HTTP/1.0" 200 16504 "-" "meta-externalagent/1.1 (+https://developers.facebook.com/docs/sharing/webmasters/crawler)"
114.119.156.110 - - [03/Oct/2025:06:49:38 +0000] "GET /710321145?items=0709414750 HTTP/1.0" 200 8506 "https://aceitunaslosada.com/sitemap-product-498.xml" "Mozilla/5.0 (Linux; Android 7.0;) AppleWebKit/537.36 (KHTML, like Gecko) Mobile Safari/537.36 (compatible; PetalBot;+https://webmaster.petalsearch.com/site/petalbot)"
20.171.207.106 - - [03/Oct/2025:06:49:38 +0000] "GET /2014583302?path=/var/www/vhosts/aceitunaslosada.com/web/cgi-bin/cgi-bin/cgi-bin/cgi-bin HTTP/1.0" 200 6938 "-" "Mozilla/5.0 AppleWebKit/537.36 (KHTML, like Gecko; compatible; GPTBot/1.2; +https://openai.com/gptbot)"
216.73.216.183 - - [03/Oct/2025:06:49:39 +0000] "GET /1133754232?fileloc=%2Fvar%2Fwww%2Fvhosts%2Faceitunaslosada.com%2Fweb%2Fwp-content%2Fplugins%2Fw3-total-cache%2FMinify_Core.php&path=%2Fvar%2Fwww%2Fvhosts%2Faceitunaslosada.com%2Fweb%2Fwp-content%2Fplugins%2Fw3-total-cache HTTP/1.0" 200 8197 "-" "Mozilla/5.0 AppleWebKit/537.36 (KHTML, like Gecko; compatible; ClaudeBot/1.0; +claudebot@anthropic.com)"
57.141.0.12 - - [03/Oct/2025:06:49:39 +0000] "GET /1940268?fileloc=/var/www/vhosts/aceitunaslosada.com/web/wp-cron.php&path=/var/www/vhosts/aceitunaslosada.com/web HTTP/1.0" 200 20472 "-" "meta-externalagent/1.1 (+https://developers.facebook.com/docs/sharing/webmasters/crawler)"
216.73.216.183 - - [03/Oct/2025:06:49:40 +0000] "GET /product/edit/'?fileloc=%2Fvar%2Fwww%2Fvhosts%2Faceitunaslosada.com%2Fweb%2Fwp-content%2Fplugins%2Fwoocommerce%2Fincludes%2Frest-api%2FServer.php&path=%2Fvar%2Fwww%2Fvhosts%2Faceitunaslosada.com%2Fweb%2Fwp-content%2Fplugins%2Fwoocommerce%2Fincludes%2Frest-api HTTP/1.0" 200 7865 "-" "Mozilla/5.0 AppleWebKit/537.36 (KHTML, like Gecko; compatible; ClaudeBot/1.0; +claudebot@anthropic.com)"
66.249.79.137 - - [03/Oct/2025:06:49:39 +0000] "GET /56965711 HTTP/1.0" 200 25459 "-" "Mozilla/5.0 (Linux; Android 6.0.1; Nexus 5X Build/MMB29P) AppleWebKit/537.36 (KHTML, like Gecko) Chrome/140.0.7339.207 Mobile Safari/537.36 (compatible; Googlebot/2.1; +http://www.google.com/bot.html)"
216.73.216.183 - - [03/Oct/2025:06:49:40 +0000] "GET /product/edit/'?fileloc=%2Fvar%2Fwww%2Fvhosts%2Faceitunaslosada.com%2Fweb%2Fwp-content%2Fplugins%2Fjetpack%2Fmodules%2Fshortcodes%2Fjs%2Fjmpress.js&path=%2Fvar%2Fwww%2Fvhosts%2Faceitunaslosada.com%2Fweb%2Fwp-content%2Fplugins%2Fjetpack%2Fmodules%2Fshortcodes%2Fjs HTTP/1.0" 200 24231 "-" "Mozilla/5.0 AppleWebKit/537.36 (KHTML, like Gecko; compatible; ClaudeBot/1.0; +claudebot@anthropic.com)"
136.243.228.177 - - [03/Oct/2025:06:49:41 +0000] "GET /item/u116/48614/ HTTP/1.0" 200 8573 "-" "Mozilla/5.0 (compatible; DataForSeoBot/1.0; +https://dataforseo.com/dataforseo-bot)"
20.171.207.61 - - [03/Oct/2025:06:49:41 +0000] "GET /2250851994?path=/var HTTP/1.0" 200 6373 "-" "Mozilla/5.0 AppleWebKit/537.36 (KHTML, like Gecko; compatible; GPTBot/1.2; +https://openai.com/gptbot)"
44.215.61.66 - - [03/Oct/2025:06:49:42 +0000] "GET /2020/10/08/la-cubierta-vegetal-poda/?path=/var/www/vhosts/aceitunaslosada.com/web/wp-content/cache/db/options/0ee HTTP/1.0" 200 6728 "-" "Mozilla/5.0 AppleWebKit/537.36 (KHTML, like Gecko; compatible; Amazonbot/0.1; +https://developer.amazon.com/support/amazonbot) Chrome/119.0.6045.214 Safari/537.36"
157.55.39.205 - - [03/Oct/2025:06:49:41 +0000] "GET /53744094?items=0053676238 HTTP/1.0" 200 22879 "-" "Mozilla/5.0 AppleWebKit/537.36 (KHTML, like Gecko; compatible; bingbot/2.0; +http://www.bing.com/bingbot.htm) Chrome/116.0.1938.76 Safari/537.36"
82.223.111.37 - - [03/Oct/2025:06:47:46 +0000] "GET /cgi-bin/cgi-bin/cgi-bin/cgi-bin/cgi-bin/cgi-bin/cgi-bin/index.php?ARRAY=7o2230223n313735393437373636362p2231223n22687474703n5p2s5p2s7n7335363476313373752r616p746s742r696r6o5p2s3s6p633q7068705s636s64655s6n6326743q313735393437343036362q3665326432343738613831653439356365393566323437333033626439613034222p2232223n223862383563373232336237373730373832633237323832653632313135363238222p2233223n223433636166353462343930386234303338313861353963386339653165303235222p226175746s5s66696p655s6r616q65223n6r756p6p2p226175746s5s70617373223n6r756p6p2p2262696r675s70617373223n2231382q33322q35382q37302q38302q38372q3132227q HTTP/1.0" 504 3843 "-" "-"
20.171.207.106 - - [03/Oct/2025:06:49:42 +0000] "GET /1035495592?path=/var/www/vhosts/aceitunaslosada.com/web/cgi-bin/cgi-bin/cgi-bin/cgi-bin HTTP/1.0" 200 6938 "-" "Mozilla/5.0 AppleWebKit/537.36 (KHTML, like Gecko; compatible; GPTBot/1.2; +https://openai.com/gptbot)"
51.89.129.244 - - [03/Oct/2025:06:49:43 +0000] "GET /867026?items=0000866702 HTTP/1.0" 200 8513 "-" "Mozilla/5.0 (compatible; AhrefsBot/7.0; +http://ahrefs.com/robot/)"
20.171.207.61 - - [03/Oct/2025:06:49:45 +0000] "GET /2251136486?path=/var HTTP/1.0" 200 6372 "-" "Mozilla/5.0 AppleWebKit/537.36 (KHTML, like Gecko; compatible; GPTBot/1.2; +https://openai.com/gptbot)"
136.243.228.177 - - [03/Oct/2025:06:49:46 +0000] "GET /item/u20/11756/ HTTP/1.0" 200 8573 "-" "Mozilla/5.0 (compatible; DataForSeoBot/1.0; +https://dataforseo.com/dataforseo-bot)"
3.226.34.98 - - [03/Oct/2025:06:49:46 +0000] "GET /2020/10/13/casilla-losada-arbequinainten/?path=/var/www/vhosts/aceitunaslosada.com/web/wp-content/cache/db/options/3d2 HTTP/1.0" 200 6768 "-" "Mozilla/5.0 AppleWebKit/537.36 (KHTML, like Gecko; compatible; Amazonbot/0.1; +https://developer.amazon.com/support/amazonbot) Chrome/119.0.6045.214 Safari/537.36"
20.171.207.106 - - [03/Oct/2025:06:49:47 +0000] "GET /1034996827?fileloc=/var/www/vhosts/aceitunaslosada.com/web/cgi-bin/cgi-bin/cgi-bin/.htaccess&path=/var/www/vhosts/aceitunaslosada.com/web/cgi-bin/cgi-bin/cgi-bin HTTP/1.0" 200 6523 "-" "Mozilla/5.0 AppleWebKit/537.36 (KHTML, like Gecko; compatible; GPTBot/1.2; +https://openai.com/gptbot)"
20.171.207.61 - - [03/Oct/2025:06:49:47 +0000] "GET /2250714459?path=/var HTTP/1.0" 200 6373 "-" "Mozilla/5.0 AppleWebKit/537.36 (KHTML, like Gecko; compatible; GPTBot/1.2; +https://openai.com/gptbot)"
20.171.207.61 - - [03/Oct/2025:06:49:48 +0000] "GET /2250880463?path=/var HTTP/1.0" 500 4722 "-" "Mozilla/5.0 AppleWebKit/537.36 (KHTML, like Gecko; compatible; GPTBot/1.2; +https://openai.com/gptbot)"
20.171.207.106 - - [03/Oct/2025:06:49:48 +0000] "GET /1034996827?path=/var/www/vhosts/aceitunaslosada.com/web/cgi-bin/cgi-bin/cgi-bin/cgi-bin HTTP/1.0" 200 6937 "-" "Mozilla/5.0 AppleWebKit/537.36 (KHTML, like Gecko; compatible; GPTBot/1.2; +https://openai.com/gptbot)"
20.171.207.106 - - [03/Oct/2025:06:49:49 +0000] "GET /1034968358?path=/var/www/vhosts/aceitunaslosada.com/web/cgi-bin/cgi-bin/cgi-bin HTTP/1.0" 200 7157 "-" "Mozilla/5.0 AppleWebKit/537.36 (KHTML, like Gecko; compatible; GPTBot/1.2; +https://openai.com/gptbot)"
20.171.207.61 - - [03/Oct/2025:06:49:49 +0000] "GET /2198961803?path=/var HTTP/1.0" 200 6372 "-" "Mozilla/5.0 AppleWebKit/537.36 (KHTML, like Gecko; compatible; GPTBot/1.2; +https://openai.com/gptbot)"
20.171.207.106 - - [03/Oct/2025:06:49:50 +0000] "GET /2014583302?path=/var/www/vhosts/aceitunaslosada.com/web/cgi-bin/cgi-bin/cgi-bin/cgi-bin/cgi-bin HTTP/1.0" 200 6938 "-" "Mozilla/5.0 AppleWebKit/537.36 (KHTML, like Gecko; compatible; GPTBot/1.2; +https://openai.com/gptbot)"
136.243.228.177 - - [03/Oct/2025:06:49:50 +0000] "GET /adopt025024404.html HTTP/1.0" 200 8572 "-" "Mozilla/5.0 (compatible; DataForSeoBot/1.0; +https://dataforseo.com/dataforseo-bot)"
198.244.226.49 - - [03/Oct/2025:06:49:50 +0000] "GET /376018259?items=0375538814 HTTP/1.0" 200 8505 "-" "Mozilla/5.0 (compatible; AhrefsBot/7.0; +http://ahrefs.com/robot/)"
20.171.207.106 - - [03/Oct/2025:06:49:51 +0000] "GET /1035495592?path=/var/www/vhosts/aceitunaslosada.com/web/cgi-bin/cgi-bin/cgi-bin/cgi-bin/cgi-bin HTTP/1.0" 200 6938 "-" "Mozilla/5.0 AppleWebKit/537.36 (KHTML, like Gecko; compatible; GPTBot/1.2; +https://openai.com/gptbot)"
20.171.207.106 - - [03/Oct/2025:06:49:52 +0000] "GET /1926309444?path=/var/www/vhosts/aceitunaslosada.com/web/cgi-bin/cgi-bin/cgi-bin/cgi-bin HTTP/1.0" 200 6938 "-" "Mozilla/5.0 AppleWebKit/537.36 (KHTML, like Gecko; compatible; GPTBot/1.2; +https://openai.com/gptbot)"
44.215.235.20 - - [03/Oct/2025:06:49:52 +0000] "GET /producto/aceituna-manzanilla-sin-hueso-2/?path=/var/www/vhosts/aceitunaslosada.com/web/wp-content/plugins/w3-total-cache/vendor/aws/aws-sdk-php/src/data/accessanalyzer/2019-11-01 HTTP/1.0" 200 6942 "-" "Mozilla/5.0 AppleWebKit/537.36 (KHTML, like Gecko; compatible; Amazonbot/0.1; +https://developer.amazon.com/support/amazonbot) Chrome/119.0.6045.214 Safari/537.36"
20.171.207.61 - - [03/Oct/2025:06:49:53 +0000] "GET /2250883571?path=/var HTTP/1.0" 200 6373 "-" "Mozilla/5.0 AppleWebKit/537.36 (KHTML, like Gecko; compatible; GPTBot/1.2; +https://openai.com/gptbot)"
216.73.216.183 - - [03/Oct/2025:06:49:53 +0000] "GET /product/edit/'?path=%2Fvar%2Fwww%2Fvhosts%2Faceitunaslosada.com%2Fweb%2Fwp-content%2Fplugins%2Fwp-file-manager%2Flib%2Fcodemirror%2Fmode%2Felm HTTP/1.0" 200 6839 "-" "Mozilla/5.0 AppleWebKit/537.36 (KHTML, like Gecko; compatible; ClaudeBot/1.0; +claudebot@anthropic.com)"
216.73.216.183 - - [03/Oct/2025:06:49:53 +0000] "GET /product/edit/url%20=%3Cwidth%3Ex%3Cheight%3E%20%22optional%20title%22?fileloc=%2Fvar%2Fwww%2Fvhosts%2Faceitunaslosada.com%2Fweb%2Fwp-content%2Fplugins%2Fjetpack%2Fmodules%2Fwpgroho.js&path=%2Fvar%2Fwww%2Fvhosts%2Faceitunaslosada.com%2Fweb%2Fwp-content%2Fplugins%2Fjetpack%2Fmodules HTTP/1.0" 200 7183 "-" "Mozilla/5.0 AppleWebKit/537.36 (KHTML, like Gecko; compatible; ClaudeBot/1.0; +claudebot@anthropic.com)"
216.73.216.183 - - [03/Oct/2025:06:49:53 +0000] "GET /product/edit/'?path=%2Fvar%2Fwww%2Fvhosts%2Faceitunaslosada.com%2Fweb%2Fwp-content%2Fplugins%2Fw3-total-cache%2Flib%2FAzure%2FGuzzleHttp%2FPsr7 HTTP/1.0" 200 7742 "-" "Mozilla/5.0 AppleWebKit/537.36 (KHTML, like Gecko; compatible; ClaudeBot/1.0; +claudebot@anthropic.com)"
216.73.216.183 - - [03/Oct/2025:06:49:53 +0000] "GET /product/edit/%22,t+=%22%3C%22+e.getAttribute(%22src%22?fileloc=%2Fvar%2Fwww%2Fvhosts%2Faceitunaslosada.com%2Fweb%2Fwp-content%2Fplugins%2Fwoocommerce%2Fassets%2Fjs%2Fround%2Fround.js&path=%2Fvar%2Fwww%2Fvhosts%2Faceitunaslosada.com%2Fweb%2Fwp-content%2Fplugins%2Fwoocommerce%2Fassets%2Fjs%2Fround HTTP/1.0" 200 7224 "-" "Mozilla/5.0 AppleWebKit/537.36 (KHTML, like Gecko; compatible; ClaudeBot/1.0; +claudebot@anthropic.com)"
216.73.216.183 - - [03/Oct/2025:06:49:53 +0000] "GET /product/edit/'?path=%2Fvar%2Fwww%2Fvhosts%2Faceitunaslosada.com%2Fweb%2Fwp-content%2Fplugins%2Fwp-file-manager%2Flib%2Fimg%2Fsrc HTTP/1.0" 200 7338 "-" "Mozilla/5.0 AppleWebKit/537.36 (KHTML, like Gecko; compatible; ClaudeBot/1.0; +claudebot@anthropic.com)"
54.156.124.2 - - [03/Oct/2025:06:49:53 +0000] "GET /2022/01/24/la-aceituna-gordal-y-su-maridaje-aceitunas-losada/?path=/var/www/vhosts/aceitunaslosada.com/web/wp-content/cache/db/options/c20/3db HTTP/1.0" 200 6785 "-" "Mozilla/5.0 AppleWebKit/537.36 (KHTML, like Gecko; compatible; Amazonbot/0.1; +https://developer.amazon.com/support/amazonbot) Chrome/119.0.6045.214 Safari/537.36"
20.171.207.106 - - [03/Oct/2025:06:49:54 +0000] "GET /2014053986?path=/var/www/vhosts/aceitunaslosada.com/web/cgi-bin HTTP/1.0" 200 6776 "-" "Mozilla/5.0 AppleWebKit/537.36 (KHTML, like Gecko; compatible; GPTBot/1.2; +https://openai.com/gptbot)"
136.243.228.177 - - [03/Oct/2025:06:49:54 +0000] "GET /clay068033661.html HTTP/1.0" 200 8583 "-" "Mozilla/5.0 (compatible; DataForSeoBot/1.0; +https://dataforseo.com/dataforseo-bot)"
216.73.216.183 - - [03/Oct/2025:06:49:54 +0000] "GET /product/edit/url%20=%3Cwidth%3Ex%3Cheight%3E%20%22optional%20title%22?fileloc=%2Fvar%2Fwww%2Fvhosts%2Faceitunaslosada.com%2Fweb%2Fwp-content%2Fplugins%2Fjetpack%2Fclass.jetpack-user-agent.php&path=%2Fvar%2Fwww%2Fvhosts%2Faceitunaslosada.com%2Fweb%2Fwp-content%2Fplugins%2Fjetpack HTTP/1.0" 200 11345 "-" "Mozilla/5.0 AppleWebKit/537.36 (KHTML, like Gecko; compatible; ClaudeBot/1.0; +claudebot@anthropic.com)"
216.73.216.183 - - [03/Oct/2025:06:49:55 +0000] "GET /product/edit/'?fileloc=%2Fvar%2Fwww%2Fvhosts%2Faceitunaslosada.com%2Fweb%2Fwp-content%2Fplugins%2Fjetpack%2F_inc%2Fbuild%2Fadmin.js&path=%2Fvar%2Fwww%2Fvhosts%2Faceitunaslosada.com%2Fweb%2Fwp-content%2Fplugins%2Fjetpack%2F_inc%2Fbuild HTTP/1.0" 200 314542 "-" "Mozilla/5.0 AppleWebKit/537.36 (KHTML, like Gecko; compatible; ClaudeBot/1.0; +claudebot@anthropic.com)"
66.249.79.136 - - [03/Oct/2025:06:49:55 +0000] "GET /item/u33/865/ HTTP/1.0" 200 24166 "-" "Mozilla/5.0 (Linux; Android 6.0.1; Nexus 5X Build/MMB29P) AppleWebKit/537.36 (KHTML, like Gecko) Chrome/140.0.7339.207 Mobile Safari/537.36 (compatible; Googlebot/2.1; +http://www.google.com/bot.html)"
216.73.216.183 - - [03/Oct/2025:06:49:55 +0000] "GET /product/edit/url%20=%3Cwidth%3Ex%3Cheight%3E%20%22optional%20title%22?fileloc=%2Fvar%2Fwww%2Fvhosts%2Faceitunaslosada.com%2Fweb%2Fcopia%2Fwp-includes%2Fjs%2Fjquery%2Fjquery-migrate.js&path=%2Fvar%2Fwww%2Fvhosts%2Faceitunaslosada.com%2Fweb%2Fcopia%2Fwp-includes%2Fjs%2Fjquery HTTP/1.0" 200 14368 "-" "Mozilla/5.0 AppleWebKit/537.36 (KHTML, like Gecko; compatible; ClaudeBot/1.0; +claudebot@anthropic.com)"
216.73.216.183 - - [03/Oct/2025:06:49:55 +0000] "GET /product/edit/'?path=%2Fvar%2Fwww%2Fvhosts%2Faceitunaslosada.com%2Fweb%2Fwp-content%2Fplugins%2Fwp-file-manager%2Flib%2Fcodemirror%2Fmode%2Ftwig HTTP/1.0" 200 6842 "-" "Mozilla/5.0 AppleWebKit/537.36 (KHTML, like Gecko; compatible; ClaudeBot/1.0; +claudebot@anthropic.com)"
216.73.216.183 - - [03/Oct/2025:06:49:55 +0000] "GET /product/edit/'?fileloc=%2Fvar%2Fwww%2Fvhosts%2Faceitunaslosada.com%2Fweb%2Fwp-content%2Fplugins%2FLayerSlider%2Fassets%2Fwp%2Ftinymce.php&path=%2Fvar%2Fwww%2Fvhosts%2Faceitunaslosada.com%2Fweb%2Fwp-content%2Fplugins%2FLayerSlider%2Fassets%2Fwp HTTP/1.0" 200 6728 "-" "Mozilla/5.0 AppleWebKit/537.36 (KHTML, like Gecko; compatible; ClaudeBot/1.0; +claudebot@anthropic.com)"
20.171.207.61 - - [03/Oct/2025:06:49:55 +0000] "GET /2199095447?path=/var HTTP/1.0" 200 6373 "-" "Mozilla/5.0 AppleWebKit/537.36 (KHTML, like Gecko; compatible; GPTBot/1.2; +https://openai.com/gptbot)"
20.171.207.106 - - [03/Oct/2025:06:49:56 +0000] "GET /1034887215?path=/var/www/vhosts/aceitunaslosada.com/web/cgi-bin/cgi-bin/cgi-bin/cgi-bin/cgi-bin/cgi-bin/cgi-bin HTTP/1.0" 200 6837 "-" "Mozilla/5.0 AppleWebKit/537.36 (KHTML, like Gecko; compatible; GPTBot/1.2; +https://openai.com/gptbot)"
216.73.216.183 - - [03/Oct/2025:06:49:56 +0000] "GET /product/edit/url%20=%3Cwidth%3Ex%3Cheight%3E%20%22optional%20title%22?fileloc=%2Fvar%2Fwww%2Fvhosts%2Faceitunaslosada.com%2Fweb%2Fwp-content%2Fplugins%2Fjetpack%2F_inc%2Flib%2Fcomponents.php&path=%2Fvar%2Fwww%2Fvhosts%2Faceitunaslosada.com%2Fweb%2Fwp-content%2Fplugins%2Fjetpack%2F_inc%2Flib HTTP/1.0" 200 7533 "-" "Mozilla/5.0 AppleWebKit/537.36 (KHTML, like Gecko; compatible; ClaudeBot/1.0; +claudebot@anthropic.com)"
216.73.216.183 - - [03/Oct/2025:06:49:57 +0000] "GET /product/edit/url%20=%3Cwidth%3Ex%3Cheight%3E%20%22optional%20title%22?path=%2Fvar%2Fwww%2Fvhosts%2Faceitunaslosada.com%2Fweb%2Fwp-content%2Fplugins%2Fwp-file-manager%2Flib%2Fcodemirror%2Fmode%2Fperl HTTP/1.0" 200 6842 "-" "Mozilla/5.0 AppleWebKit/537.36 (KHTML, like Gecko; compatible; ClaudeBot/1.0; +claudebot@anthropic.com)"
184.73.195.18 - - [03/Oct/2025:06:49:57 +0000] "GET /2020/10/08/la-floracion/?path=/var/www/vhosts/aceitunaslosada.com/web/wp-content/uploads/cache/wpml/twig/70 HTTP/1.0" 200 6874 "-" "Mozilla/5.0 AppleWebKit/537.36 (KHTML, like Gecko; compatible; Amazonbot/0.1; +https://developer.amazon.com/support/amazonbot) Chrome/119.0.6045.214 Safari/537.36"
173.208.176.202 - - [03/Oct/2025:06:48:32 +0000] "GET /wp-content/plb692e7/index.php?id=669411 HTTP/1.0" 200 3528 "-" "GuzzleHttp/7"
