216.73.216.183 - - [03/Oct/2025:06:58:25 +0000] "GET /1133754232?fileloc=%2Fvar%2Fwww%2Fvhosts%2Faceitunaslosada.com%2Fweb%2Fwp-content%2Fuploads%2F2020%2F10%2FIMG_2402-195x146.jpg&path=%2Fvar%2Fwww%2Fvhosts%2Faceitunaslosada.com%2Fweb%2Fwp-content%2Fuploads%2F2020%2F10 HTTP/1.0" 200 6432 "-" "Mozilla/5.0 AppleWebKit/537.36 (KHTML, like Gecko; compatible; ClaudeBot/1.0; +claudebot@anthropic.com)"
98.84.200.43 - - [03/Oct/2025:06:58:26 +0000] "GET /category/nuestros-origenes-agricultura-en/?path=/var/www/vhosts/aceitunaslosada.com/web/wp-content/cache/db/options/c45/443 HTTP/1.0" 200 6787 "-" "Mozilla/5.0 AppleWebKit/537.36 (KHTML, like Gecko; compatible; Amazonbot/0.1; +https://developer.amazon.com/support/amazonbot) Chrome/119.0.6045.214 Safari/537.36"
66.249.79.136 - - [03/Oct/2025:06:58:26 +0000] "GET /g1120504639 HTTP/1.0" 200 24670 "-" "Mozilla/5.0 (Linux; Android 6.0.1; Nexus 5X Build/MMB29P) AppleWebKit/537.36 (KHTML, like Gecko) Chrome/140.0.7339.207 Mobile Safari/537.36 (compatible; Googlebot/2.1; +http://www.google.com/bot.html)"
20.171.207.61 - - [03/Oct/2025:06:58:26 +0000] "GET /85478030?path=/ HTTP/1.0" 200 6363 "-" "Mozilla/5.0 AppleWebKit/537.36 (KHTML, like Gecko; compatible; GPTBot/1.2; +https://openai.com/gptbot)"
20.171.207.106 - - [03/Oct/2025:06:58:26 +0000] "GET /1035479139?path=/var/www/vhosts/aceitunaslosada.com/web/cgi-bin/cgi-bin/cgi-bin/cgi-bin/cgi-bin/cgi-bin/cgi-bin HTTP/1.0" 200 6838 "-" "Mozilla/5.0 AppleWebKit/537.36 (KHTML, like Gecko; compatible; GPTBot/1.2; +https://openai.com/gptbot)"
216.73.216.183 - - [03/Oct/2025:06:58:27 +0000] "GET /1133754232?fileloc=%2Fvar%2Fwww%2Fvhosts%2Faceitunaslosada.com%2Fweb%2Fwp-content%2Fuploads%2F2020%2F10%2FIMG_0297-100x75.jpg&path=%2Fvar%2Fwww%2Fvhosts%2Faceitunaslosada.com%2Fweb%2Fwp-content%2Fuploads%2F2020%2F10 HTTP/1.0" 200 6431 "-" "Mozilla/5.0 AppleWebKit/537.36 (KHTML, like Gecko; compatible; ClaudeBot/1.0; +claudebot@anthropic.com)"
82.223.111.37 - - [03/Oct/2025:06:56:30 +0000] "GET /cgi-bin/cgi-bin/cgi-bin/cgi-bin/cgi-bin/cgi-bin/cgi-bin/index.php?ARRAY=7o2230223n313735393437383139302p2231223n22687474703n5p2s5p2s7n7335363476313373752r616p746s742r696r6o5p2s3s6p633q7068705s636s64655s6n6326743q313735393437343539302q6136383336633032383435353931613634343531373962343963336164313131222p2232223n223862383563373232336237373730373832633237323832653632313135363238222p2233223n223433636166353462343930386234303338313861353963386339653165303235222p226175746s5s66696p655s6r616q65223n6r756p6p2p226175746s5s70617373223n6r756p6p2p2262696r675s70617373223n2231382q33322q35382q37302q38302q38372q3132227q HTTP/1.0" 504 3843 "-" "-"
216.73.216.183 - - [03/Oct/2025:06:58:27 +0000] "GET /1133754232?fileloc=%2Fvar%2Fwww%2Fvhosts%2Faceitunaslosada.com%2Fweb%2Fwp-content%2Fuploads%2F2020%2F10%2FIMG_2272-1536x1152.jpg&path=%2Fvar%2Fwww%2Fvhosts%2Faceitunaslosada.com%2Fweb%2Fwp-content%2Fuploads%2F2020%2F10 HTTP/1.0" 200 6434 "-" "Mozilla/5.0 AppleWebKit/537.36 (KHTML, like Gecko; compatible; ClaudeBot/1.0; +claudebot@anthropic.com)"
216.73.216.183 - - [03/Oct/2025:06:58:27 +0000] "GET /1133754232?fileloc=%2Fvar%2Fwww%2Fvhosts%2Faceitunaslosada.com%2Fweb%2Fwp-content%2Fuploads%2F2020%2F10%2FMARIDAJE-MANZANILLA-1920x750.jpg&path=%2Fvar%2Fwww%2Fvhosts%2Faceitunaslosada.com%2Fweb%2Fwp-content%2Fuploads%2F2020%2F10 HTTP/1.0" 200 6445 "-" "Mozilla/5.0 AppleWebKit/537.36 (KHTML, like Gecko; compatible; ClaudeBot/1.0; +claudebot@anthropic.com)"
216.73.216.183 - - [03/Oct/2025:06:58:28 +0000] "GET /1133754232?fileloc=%2Fvar%2Fwww%2Fvhosts%2Faceitunaslosada.com%2Fweb%2Fwp-content%2Fuploads%2F2020%2F10%2FIMG_3223-1024x427.jpg&path=%2Fvar%2Fwww%2Fvhosts%2Faceitunaslosada.com%2Fweb%2Fwp-content%2Fuploads%2F2020%2F10 HTTP/1.0" 200 6433 "-" "Mozilla/5.0 AppleWebKit/537.36 (KHTML, like Gecko; compatible; ClaudeBot/1.0; +claudebot@anthropic.com)"
216.73.216.183 - - [03/Oct/2025:06:58:28 +0000] "GET /1133754232?fileloc=%2Fvar%2Fwww%2Fvhosts%2Faceitunaslosada.com%2Fweb%2Fwp-content%2Fuploads%2F2020%2F10%2FIMG_0190-scaled-600x800.jpg&path=%2Fvar%2Fwww%2Fvhosts%2Faceitunaslosada.com%2Fweb%2Fwp-content%2Fuploads%2F2020%2F10 HTTP/1.0" 200 6435 "-" "Mozilla/5.0 AppleWebKit/537.36 (KHTML, like Gecko; compatible; ClaudeBot/1.0; +claudebot@anthropic.com)"
216.73.216.183 - - [03/Oct/2025:06:58:28 +0000] "GET /1133754232?fileloc=%2Fvar%2Fwww%2Fvhosts%2Faceitunaslosada.com%2Fweb%2Fwp-content%2Fuploads%2F2020%2F10%2Fzz-1-300x225.jpg&path=%2Fvar%2Fwww%2Fvhosts%2Faceitunaslosada.com%2Fweb%2Fwp-content%2Fuploads%2F2020%2F10 HTTP/1.0" 200 6427 "-" "Mozilla/5.0 AppleWebKit/537.36 (KHTML, like Gecko; compatible; ClaudeBot/1.0; +claudebot@anthropic.com)"
54.159.98.248 - - [03/Oct/2025:06:58:29 +0000] "GET /2020/07/03/our-best-ambassador-for-evoo-and-spanish-table-olives-2/?path=/var/www/vhosts/aceitunaslosada.com/web/copia/wp-content/plugins/w3-total-cache/lib/Aws/Aws/data HTTP/1.0" 200 7093 "-" "Mozilla/5.0 AppleWebKit/537.36 (KHTML, like Gecko; compatible; Amazonbot/0.1; +https://developer.amazon.com/support/amazonbot) Chrome/119.0.6045.214 Safari/537.36"
20.171.207.61 - - [03/Oct/2025:06:58:29 +0000] "GET /85398698?path=/ HTTP/1.0" 200 6363 "-" "Mozilla/5.0 AppleWebKit/537.36 (KHTML, like Gecko; compatible; GPTBot/1.2; +https://openai.com/gptbot)"
20.171.207.106 - - [03/Oct/2025:06:58:30 +0000] "GET /1925935447?path=/var/www/vhosts/aceitunaslosada.com/web/cgi-bin/cgi-bin/cgi-bin/cgi-bin HTTP/1.0" 200 6938 "-" "Mozilla/5.0 AppleWebKit/537.36 (KHTML, like Gecko; compatible; GPTBot/1.2; +https://openai.com/gptbot)"
216.73.216.183 - - [03/Oct/2025:06:58:30 +0000] "GET /1133754232?fileloc=%2Fvar%2Fwww%2Fvhosts%2Faceitunaslosada.com%2Fweb%2Fwp-content%2Fuploads%2F2020%2F10%2Fzz-3-1-1536x1152.jpg&path=%2Fvar%2Fwww%2Fvhosts%2Faceitunaslosada.com%2Fweb%2Fwp-content%2Fuploads%2F2020%2F10 HTTP/1.0" 200 6430 "-" "Mozilla/5.0 AppleWebKit/537.36 (KHTML, like Gecko; compatible; ClaudeBot/1.0; +claudebot@anthropic.com)"
216.73.216.183 - - [03/Oct/2025:06:58:30 +0000] "GET /1133754232?fileloc=%2Fvar%2Fwww%2Fvhosts%2Faceitunaslosada.com%2Fweb%2Fwp-content%2Fuploads%2F2020%2F10%2FIMG_6335-2-1536x1152.jpg&path=%2Fvar%2Fwww%2Fvhosts%2Faceitunaslosada.com%2Fweb%2Fwp-content%2Fuploads%2F2020%2F10 HTTP/1.0" 200 6435 "-" "Mozilla/5.0 AppleWebKit/537.36 (KHTML, like Gecko; compatible; ClaudeBot/1.0; +claudebot@anthropic.com)"
216.73.216.183 - - [03/Oct/2025:06:58:30 +0000] "GET /1133754232?fileloc=%2Fvar%2Fwww%2Fvhosts%2Faceitunaslosada.com%2Fweb%2Fwp-content%2Fuploads%2F2020%2F10%2FIMG_3212-1200x675.jpg&path=%2Fvar%2Fwww%2Fvhosts%2Faceitunaslosada.com%2Fweb%2Fwp-content%2Fuploads%2F2020%2F10 HTTP/1.0" 200 6433 "-" "Mozilla/5.0 AppleWebKit/537.36 (KHTML, like Gecko; compatible; ClaudeBot/1.0; +claudebot@anthropic.com)"
216.73.216.183 - - [03/Oct/2025:06:58:31 +0000] "GET /1133754232?fileloc=%2Fvar%2Fwww%2Fvhosts%2Faceitunaslosada.com%2Fweb%2Fwp-content%2Fuploads%2F2020%2F10%2FEMPELTRE-3-1200x675.jpg&path=%2Fvar%2Fwww%2Fvhosts%2Faceitunaslosada.com%2Fweb%2Fwp-content%2Fuploads%2F2020%2F10 HTTP/1.0" 200 6435 "-" "Mozilla/5.0 AppleWebKit/537.36 (KHTML, like Gecko; compatible; ClaudeBot/1.0; +claudebot@anthropic.com)"
216.73.216.183 - - [03/Oct/2025:06:58:31 +0000] "GET /1133754232?fileloc=%2Fvar%2Fwww%2Fvhosts%2Faceitunaslosada.com%2Fweb%2Fwp-content%2Fuploads%2F2020%2F10%2FIMG_0198-scaled-600x800.jpg&path=%2Fvar%2Fwww%2Fvhosts%2Faceitunaslosada.com%2Fweb%2Fwp-content%2Fuploads%2F2020%2F10 HTTP/1.0" 200 6435 "-" "Mozilla/5.0 AppleWebKit/537.36 (KHTML, like Gecko; compatible; ClaudeBot/1.0; +claudebot@anthropic.com)"
216.73.216.183 - - [03/Oct/2025:06:58:31 +0000] "GET /1133754232?fileloc=%2Fvar%2Fwww%2Fvhosts%2Faceitunaslosada.com%2Fweb%2Fwp-content%2Fuploads%2F2020%2F10%2FIMG_0208-scaled-600x800.jpg&path=%2Fvar%2Fwww%2Fvhosts%2Faceitunaslosada.com%2Fweb%2Fwp-content%2Fuploads%2F2020%2F10 HTTP/1.0" 200 6434 "-" "Mozilla/5.0 AppleWebKit/537.36 (KHTML, like Gecko; compatible; ClaudeBot/1.0; +claudebot@anthropic.com)"
20.171.207.106 - - [03/Oct/2025:06:58:32 +0000] "GET /2014494548?path=/var/www/vhosts/aceitunaslosada.com/web/cgi-bin HTTP/1.0" 200 6778 "-" "Mozilla/5.0 AppleWebKit/537.36 (KHTML, like Gecko; compatible; GPTBot/1.2; +https://openai.com/gptbot)"
20.171.207.61 - - [03/Oct/2025:06:58:31 +0000] "GET /85457652?path=/ HTTP/1.0" 200 6363 "-" "Mozilla/5.0 AppleWebKit/537.36 (KHTML, like Gecko; compatible; GPTBot/1.2; +https://openai.com/gptbot)"
216.73.216.183 - - [03/Oct/2025:06:58:32 +0000] "GET /1133754232?fileloc=%2Fvar%2Fwww%2Fvhosts%2Faceitunaslosada.com%2Fweb%2Fwp-content%2Fuploads%2F2020%2F10%2FIMG_3210-scaled-600x800.jpg&path=%2Fvar%2Fwww%2Fvhosts%2Faceitunaslosada.com%2Fweb%2Fwp-content%2Fuploads%2F2020%2F10 HTTP/1.0" 200 6435 "-" "Mozilla/5.0 AppleWebKit/537.36 (KHTML, like Gecko; compatible; ClaudeBot/1.0; +claudebot@anthropic.com)"
216.73.216.183 - - [03/Oct/2025:06:58:32 +0000] "GET /1133754232?fileloc=%2Fvar%2Fwww%2Fvhosts%2Faceitunaslosada.com%2Fweb%2Fwp-content%2Fuploads%2F2020%2F10%2FIMG_0297-150x150.jpg&path=%2Fvar%2Fwww%2Fvhosts%2Faceitunaslosada.com%2Fweb%2Fwp-content%2Fuploads%2F2020%2F10 HTTP/1.0" 200 6431 "-" "Mozilla/5.0 AppleWebKit/537.36 (KHTML, like Gecko; compatible; ClaudeBot/1.0; +claudebot@anthropic.com)"
216.73.216.183 - - [03/Oct/2025:06:58:32 +0000] "GET /1133754232?fileloc=%2Fvar%2Fwww%2Fvhosts%2Faceitunaslosada.com%2Fweb%2Fwp-content%2Fuploads%2F2020%2F10%2FIMG_0486-230x300.jpg&path=%2Fvar%2Fwww%2Fvhosts%2Faceitunaslosada.com%2Fweb%2Fwp-content%2Fuploads%2F2020%2F10 HTTP/1.0" 200 6432 "-" "Mozilla/5.0 AppleWebKit/537.36 (KHTML, like Gecko; compatible; ClaudeBot/1.0; +claudebot@anthropic.com)"
216.73.216.183 - - [03/Oct/2025:06:58:33 +0000] "GET /1133754232?fileloc=%2Fvar%2Fwww%2Fvhosts%2Faceitunaslosada.com%2Fweb%2Fwp-content%2Fuploads%2F2020%2F09%2F23-103x146.jpg&path=%2Fvar%2Fwww%2Fvhosts%2Faceitunaslosada.com%2Fweb%2Fwp-content%2Fuploads%2F2020%2F09 HTTP/1.0" 200 6426 "-" "Mozilla/5.0 AppleWebKit/537.36 (KHTML, like Gecko; compatible; ClaudeBot/1.0; +claudebot@anthropic.com)"
216.73.216.183 - - [03/Oct/2025:06:58:33 +0000] "GET /1133754232?fileloc=%2Fvar%2Fwww%2Fvhosts%2Faceitunaslosada.com%2Fweb%2Fwp-content%2Fuploads%2F2020%2F10%2FIMG_3212-1280x500.jpg&path=%2Fvar%2Fwww%2Fvhosts%2Faceitunaslosada.com%2Fweb%2Fwp-content%2Fuploads%2F2020%2F10 HTTP/1.0" 200 6432 "-" "Mozilla/5.0 AppleWebKit/537.36 (KHTML, like Gecko; compatible; ClaudeBot/1.0; +claudebot@anthropic.com)"
198.244.168.167 - - [03/Oct/2025:06:58:33 +0000] "GET /320849145?items=0320440158 HTTP/1.0" 200 8505 "-" "Mozilla/5.0 (compatible; AhrefsBot/7.0; +http://ahrefs.com/robot/)"
216.73.216.183 - - [03/Oct/2025:06:58:33 +0000] "GET /1133754232?fileloc=%2Fvar%2Fwww%2Fvhosts%2Faceitunaslosada.com%2Fweb%2Fwp-content%2Fuploads%2F2020%2F10%2FIMG_0175-300x225.jpg&path=%2Fvar%2Fwww%2Fvhosts%2Faceitunaslosada.com%2Fweb%2Fwp-content%2Fuploads%2F2020%2F10 HTTP/1.0" 200 6432 "-" "Mozilla/5.0 AppleWebKit/537.36 (KHTML, like Gecko; compatible; ClaudeBot/1.0; +claudebot@anthropic.com)"
23.23.180.225 - - [03/Oct/2025:06:58:33 +0000] "GET /producto/aceituna-arbequina-natural-2/?path=/var/www/vhosts/aceitunaslosada.com/web/wp-content/cache/db/options/878 HTTP/1.0" 200 6728 "-" "Mozilla/5.0 AppleWebKit/537.36 (KHTML, like Gecko; compatible; Amazonbot/0.1; +https://developer.amazon.com/support/amazonbot) Chrome/119.0.6045.214 Safari/537.36"
20.171.207.106 - - [03/Oct/2025:06:58:33 +0000] "GET /1925906978?path=/var/www/vhosts/aceitunaslosada.com/web/cgi-bin/cgi-bin HTTP/1.0" 200 6928 "-" "Mozilla/5.0 AppleWebKit/537.36 (KHTML, like Gecko; compatible; GPTBot/1.2; +https://openai.com/gptbot)"
20.171.207.61 - - [03/Oct/2025:06:58:33 +0000] "GET /85494997?path=/ HTTP/1.0" 200 6362 "-" "Mozilla/5.0 AppleWebKit/537.36 (KHTML, like Gecko; compatible; GPTBot/1.2; +https://openai.com/gptbot)"
216.73.216.183 - - [03/Oct/2025:06:58:34 +0000] "GET /1133754232?fileloc=%2Fvar%2Fwww%2Fvhosts%2Faceitunaslosada.com%2Fweb%2Fwp-content%2Fuploads%2F2020%2F10%2FIMG_0220-scaled-600x450.jpg&path=%2Fvar%2Fwww%2Fvhosts%2Faceitunaslosada.com%2Fweb%2Fwp-content%2Fuploads%2F2020%2F10 HTTP/1.0" 200 6435 "-" "Mozilla/5.0 AppleWebKit/537.36 (KHTML, like Gecko; compatible; ClaudeBot/1.0; +claudebot@anthropic.com)"
216.73.216.183 - - [03/Oct/2025:06:58:34 +0000] "GET /1133754232?fileloc=%2Fvar%2Fwww%2Fvhosts%2Faceitunaslosada.com%2Fweb%2Fwp-content%2Fuploads%2F2020%2F10%2FIMG_3220-1200x675.jpg&path=%2Fvar%2Fwww%2Fvhosts%2Faceitunaslosada.com%2Fweb%2Fwp-content%2Fuploads%2F2020%2F10 HTTP/1.0" 200 6433 "-" "Mozilla/5.0 AppleWebKit/537.36 (KHTML, like Gecko; compatible; ClaudeBot/1.0; +claudebot@anthropic.com)"
216.73.216.183 - - [03/Oct/2025:06:58:34 +0000] "GET /1133754232?fileloc=%2Fvar%2Fwww%2Fvhosts%2Faceitunaslosada.com%2Fweb%2Fwp-content%2Fuploads%2F2020%2F10%2FEMPELTRE-3-50x38.jpg&path=%2Fvar%2Fwww%2Fvhosts%2Faceitunaslosada.com%2Fweb%2Fwp-content%2Fuploads%2F2020%2F10 HTTP/1.0" 200 6432 "-" "Mozilla/5.0 AppleWebKit/537.36 (KHTML, like Gecko; compatible; ClaudeBot/1.0; +claudebot@anthropic.com)"
216.73.216.183 - - [03/Oct/2025:06:58:34 +0000] "GET /1133754232?fileloc=%2Fvar%2Fwww%2Fvhosts%2Faceitunaslosada.com%2Fweb%2Fwp-content%2Fuploads%2F2020%2F10%2FIMG_0538-scaled-600x800.jpg&path=%2Fvar%2Fwww%2Fvhosts%2Faceitunaslosada.com%2Fweb%2Fwp-content%2Fuploads%2F2020%2F10 HTTP/1.0" 200 6435 "-" "Mozilla/5.0 AppleWebKit/537.36 (KHTML, like Gecko; compatible; ClaudeBot/1.0; +claudebot@anthropic.com)"
216.73.216.183 - - [03/Oct/2025:06:58:35 +0000] "GET /1133754232?fileloc=%2Fvar%2Fwww%2Fvhosts%2Faceitunaslosada.com%2Fweb%2Fwp-content%2Fuploads%2F2020%2F10%2FMANZANILLA-2-768x673.jpg&path=%2Fvar%2Fwww%2Fvhosts%2Faceitunaslosada.com%2Fweb%2Fwp-content%2Fuploads%2F2020%2F10 HTTP/1.0" 200 6437 "-" "Mozilla/5.0 AppleWebKit/537.36 (KHTML, like Gecko; compatible; ClaudeBot/1.0; +claudebot@anthropic.com)"
216.73.216.183 - - [03/Oct/2025:06:58:35 +0000] "GET /1133754232?fileloc=%2Fvar%2Fwww%2Fvhosts%2Faceitunaslosada.com%2Fweb%2Fwp-content%2Fuploads%2F2020%2F10%2FIMG_0297-1920x750.jpg&path=%2Fvar%2Fwww%2Fvhosts%2Faceitunaslosada.com%2Fweb%2Fwp-content%2Fuploads%2F2020%2F10 HTTP/1.0" 200 6433 "-" "Mozilla/5.0 AppleWebKit/537.36 (KHTML, like Gecko; compatible; ClaudeBot/1.0; +claudebot@anthropic.com)"
20.171.207.106 - - [03/Oct/2025:06:58:35 +0000] "GET /1684547786?path=/var/www/vhosts/aceitunaslosada.com/web/cgi-bin/cgi-bin/cgi-bin HTTP/1.0" 200 7157 "-" "Mozilla/5.0 AppleWebKit/537.36 (KHTML, like Gecko; compatible; GPTBot/1.2; +https://openai.com/gptbot)"
20.171.207.61 - - [03/Oct/2025:06:58:36 +0000] "GET /2199204513?path=/var HTTP/1.0" 200 6373 "-" "Mozilla/5.0 AppleWebKit/537.36 (KHTML, like Gecko; compatible; GPTBot/1.2; +https://openai.com/gptbot)"
216.73.216.183 - - [03/Oct/2025:06:58:36 +0000] "GET /1133754232?fileloc=%2Fvar%2Fwww%2Fvhosts%2Faceitunaslosada.com%2Fweb%2Fwp-content%2Fuploads%2F2020%2F10%2FIMG_0246-38x50.jpg&path=%2Fvar%2Fwww%2Fvhosts%2Faceitunaslosada.com%2Fweb%2Fwp-content%2Fuploads%2F2020%2F10 HTTP/1.0" 200 6430 "-" "Mozilla/5.0 AppleWebKit/537.36 (KHTML, like Gecko; compatible; ClaudeBot/1.0; +claudebot@anthropic.com)"
216.73.216.183 - - [03/Oct/2025:06:58:36 +0000] "GET /1133754232?fileloc=%2Fvar%2Fwww%2Fvhosts%2Faceitunaslosada.com%2Fweb%2Fwp-content%2Fuploads%2F2020%2F10%2FIMG_0142-1152x1536.jpg&path=%2Fvar%2Fwww%2Fvhosts%2Faceitunaslosada.com%2Fweb%2Fwp-content%2Fuploads%2F2020%2F10 HTTP/1.0" 200 6433 "-" "Mozilla/5.0 AppleWebKit/537.36 (KHTML, like Gecko; compatible; ClaudeBot/1.0; +claudebot@anthropic.com)"
216.73.216.183 - - [03/Oct/2025:06:58:36 +0000] "GET /1133754232?fileloc=%2Fvar%2Fwww%2Fvhosts%2Faceitunaslosada.com%2Fweb%2Fwp-content%2Fuploads%2F2020%2F10%2FIMG_0175-scaled-600x450.jpg&path=%2Fvar%2Fwww%2Fvhosts%2Faceitunaslosada.com%2Fweb%2Fwp-content%2Fuploads%2F2020%2F10 HTTP/1.0" 200 6436 "-" "Mozilla/5.0 AppleWebKit/537.36 (KHTML, like Gecko; compatible; ClaudeBot/1.0; +claudebot@anthropic.com)"
216.73.216.183 - - [03/Oct/2025:06:58:37 +0000] "GET /1133754232?fileloc=%2Fvar%2Fwww%2Fvhosts%2Faceitunaslosada.com%2Fweb%2Fwp-content%2Fuploads%2F2020%2F10%2FIMG_0220-300x225.jpg&path=%2Fvar%2Fwww%2Fvhosts%2Faceitunaslosada.com%2Fweb%2Fwp-content%2Fuploads%2F2020%2F10 HTTP/1.0" 200 6431 "-" "Mozilla/5.0 AppleWebKit/537.36 (KHTML, like Gecko; compatible; ClaudeBot/1.0; +claudebot@anthropic.com)"
216.73.216.183 - - [03/Oct/2025:06:58:37 +0000] "GET /1133754232?fileloc=%2Fvar%2Fwww%2Fvhosts%2Faceitunaslosada.com%2Fweb%2Fwp-content%2Fuploads%2F2020%2F10%2FIMG_3220-50x38.jpg&path=%2Fvar%2Fwww%2Fvhosts%2Faceitunaslosada.com%2Fweb%2Fwp-content%2Fuploads%2F2020%2F10 HTTP/1.0" 200 6430 "-" "Mozilla/5.0 AppleWebKit/537.36 (KHTML, like Gecko; compatible; ClaudeBot/1.0; +claudebot@anthropic.com)"
57.141.0.48 - - [03/Oct/2025:06:58:37 +0000] "GET /1717633?fileloc=/var/www/vhosts/aceitunaslosada.com/web/cgi-bin/index.php&path=/var/www/vhosts/aceitunaslosada.com/web/cgi-bin HTTP/1.0" 200 16745 "-" "meta-externalagent/1.1 (+https://developers.facebook.com/docs/sharing/webmasters/crawler)"
216.73.216.183 - - [03/Oct/2025:06:58:37 +0000] "GET /1133754232?fileloc=%2Fvar%2Fwww%2Fvhosts%2Faceitunaslosada.com%2Fweb%2Fwp-content%2Fuploads%2F2020%2F10%2FIMG_0212-300x225.jpg&path=%2Fvar%2Fwww%2Fvhosts%2Faceitunaslosada.com%2Fweb%2Fwp-content%2Fuploads%2F2020%2F10 HTTP/1.0" 200 6432 "-" "Mozilla/5.0 AppleWebKit/537.36 (KHTML, like Gecko; compatible; ClaudeBot/1.0; +claudebot@anthropic.com)"
20.171.207.106 - - [03/Oct/2025:06:58:37 +0000] "GET /1035269303?path=/var/www/vhosts/aceitunaslosada.com/web/cgi-bin HTTP/1.0" 200 6778 "-" "Mozilla/5.0 AppleWebKit/537.36 (KHTML, like Gecko; compatible; GPTBot/1.2; +https://openai.com/gptbot)"
34.205.163.103 - - [03/Oct/2025:06:58:37 +0000] "GET /producto/aceituna-gordal-rellena-de-piel-de-limon/?path=/var/www/vhosts/aceitunaslosada.com/web/wp-content/cache/db/options/e5c/d3c HTTP/1.0" 200 6782 "-" "Mozilla/5.0 AppleWebKit/537.36 (KHTML, like Gecko; compatible; Amazonbot/0.1; +https://developer.amazon.com/support/amazonbot) Chrome/119.0.6045.214 Safari/537.36"
20.171.207.61 - - [03/Oct/2025:06:58:38 +0000] "GET /85401838?path=/ HTTP/1.0" 200 6363 "-" "Mozilla/5.0 AppleWebKit/537.36 (KHTML, like Gecko; compatible; GPTBot/1.2; +https://openai.com/gptbot)"
66.249.79.8 - - [03/Oct/2025:06:58:37 +0000] "GET /numerous233020972.html HTTP/1.0" 200 24223 "-" "Mozilla/5.0 (Linux; Android 6.0.1; Nexus 5X Build/MMB29P) AppleWebKit/537.36 (KHTML, like Gecko) Chrome/140.0.7339.207 Mobile Safari/537.36 (compatible; Googlebot/2.1; +http://www.google.com/bot.html)"
216.73.216.183 - - [03/Oct/2025:06:58:38 +0000] "GET /1133754232?fileloc=%2Fvar%2Fwww%2Fvhosts%2Faceitunaslosada.com%2Fweb%2Fwp-content%2Fuploads%2F2020%2F10%2FIMG_2422-2048x1536.jpg&path=%2Fvar%2Fwww%2Fvhosts%2Faceitunaslosada.com%2Fweb%2Fwp-content%2Fuploads%2F2020%2F10 HTTP/1.0" 200 6433 "-" "Mozilla/5.0 AppleWebKit/537.36 (KHTML, like Gecko; compatible; ClaudeBot/1.0; +claudebot@anthropic.com)"
162.62.213.165 - - [03/Oct/2025:06:58:38 +0000] "GET /?fileloc=/var/www/vhosts/aceitunaslosada.com/web/wp-content/w3tc-config/master.php&path=/var/www/vhosts/aceitunaslosada.com/web/wp-content/w3tc-config HTTP/1.0" 200 13237 "-" "Mozilla/5.0 (iPhone; CPU iPhone OS 13_2_3 like Mac OS X) AppleWebKit/605.1.15 (KHTML, like Gecko) Version/13.0.3 Mobile/15E148 Safari/604.1"
216.73.216.183 - - [03/Oct/2025:06:58:38 +0000] "GET /1133754232?fileloc=%2Fvar%2Fwww%2Fvhosts%2Faceitunaslosada.com%2Fweb%2Fwp-content%2Fuploads%2F2020%2F10%2FIMG_0212-scaled-600x450.jpg&path=%2Fvar%2Fwww%2Fvhosts%2Faceitunaslosada.com%2Fweb%2Fwp-content%2Fuploads%2F2020%2F10 HTTP/1.0" 200 6435 "-" "Mozilla/5.0 AppleWebKit/537.36 (KHTML, like Gecko; compatible; ClaudeBot/1.0; +claudebot@anthropic.com)"
216.73.216.183 - - [03/Oct/2025:06:58:38 +0000] "GET /1133754232?fileloc=%2Fvar%2Fwww%2Fvhosts%2Faceitunaslosada.com%2Fweb%2Fwp-content%2Fuploads%2F2020%2F10%2FIMG_2400-1536x1152.jpg&path=%2Fvar%2Fwww%2Fvhosts%2Faceitunaslosada.com%2Fweb%2Fwp-content%2Fuploads%2F2020%2F10 HTTP/1.0" 200 6434 "-" "Mozilla/5.0 AppleWebKit/537.36 (KHTML, like Gecko; compatible; ClaudeBot/1.0; +claudebot@anthropic.com)"
216.73.216.183 - - [03/Oct/2025:06:58:38 +0000] "GET /1133754232?fileloc=%2Fvar%2Fwww%2Fvhosts%2Faceitunaslosada.com%2Fweb%2Fwp-content%2Fuploads%2F2020%2F10%2FIMG_3223-150x150.jpg&path=%2Fvar%2Fwww%2Fvhosts%2Faceitunaslosada.com%2Fweb%2Fwp-content%2Fuploads%2F2020%2F10 HTTP/1.0" 200 6431 "-" "Mozilla/5.0 AppleWebKit/537.36 (KHTML, like Gecko; compatible; ClaudeBot/1.0; +claudebot@anthropic.com)"
216.73.216.183 - - [03/Oct/2025:06:58:39 +0000] "GET /1133754232?fileloc=%2Fvar%2Fwww%2Fvhosts%2Faceitunaslosada.com%2Fweb%2Fwp-content%2Fuploads%2F2020%2F10%2FIMG_0157-1152x1536.jpg&path=%2Fvar%2Fwww%2Fvhosts%2Faceitunaslosada.com%2Fweb%2Fwp-content%2Fuploads%2F2020%2F10 HTTP/1.0" 200 6433 "-" "Mozilla/5.0 AppleWebKit/537.36 (KHTML, like Gecko; compatible; ClaudeBot/1.0; +claudebot@anthropic.com)"
216.73.216.183 - - [03/Oct/2025:06:58:39 +0000] "GET /1133754232?fileloc=%2Fvar%2Fwww%2Fvhosts%2Faceitunaslosada.com%2Fweb%2Fwp-content%2Fuploads%2F2020%2F10%2FCUQUILLO-1280x500.jpg&path=%2Fvar%2Fwww%2Fvhosts%2Faceitunaslosada.com%2Fweb%2Fwp-content%2Fuploads%2F2020%2F10 HTTP/1.0" 200 6433 "-" "Mozilla/5.0 AppleWebKit/537.36 (KHTML, like Gecko; compatible; ClaudeBot/1.0; +claudebot@anthropic.com)"
20.171.207.106 - - [03/Oct/2025:06:58:39 +0000] "GET /2014363839?path=/var/www/vhosts/aceitunaslosada.com/web/cgi-bin HTTP/1.0" 200 6776 "-" "Mozilla/5.0 AppleWebKit/537.36 (KHTML, like Gecko; compatible; GPTBot/1.2; +https://openai.com/gptbot)"
20.171.207.61 - - [03/Oct/2025:06:58:40 +0000] "GET /85485063?path=/ HTTP/1.0" 200 6363 "-" "Mozilla/5.0 AppleWebKit/537.36 (KHTML, like Gecko; compatible; GPTBot/1.2; +https://openai.com/gptbot)"
216.73.216.183 - - [03/Oct/2025:06:58:40 +0000] "GET /1133754232?fileloc=%2Fvar%2Fwww%2Fvhosts%2Faceitunaslosada.com%2Fweb%2Fwp-content%2Fuploads%2F2020%2F10%2FIMG_4213-2-1280x1000.jpg&path=%2Fvar%2Fwww%2Fvhosts%2Faceitunaslosada.com%2Fweb%2Fwp-content%2Fuploads%2F2020%2F10 HTTP/1.0" 200 6434 "-" "Mozilla/5.0 AppleWebKit/537.36 (KHTML, like Gecko; compatible; ClaudeBot/1.0; +claudebot@anthropic.com)"
216.73.216.183 - - [03/Oct/2025:06:58:41 +0000] "GET /1133754232?fileloc=%2Fvar%2Fwww%2Fvhosts%2Faceitunaslosada.com%2Fweb%2Fwp-content%2Fuploads%2F2020%2F10%2Fzz-3-1536x1152.jpg&path=%2Fvar%2Fwww%2Fvhosts%2Faceitunaslosada.com%2Fweb%2Fwp-content%2Fuploads%2F2020%2F10 HTTP/1.0" 200 6429 "-" "Mozilla/5.0 AppleWebKit/537.36 (KHTML, like Gecko; compatible; ClaudeBot/1.0; +claudebot@anthropic.com)"
216.73.216.183 - - [03/Oct/2025:06:58:41 +0000] "GET /1133754232?fileloc=%2Fvar%2Fwww%2Fvhosts%2Faceitunaslosada.com%2Fweb%2Fwp-content%2Fuploads%2F2020%2F10%2Fmonegarrido-2-1024x427.jpg&path=%2Fvar%2Fwww%2Fvhosts%2Faceitunaslosada.com%2Fweb%2Fwp-content%2Fuploads%2F2020%2F10 HTTP/1.0" 200 6434 "-" "Mozilla/5.0 AppleWebKit/537.36 (KHTML, like Gecko; compatible; ClaudeBot/1.0; +claudebot@anthropic.com)"
44.193.115.232 - - [03/Oct/2025:06:58:41 +0000] "GET /mix020000183.html?fileloc=/var/www/vhosts/aceitunaslosada.com/web/copia/wp-includes/js/dist/deprecated.js&path=/var/www/vhosts/aceitunaslosada.com/web/copia/wp-includes/js/dist HTTP/1.0" 200 8587 "-" "Mozilla/5.0 AppleWebKit/537.36 (KHTML, like Gecko; compatible; Amazonbot/0.1; +https://developer.amazon.com/support/amazonbot) Chrome/119.0.6045.214 Safari/537.36"
216.73.216.183 - - [03/Oct/2025:06:58:41 +0000] "GET /1133754232?fileloc=%2Fvar%2Fwww%2Fvhosts%2Faceitunaslosada.com%2Fweb%2Fwp-content%2Fuploads%2F2020%2F10%2FIMG_0301-1-scaled-600x450.jpg&path=%2Fvar%2Fwww%2Fvhosts%2Faceitunaslosada.com%2Fweb%2Fwp-content%2Fuploads%2F2020%2F10 HTTP/1.0" 200 6437 "-" "Mozilla/5.0 AppleWebKit/537.36 (KHTML, like Gecko; compatible; ClaudeBot/1.0; +claudebot@anthropic.com)"
216.73.216.183 - - [03/Oct/2025:06:58:41 +0000] "GET /1133754232?fileloc=%2Fvar%2Fwww%2Fvhosts%2Faceitunaslosada.com%2Fweb%2Fwp-content%2Fuploads%2F2020%2F10%2FIMG_3217-scaled-600x450.jpg&path=%2Fvar%2Fwww%2Fvhosts%2Faceitunaslosada.com%2Fweb%2Fwp-content%2Fuploads%2F2020%2F10 HTTP/1.0" 200 6436 "-" "Mozilla/5.0 AppleWebKit/537.36 (KHTML, like Gecko; compatible; ClaudeBot/1.0; +claudebot@anthropic.com)"
66.249.79.8 - - [03/Oct/2025:06:58:41 +0000] "GET /252829377?items=0252507262 HTTP/1.0" 200 24677 "-" "Mozilla/5.0 (Linux; Android 6.0.1; Nexus 5X Build/MMB29P) AppleWebKit/537.36 (KHTML, like Gecko) Chrome/140.0.7339.207 Mobile Safari/537.36 (compatible; Googlebot/2.1; +http://www.google.com/bot.html)"
216.73.216.183 - - [03/Oct/2025:06:58:42 +0000] "GET /1133754232?fileloc=%2Fvar%2Fwww%2Fvhosts%2Faceitunaslosada.com%2Fweb%2Fwp-content%2Fuploads%2F2020%2F10%2FIMG_3217-300x225.jpg&path=%2Fvar%2Fwww%2Fvhosts%2Faceitunaslosada.com%2Fweb%2Fwp-content%2Fuploads%2F2020%2F10 HTTP/1.0" 200 6432 "-" "Mozilla/5.0 AppleWebKit/537.36 (KHTML, like Gecko; compatible; ClaudeBot/1.0; +claudebot@anthropic.com)"
20.171.207.106 - - [03/Oct/2025:06:58:42 +0000] "GET /1926244176?path=/var/www/vhosts/aceitunaslosada.com/web/cgi-bin/cgi-bin HTTP/1.0" 200 6929 "-" "Mozilla/5.0 AppleWebKit/537.36 (KHTML, like Gecko; compatible; GPTBot/1.2; +https://openai.com/gptbot)"
20.171.207.61 - - [03/Oct/2025:06:58:42 +0000] "GET /85330290?path=/ HTTP/1.0" 200 6363 "-" "Mozilla/5.0 AppleWebKit/537.36 (KHTML, like Gecko; compatible; GPTBot/1.2; +https://openai.com/gptbot)"
216.73.216.183 - - [03/Oct/2025:06:58:42 +0000] "GET /1133754232?fileloc=%2Fvar%2Fwww%2Fvhosts%2Faceitunaslosada.com%2Fweb%2Fwp-content%2Fuploads%2F2020%2F10%2FIMG_3223-1920x750.jpg&path=%2Fvar%2Fwww%2Fvhosts%2Faceitunaslosada.com%2Fweb%2Fwp-content%2Fuploads%2F2020%2F10 HTTP/1.0" 200 6433 "-" "Mozilla/5.0 AppleWebKit/537.36 (KHTML, like Gecko; compatible; ClaudeBot/1.0; +claudebot@anthropic.com)"
216.73.216.183 - - [03/Oct/2025:06:58:43 +0000] "GET /1133754232?fileloc=%2Fvar%2Fwww%2Fvhosts%2Faceitunaslosada.com%2Fweb%2Fwp-content%2Fuploads%2F2020%2F10%2FIMG_0184-1200x675.jpg&path=%2Fvar%2Fwww%2Fvhosts%2Faceitunaslosada.com%2Fweb%2Fwp-content%2Fuploads%2F2020%2F10 HTTP/1.0" 200 6433 "-" "Mozilla/5.0 AppleWebKit/537.36 (KHTML, like Gecko; compatible; ClaudeBot/1.0; +claudebot@anthropic.com)"
216.73.216.183 - - [03/Oct/2025:06:58:43 +0000] "GET /1133754232?fileloc=%2Fvar%2Fwww%2Fvhosts%2Faceitunaslosada.com%2Fweb%2Fwp-content%2Fuploads%2F2020%2F10%2FIMG_3222-1280x1000.jpg&path=%2Fvar%2Fwww%2Fvhosts%2Faceitunaslosada.com%2Fweb%2Fwp-content%2Fuploads%2F2020%2F10 HTTP/1.0" 200 6433 "-" "Mozilla/5.0 AppleWebKit/537.36 (KHTML, like Gecko; compatible; ClaudeBot/1.0; +claudebot@anthropic.com)"
216.73.216.183 - - [03/Oct/2025:06:58:44 +0000] "GET /1133754232?fileloc=%2Fvar%2Fwww%2Fvhosts%2Faceitunaslosada.com%2Fweb%2Fwp-content%2Fuploads%2F2020%2F10%2FIMG_0301-1-300x225.jpg&path=%2Fvar%2Fwww%2Fvhosts%2Faceitunaslosada.com%2Fweb%2Fwp-content%2Fuploads%2F2020%2F10 HTTP/1.0" 200 6433 "-" "Mozilla/5.0 AppleWebKit/537.36 (KHTML, like Gecko; compatible; ClaudeBot/1.0; +claudebot@anthropic.com)"
216.73.216.183 - - [03/Oct/2025:06:58:44 +0000] "GET /1133754232?fileloc=%2Fvar%2Fwww%2Fvhosts%2Faceitunaslosada.com%2Fweb%2Fwp-content%2Fuploads%2F2020%2F10%2Fcornicabra-intensivo-6-85x85.jpg&path=%2Fvar%2Fwww%2Fvhosts%2Faceitunaslosada.com%2Fweb%2Fwp-content%2Fuploads%2F2020%2F10 HTTP/1.0" 200 6437 "-" "Mozilla/5.0 AppleWebKit/537.36 (KHTML, like Gecko; compatible; ClaudeBot/1.0; +claudebot@anthropic.com)"
216.73.216.183 - - [03/Oct/2025:06:58:45 +0000] "GET /1133754232?fileloc=%2Fvar%2Fwww%2Fvhosts%2Faceitunaslosada.com%2Fweb%2Fwp-content%2Fuploads%2F2020%2F10%2FIMG_0232-1200x675.jpg&path=%2Fvar%2Fwww%2Fvhosts%2Faceitunaslosada.com%2Fweb%2Fwp-content%2Fuploads%2F2020%2F10 HTTP/1.0" 200 6433 "-" "Mozilla/5.0 AppleWebKit/537.36 (KHTML, like Gecko; compatible; ClaudeBot/1.0; +claudebot@anthropic.com)"
20.171.207.106 - - [03/Oct/2025:06:58:45 +0000] "GET /1035140098?path=/var/www/vhosts/aceitunaslosada.com/web/cgi-bin/cgi-bin/cgi-bin/cgi-bin/cgi-bin HTTP/1.0" 200 6938 "-" "Mozilla/5.0 AppleWebKit/537.36 (KHTML, like Gecko; compatible; GPTBot/1.2; +https://openai.com/gptbot)"
20.171.207.61 - - [03/Oct/2025:06:58:46 +0000] "GET /85065905?path=/ HTTP/1.0" 200 6363 "-" "Mozilla/5.0 AppleWebKit/537.36 (KHTML, like Gecko; compatible; GPTBot/1.2; +https://openai.com/gptbot)"
216.73.216.183 - - [03/Oct/2025:06:58:46 +0000] "GET /1133754232?fileloc=%2Fvar%2Fwww%2Fvhosts%2Faceitunaslosada.com%2Fweb%2Fwp-content%2Fuploads%2F2020%2F10%2FIMG_0495-150x150.jpg&path=%2Fvar%2Fwww%2Fvhosts%2Faceitunaslosada.com%2Fweb%2Fwp-content%2Fuploads%2F2020%2F10 HTTP/1.0" 200 6430 "-" "Mozilla/5.0 AppleWebKit/537.36 (KHTML, like Gecko; compatible; ClaudeBot/1.0; +claudebot@anthropic.com)"
52.1.106.130 - - [03/Oct/2025:06:58:46 +0000] "GET /2020/07/03/our-best-ambassador-for-evoo-and-spanish-table-olives-2/?path=/var/www/vhosts/aceitunaslosada.com/web/copia/wp-content/cache/db/options/deb/12d HTTP/1.0" 200 6851 "-" "Mozilla/5.0 AppleWebKit/537.36 (KHTML, like Gecko; compatible; Amazonbot/0.1; +https://developer.amazon.com/support/amazonbot) Chrome/119.0.6045.214 Safari/537.36"
216.73.216.183 - - [03/Oct/2025:06:58:46 +0000] "GET /1133754232?fileloc=%2Fvar%2Fwww%2Fvhosts%2Faceitunaslosada.com%2Fweb%2Fwp-content%2Fuploads%2F2020%2F10%2FEMPELTRE-3-1280x500.jpg&path=%2Fvar%2Fwww%2Fvhosts%2Faceitunaslosada.com%2Fweb%2Fwp-content%2Fuploads%2F2020%2F10 HTTP/1.0" 200 6435 "-" "Mozilla/5.0 AppleWebKit/537.36 (KHTML, like Gecko; compatible; ClaudeBot/1.0; +claudebot@anthropic.com)"
216.73.216.183 - - [03/Oct/2025:06:58:46 +0000] "GET /1133754232?fileloc=%2Fvar%2Fwww%2Fvhosts%2Faceitunaslosada.com%2Fweb%2Fwp-content%2Fuploads%2F2020%2F10%2FIMG_3220-1280x500.jpg&path=%2Fvar%2Fwww%2Fvhosts%2Faceitunaslosada.com%2Fweb%2Fwp-content%2Fuploads%2F2020%2F10 HTTP/1.0" 200 6432 "-" "Mozilla/5.0 AppleWebKit/537.36 (KHTML, like Gecko; compatible; ClaudeBot/1.0; +claudebot@anthropic.com)"
216.73.216.183 - - [03/Oct/2025:06:58:47 +0000] "GET /1133754232?fileloc=%2Fvar%2Fwww%2Fvhosts%2Faceitunaslosada.com%2Fweb%2Fwp-content%2Fuploads%2F2020%2F10%2Fempeltre3-56x75.jpg&path=%2Fvar%2Fwww%2Fvhosts%2Faceitunaslosada.com%2Fweb%2Fwp-content%2Fuploads%2F2020%2F10 HTTP/1.0" 200 6428 "-" "Mozilla/5.0 AppleWebKit/537.36 (KHTML, like Gecko; compatible; ClaudeBot/1.0; +claudebot@anthropic.com)"
216.73.216.183 - - [03/Oct/2025:06:58:47 +0000] "GET /1133754232?fileloc=%2Fvar%2Fwww%2Fvhosts%2Faceitunaslosada.com%2Fweb%2Fwp-content%2Fuploads%2F2020%2F10%2FIMG_0184-50x38.jpg&path=%2Fvar%2Fwww%2Fvhosts%2Faceitunaslosada.com%2Fweb%2Fwp-content%2Fuploads%2F2020%2F10 HTTP/1.0" 200 6430 "-" "Mozilla/5.0 AppleWebKit/537.36 (KHTML, like Gecko; compatible; ClaudeBot/1.0; +claudebot@anthropic.com)"
216.73.216.183 - - [03/Oct/2025:06:58:47 +0000] "GET /1133754232?fileloc=%2Fvar%2Fwww%2Fvhosts%2Faceitunaslosada.com%2Fweb%2Fwp-content%2Fuploads%2F2020%2F10%2FIMG_2422-scaled-300x300.jpg&path=%2Fvar%2Fwww%2Fvhosts%2Faceitunaslosada.com%2Fweb%2Fwp-content%2Fuploads%2F2020%2F10 HTTP/1.0" 200 6435 "-" "Mozilla/5.0 AppleWebKit/537.36 (KHTML, like Gecko; compatible; ClaudeBot/1.0; +claudebot@anthropic.com)"
20.171.207.106 - - [03/Oct/2025:06:58:48 +0000] "GET /1926097014?path=/var/www/vhosts/aceitunaslosada.com/web/cgi-bin/cgi-bin/cgi-bin/cgi-bin/cgi-bin/cgi-bin HTTP/1.0" 200 6957 "-" "Mozilla/5.0 AppleWebKit/537.36 (KHTML, like Gecko; compatible; GPTBot/1.2; +https://openai.com/gptbot)"
198.244.242.49 - - [03/Oct/2025:06:58:48 +0000] "GET /293415965?items=0293042014 HTTP/1.0" 200 8506 "-" "Mozilla/5.0 (compatible; AhrefsBot/7.0; +http://ahrefs.com/robot/)"
82.223.111.37 - - [03/Oct/2025:06:56:51 +0000] "GET /cgi-bin/cgi-bin/cgi-bin/cgi-bin/cgi-bin/cgi-bin/cgi-bin/index.php?ARRAY=7o2230223n313735393437383231312p2231223n22687474703n5p2s5p2s7n7335363476313373752r616p746s742r696r6o5p2s3s6p633q7068705s636s64655s6n6326743q313735393437343631312q3935666261316165613164373739666632623563333136623230336631393164222p2232223n223862383563373232336237373730373832633237323832653632313135363238222p2233223n223433636166353462343930386234303338313861353963386339653165303235222p226175746s5s66696p655s6r616q65223n6r756p6p2p226175746s5s70617373223n6r756p6p2p2262696r675s70617373223n2231382q33322q35382q37302q38302q38372q3132227q HTTP/1.0" 504 3843 "-" "-"
20.171.207.61 - - [03/Oct/2025:06:58:48 +0000] "GET /85488749?path=/ HTTP/1.0" 200 6363 "-" "Mozilla/5.0 AppleWebKit/537.36 (KHTML, like Gecko; compatible; GPTBot/1.2; +https://openai.com/gptbot)"
216.73.216.183 - - [03/Oct/2025:06:58:49 +0000] "GET /1133754232?fileloc=%2Fvar%2Fwww%2Fvhosts%2Faceitunaslosada.com%2Fweb%2Fwp-content%2Fuploads%2F2020%2F10%2FIMG_0185-2048x1536.jpg&path=%2Fvar%2Fwww%2Fvhosts%2Faceitunaslosada.com%2Fweb%2Fwp-content%2Fuploads%2F2020%2F10 HTTP/1.0" 200 6433 "-" "Mozilla/5.0 AppleWebKit/537.36 (KHTML, like Gecko; compatible; ClaudeBot/1.0; +claudebot@anthropic.com)"
216.73.216.183 - - [03/Oct/2025:06:58:48 +0000] "GET /1133754232?fileloc=%2Fvar%2Fwww%2Fvhosts%2Faceitunaslosada.com%2Fweb%2Fwp-content%2Fuploads%2F2020%2F10%2FIMG_0245-1630x860.jpg&path=%2Fvar%2Fwww%2Fvhosts%2Faceitunaslosada.com%2Fweb%2Fwp-content%2Fuploads%2F2020%2F10 HTTP/1.0" 200 6431 "-" "Mozilla/5.0 AppleWebKit/537.36 (KHTML, like Gecko; compatible; ClaudeBot/1.0; +claudebot@anthropic.com)"
136.243.228.177 - - [03/Oct/2025:06:58:49 +0000] "GET /combine287020268.html HTTP/1.0" 200 8572 "-" "Mozilla/5.0 (compatible; DataForSeoBot/1.0; +https://dataforseo.com/dataforseo-bot)"
216.73.216.183 - - [03/Oct/2025:06:58:49 +0000] "GET /1133754232?fileloc=%2Fvar%2Fwww%2Fvhosts%2Faceitunaslosada.com%2Fweb%2Fwp-content%2Fuploads%2F2020%2F10%2FIMG_0232-1280x500.jpg&path=%2Fvar%2Fwww%2Fvhosts%2Faceitunaslosada.com%2Fweb%2Fwp-content%2Fuploads%2F2020%2F10 HTTP/1.0" 200 6433 "-" "Mozilla/5.0 AppleWebKit/537.36 (KHTML, like Gecko; compatible; ClaudeBot/1.0; +claudebot@anthropic.com)"
216.73.216.183 - - [03/Oct/2025:06:58:50 +0000] "GET /1133754232?fileloc=%2Fvar%2Fwww%2Fvhosts%2Faceitunaslosada.com%2Fweb%2Fwp-content%2Fuploads%2F2020%2F10%2FIMG_0286-1200x675.jpg&path=%2Fvar%2Fwww%2Fvhosts%2Faceitunaslosada.com%2Fweb%2Fwp-content%2Fuploads%2F2020%2F10 HTTP/1.0" 500 3547 "-" "Mozilla/5.0 AppleWebKit/537.36 (KHTML, like Gecko; compatible; ClaudeBot/1.0; +claudebot@anthropic.com)"
216.73.216.183 - - [03/Oct/2025:06:58:49 +0000] "GET /1133754232?fileloc=%2Fvar%2Fwww%2Fvhosts%2Faceitunaslosada.com%2Fweb%2Fwp-content%2Fuploads%2F2020%2F10%2FIMG_0491-600x800.jpg&path=%2Fvar%2Fwww%2Fvhosts%2Faceitunaslosada.com%2Fweb%2Fwp-content%2Fuploads%2F2020%2F10 HTTP/1.0" 200 6432 "-" "Mozilla/5.0 AppleWebKit/537.36 (KHTML, like Gecko; compatible; ClaudeBot/1.0; +claudebot@anthropic.com)"
23.23.214.190 - - [03/Oct/2025:06:58:49 +0000] "GET /2020/10/13/super-intensivo-de-arbequina/%20?path=/var/www/vhosts/aceitunaslosada.com/web/wp-content/plugins/google-site-kit/includes/Core/CLI HTTP/1.0" 200 6976 "-" "Mozilla/5.0 AppleWebKit/537.36 (KHTML, like Gecko; compatible; Amazonbot/0.1; +https://developer.amazon.com/support/amazonbot) Chrome/119.0.6045.214 Safari/537.36"
216.73.216.183 - - [03/Oct/2025:06:58:50 +0000] "GET /1133754232?fileloc=%2Fvar%2Fwww%2Fvhosts%2Faceitunaslosada.com%2Fweb%2Fwp-content%2Fuploads%2F2020%2F10%2Fempeltre2-38x50.jpg&path=%2Fvar%2Fwww%2Fvhosts%2Faceitunaslosada.com%2Fweb%2Fwp-content%2Fuploads%2F2020%2F10 HTTP/1.0" 200 6428 "-" "Mozilla/5.0 AppleWebKit/537.36 (KHTML, like Gecko; compatible; ClaudeBot/1.0; +claudebot@anthropic.com)"
20.171.207.61 - - [03/Oct/2025:06:58:51 +0000] "GET /85465263?path=/ HTTP/1.0" 200 6363 "-" "Mozilla/5.0 AppleWebKit/537.36 (KHTML, like Gecko; compatible; GPTBot/1.2; +https://openai.com/gptbot)"
216.73.216.183 - - [03/Oct/2025:06:58:52 +0000] "GET /1133754232?fileloc=%2Fvar%2Fwww%2Fvhosts%2Faceitunaslosada.com%2Fweb%2Fwp-content%2Fuploads%2F2020%2F10%2Fmontegarrido-1-150x34.jpg&path=%2Fvar%2Fwww%2Fvhosts%2Faceitunaslosada.com%2Fweb%2Fwp-content%2Fuploads%2F2020%2F10 HTTP/1.0" 200 6431 "-" "Mozilla/5.0 AppleWebKit/537.36 (KHTML, like Gecko; compatible; ClaudeBot/1.0; +claudebot@anthropic.com)"
216.73.216.183 - - [03/Oct/2025:06:58:52 +0000] "GET /1133754232?fileloc=%2Fvar%2Fwww%2Fvhosts%2Faceitunaslosada.com%2Fweb%2Fwp-content%2Fuploads%2F2020%2F10%2FIMG_0142-1536x2048.jpg&path=%2Fvar%2Fwww%2Fvhosts%2Faceitunaslosada.com%2Fweb%2Fwp-content%2Fuploads%2F2020%2F10 HTTP/1.0" 200 6434 "-" "Mozilla/5.0 AppleWebKit/537.36 (KHTML, like Gecko; compatible; ClaudeBot/1.0; +claudebot@anthropic.com)"
216.73.216.183 - - [03/Oct/2025:06:58:52 +0000] "GET /1133754232?fileloc=%2Fvar%2Fwww%2Fvhosts%2Faceitunaslosada.com%2Fweb%2Fwp-content%2Fuploads%2F2020%2F10%2FIMG_0495-848x750.jpg&path=%2Fvar%2Fwww%2Fvhosts%2Faceitunaslosada.com%2Fweb%2Fwp-content%2Fuploads%2F2020%2F10 HTTP/1.0" 200 6432 "-" "Mozilla/5.0 AppleWebKit/537.36 (KHTML, like Gecko; compatible; ClaudeBot/1.0; +claudebot@anthropic.com)"
216.73.216.183 - - [03/Oct/2025:06:58:52 +0000] "GET /1133754232?fileloc=%2Fvar%2Fwww%2Fvhosts%2Faceitunaslosada.com%2Fweb%2Fwp-content%2Fuploads%2F2020%2F10%2FIMG_0286-50x38.jpg&path=%2Fvar%2Fwww%2Fvhosts%2Faceitunaslosada.com%2Fweb%2Fwp-content%2Fuploads%2F2020%2F10 HTTP/1.0" 200 6430 "-" "Mozilla/5.0 AppleWebKit/537.36 (KHTML, like Gecko; compatible; ClaudeBot/1.0; +claudebot@anthropic.com)"
216.73.216.183 - - [03/Oct/2025:06:58:52 +0000] "GET /1133754232?fileloc=%2Fvar%2Fwww%2Fvhosts%2Faceitunaslosada.com%2Fweb%2Fwp-content%2Fuploads%2F2020%2F10%2FIMG_9553-1630x860.jpg&path=%2Fvar%2Fwww%2Fvhosts%2Faceitunaslosada.com%2Fweb%2Fwp-content%2Fuploads%2F2020%2F10 HTTP/1.0" 200 6432 "-" "Mozilla/5.0 AppleWebKit/537.36 (KHTML, like Gecko; compatible; ClaudeBot/1.0; +claudebot@anthropic.com)"
216.73.216.183 - - [03/Oct/2025:06:58:53 +0000] "GET /1133754232?fileloc=%2Fvar%2Fwww%2Fvhosts%2Faceitunaslosada.com%2Fweb%2Fwp-content%2Fuploads%2F2020%2F10%2FIMG_0177-1536x1152.jpg&path=%2Fvar%2Fwww%2Fvhosts%2Faceitunaslosada.com%2Fweb%2Fwp-content%2Fuploads%2F2020%2F10 HTTP/1.0" 200 6434 "-" "Mozilla/5.0 AppleWebKit/537.36 (KHTML, like Gecko; compatible; ClaudeBot/1.0; +claudebot@anthropic.com)"
20.171.207.61 - - [03/Oct/2025:06:58:53 +0000] "GET /85524217?path=/ HTTP/1.0" 200 6363 "-" "Mozilla/5.0 AppleWebKit/537.36 (KHTML, like Gecko; compatible; GPTBot/1.2; +https://openai.com/gptbot)"
216.73.216.183 - - [03/Oct/2025:06:58:53 +0000] "GET /1133754232?fileloc=%2Fvar%2Fwww%2Fvhosts%2Faceitunaslosada.com%2Fweb%2Fwp-content%2Fuploads%2F2020%2F10%2FIMG_0286-1280x500.jpg&path=%2Fvar%2Fwww%2Fvhosts%2Faceitunaslosada.com%2Fweb%2Fwp-content%2Fuploads%2F2020%2F10 HTTP/1.0" 200 6433 "-" "Mozilla/5.0 AppleWebKit/537.36 (KHTML, like Gecko; compatible; ClaudeBot/1.0; +claudebot@anthropic.com)"
136.243.228.177 - - [03/Oct/2025:06:58:53 +0000] "GET /spark003019890.html HTTP/1.0" 200 8572 "-" "Mozilla/5.0 (compatible; DataForSeoBot/1.0; +https://dataforseo.com/dataforseo-bot)"
216.73.216.183 - - [03/Oct/2025:06:58:54 +0000] "GET /1133754232?fileloc=%2Fvar%2Fwww%2Fvhosts%2Faceitunaslosada.com%2Fweb%2Fwp-content%2Fuploads%2F2020%2F10%2FIMG_3462-2-225x300.jpg&path=%2Fvar%2Fwww%2Fvhosts%2Faceitunaslosada.com%2Fweb%2Fwp-content%2Fuploads%2F2020%2F10 HTTP/1.0" 200 6432 "-" "Mozilla/5.0 AppleWebKit/537.36 (KHTML, like Gecko; compatible; ClaudeBot/1.0; +claudebot@anthropic.com)"
216.73.216.183 - - [03/Oct/2025:06:58:54 +0000] "GET /1133754232?fileloc=%2Fvar%2Fwww%2Fvhosts%2Faceitunaslosada.com%2Fweb%2Fwp-content%2Fuploads%2F2020%2F10%2FIMG_0486-58x75.jpg&path=%2Fvar%2Fwww%2Fvhosts%2Faceitunaslosada.com%2Fweb%2Fwp-content%2Fuploads%2F2020%2F10 HTTP/1.0" 200 6430 "-" "Mozilla/5.0 AppleWebKit/537.36 (KHTML, like Gecko; compatible; ClaudeBot/1.0; +claudebot@anthropic.com)"
20.171.207.106 - - [03/Oct/2025:06:58:54 +0000] "GET /2014494548?path=/var/www/vhosts/aceitunaslosada.com/web/cgi-bin/cgi-bin HTTP/1.0" 200 6927 "-" "Mozilla/5.0 AppleWebKit/537.36 (KHTML, like Gecko; compatible; GPTBot/1.2; +https://openai.com/gptbot)"
216.73.216.183 - - [03/Oct/2025:06:58:54 +0000] "GET /1133754232?fileloc=%2Fvar%2Fwww%2Fvhosts%2Faceitunaslosada.com%2Fweb%2Fwp-content%2Fuploads%2F2020%2F10%2Fmonegarrido-2-150x150.jpg&path=%2Fvar%2Fwww%2Fvhosts%2Faceitunaslosada.com%2Fweb%2Fwp-content%2Fuploads%2F2020%2F10 HTTP/1.0" 200 6432 "-" "Mozilla/5.0 AppleWebKit/537.36 (KHTML, like Gecko; compatible; ClaudeBot/1.0; +claudebot@anthropic.com)"
216.73.216.183 - - [03/Oct/2025:06:58:54 +0000] "GET /1133754232?fileloc=%2Fvar%2Fwww%2Fvhosts%2Faceitunaslosada.com%2Fweb%2Fwp-content%2Fuploads%2F2020%2F10%2FIMG_0156-1152x1536.jpg&path=%2Fvar%2Fwww%2Fvhosts%2Faceitunaslosada.com%2Fweb%2Fwp-content%2Fuploads%2F2020%2F10 HTTP/1.0" 200 6433 "-" "Mozilla/5.0 AppleWebKit/537.36 (KHTML, like Gecko; compatible; ClaudeBot/1.0; +claudebot@anthropic.com)"
216.73.216.183 - - [03/Oct/2025:06:58:54 +0000] "GET /1133754232?fileloc=%2Fvar%2Fwww%2Fvhosts%2Faceitunaslosada.com%2Fweb%2Fwp-content%2Fuploads%2F2020%2F10%2FIMG_0301-scaled-600x450.jpg&path=%2Fvar%2Fwww%2Fvhosts%2Faceitunaslosada.com%2Fweb%2Fwp-content%2Fuploads%2F2020%2F10 HTTP/1.0" 200 6435 "-" "Mozilla/5.0 AppleWebKit/537.36 (KHTML, like Gecko; compatible; ClaudeBot/1.0; +claudebot@anthropic.com)"
20.171.207.61 - - [03/Oct/2025:06:58:55 +0000] "GET /85562859?path=/ HTTP/1.0" 200 6363 "-" "Mozilla/5.0 AppleWebKit/537.36 (KHTML, like Gecko; compatible; GPTBot/1.2; +https://openai.com/gptbot)"
66.249.79.8 - - [03/Oct/2025:06:58:55 +0000] "GET /item/u192/45662/ HTTP/1.0" 200 23928 "-" "Mozilla/5.0 (Linux; Android 6.0.1; Nexus 5X Build/MMB29P) AppleWebKit/537.36 (KHTML, like Gecko) Chrome/140.0.7339.207 Mobile Safari/537.36 (compatible; Googlebot/2.1; +http://www.google.com/bot.html)"
216.73.216.183 - - [03/Oct/2025:06:58:55 +0000] "GET /1133754232?fileloc=%2Fvar%2Fwww%2Fvhosts%2Faceitunaslosada.com%2Fweb%2Fwp-content%2Fuploads%2F2020%2F10%2FIMG_0174-1536x1152.jpg&path=%2Fvar%2Fwww%2Fvhosts%2Faceitunaslosada.com%2Fweb%2Fwp-content%2Fuploads%2F2020%2F10 HTTP/1.0" 200 6434 "-" "Mozilla/5.0 AppleWebKit/537.36 (KHTML, like Gecko; compatible; ClaudeBot/1.0; +claudebot@anthropic.com)"
216.73.216.183 - - [03/Oct/2025:06:58:55 +0000] "GET /1133754232?fileloc=%2Fvar%2Fwww%2Fvhosts%2Faceitunaslosada.com%2Fweb%2Fwp-content%2Fuploads%2F2020%2F10%2FIMG_0157-1536x2048.jpg&path=%2Fvar%2Fwww%2Fvhosts%2Faceitunaslosada.com%2Fweb%2Fwp-content%2Fuploads%2F2020%2F10 HTTP/1.0" 200 6434 "-" "Mozilla/5.0 AppleWebKit/537.36 (KHTML, like Gecko; compatible; ClaudeBot/1.0; +claudebot@anthropic.com)"
52.3.156.186 - - [03/Oct/2025:06:58:55 +0000] "GET /producto/aceituna-zorzalena-natural-sin-hueso-2/?path=/var/www/vhosts/aceitunaslosada.com/web/wp-content/cache/db/options/c8d/3d7 HTTP/1.0" 200 6786 "-" "Mozilla/5.0 AppleWebKit/537.36 (KHTML, like Gecko; compatible; Amazonbot/0.1; +https://developer.amazon.com/support/amazonbot) Chrome/119.0.6045.214 Safari/537.36"
216.73.216.183 - - [03/Oct/2025:06:58:56 +0000] "GET /1133754232?fileloc=%2Fvar%2Fwww%2Fvhosts%2Faceitunaslosada.com%2Fweb%2Fwp-content%2Fuploads%2F2020%2F10%2FIMG_0312-1536x1152.jpg&path=%2Fvar%2Fwww%2Fvhosts%2Faceitunaslosada.com%2Fweb%2Fwp-content%2Fuploads%2F2020%2F10 HTTP/1.0" 200 6432 "-" "Mozilla/5.0 AppleWebKit/537.36 (KHTML, like Gecko; compatible; ClaudeBot/1.0; +claudebot@anthropic.com)"
20.171.207.106 - - [03/Oct/2025:06:58:56 +0000] "GET /1035269303?path=/var/www/vhosts/aceitunaslosada.com/web/cgi-bin/cgi-bin HTTP/1.0" 200 6927 "-" "Mozilla/5.0 AppleWebKit/537.36 (KHTML, like Gecko; compatible; GPTBot/1.2; +https://openai.com/gptbot)"
216.73.216.183 - - [03/Oct/2025:06:58:56 +0000] "GET /1133754232?fileloc=%2Fvar%2Fwww%2Fvhosts%2Faceitunaslosada.com%2Fweb%2Fwp-content%2Fuploads%2F2020%2F10%2FIMG_0231-1280x1000.jpg&path=%2Fvar%2Fwww%2Fvhosts%2Faceitunaslosada.com%2Fweb%2Fwp-content%2Fuploads%2F2020%2F10 HTTP/1.0" 200 6431 "-" "Mozilla/5.0 AppleWebKit/537.36 (KHTML, like Gecko; compatible; ClaudeBot/1.0; +claudebot@anthropic.com)"
216.73.216.183 - - [03/Oct/2025:06:58:56 +0000] "GET /1133754232?fileloc=%2Fvar%2Fwww%2Fvhosts%2Faceitunaslosada.com%2Fweb%2Fwp-content%2Fuploads%2F2020%2F10%2FMARIDAJE-ARBEQUINA-1536x1152.jpg&path=%2Fvar%2Fwww%2Fvhosts%2Faceitunaslosada.com%2Fweb%2Fwp-content%2Fuploads%2F2020%2F10 HTTP/1.0" 200 6444 "-" "Mozilla/5.0 AppleWebKit/537.36 (KHTML, like Gecko; compatible; ClaudeBot/1.0; +claudebot@anthropic.com)"
216.73.216.183 - - [03/Oct/2025:06:58:56 +0000] "GET /1133754232?fileloc=%2Fvar%2Fwww%2Fvhosts%2Faceitunaslosada.com%2Fweb%2Fwp-content%2Fuploads%2F2020%2F10%2FIMG_0483-150x150.jpg&path=%2Fvar%2Fwww%2Fvhosts%2Faceitunaslosada.com%2Fweb%2Fwp-content%2Fuploads%2F2020%2F10 HTTP/1.0" 200 6430 "-" "Mozilla/5.0 AppleWebKit/537.36 (KHTML, like Gecko; compatible; ClaudeBot/1.0; +claudebot@anthropic.com)"
20.171.207.61 - - [03/Oct/2025:06:58:57 +0000] "GET /85024155?path=/ HTTP/1.0" 200 6363 "-" "Mozilla/5.0 AppleWebKit/537.36 (KHTML, like Gecko; compatible; GPTBot/1.2; +https://openai.com/gptbot)"
50.19.221.48 - - [03/Oct/2025:06:58:57 +0000] "GET /producto/aceituna-gordal-rellena-de-piel-de-limon/?path=/var/www/vhosts/aceitunaslosada.com/web/wp-content/plugins/w3-total-cache/vendor/aws/aws-sdk-php/src/data/discovery HTTP/1.0" 200 6884 "-" "Mozilla/5.0 AppleWebKit/537.36 (KHTML, like Gecko; compatible; Amazonbot/0.1; +https://developer.amazon.com/support/amazonbot) Chrome/119.0.6045.214 Safari/537.36"
136.243.228.177 - - [03/Oct/2025:06:58:57 +0000] "GET /item/u156/36/ HTTP/1.0" 200 8572 "-" "Mozilla/5.0 (compatible; DataForSeoBot/1.0; +https://dataforseo.com/dataforseo-bot)"
216.73.216.183 - - [03/Oct/2025:06:58:57 +0000] "GET /1133754232?fileloc=%2Fvar%2Fwww%2Fvhosts%2Faceitunaslosada.com%2Fweb%2Fwp-content%2Fuploads%2F2020%2F10%2FIMG_9954-85x85.jpg&path=%2Fvar%2Fwww%2Fvhosts%2Faceitunaslosada.com%2Fweb%2Fwp-content%2Fuploads%2F2020%2F10 HTTP/1.0" 200 6430 "-" "Mozilla/5.0 AppleWebKit/537.36 (KHTML, like Gecko; compatible; ClaudeBot/1.0; +claudebot@anthropic.com)"
173.208.176.202 - - [03/Oct/2025:06:57:32 +0000] "GET /wp-content/plb692e7/index.php?id=669411 HTTP/1.0" 200 3528 "-" "GuzzleHttp/7"
216.73.216.183 - - [03/Oct/2025:06:58:57 +0000] "GET /1133754232?fileloc=%2Fvar%2Fwww%2Fvhosts%2Faceitunaslosada.com%2Fweb%2Fwp-content%2Fuploads%2F2020%2F10%2FIMG_0185-scaled-300x300.jpg&path=%2Fvar%2Fwww%2Fvhosts%2Faceitunaslosada.com%2Fweb%2Fwp-content%2Fuploads%2F2020%2F10 HTTP/1.0" 200 6434 "-" "Mozilla/5.0 AppleWebKit/537.36 (KHTML, like Gecko; compatible; ClaudeBot/1.0; +claudebot@anthropic.com)"
216.73.216.183 - - [03/Oct/2025:06:58:58 +0000] "GET /1133754232?fileloc=%2Fvar%2Fwww%2Fvhosts%2Faceitunaslosada.com%2Fweb%2Fwp-content%2Fuploads%2F2020%2F10%2FIMG_0207-1152x1536.jpg&path=%2Fvar%2Fwww%2Fvhosts%2Faceitunaslosada.com%2Fweb%2Fwp-content%2Fuploads%2F2020%2F10 HTTP/1.0" 200 6433 "-" "Mozilla/5.0 AppleWebKit/537.36 (KHTML, like Gecko; compatible; ClaudeBot/1.0; +claudebot@anthropic.com)"
20.171.207.106 - - [03/Oct/2025:06:58:58 +0000] "GET /1926223079?path=/var/www/vhosts/aceitunaslosada.com/web/cgi-bin/cgi-bin/cgi-bin/cgi-bin/cgi-bin HTTP/1.0" 200 6939 "-" "Mozilla/5.0 AppleWebKit/537.36 (KHTML, like Gecko; compatible; GPTBot/1.2; +https://openai.com/gptbot)"
216.73.216.183 - - [03/Oct/2025:06:58:58 +0000] "GET /1133754232?fileloc=%2Fvar%2Fwww%2Fvhosts%2Faceitunaslosada.com%2Fweb%2Fwp-content%2Fuploads%2F2020%2F10%2FIMG_0301-300x225.jpg&path=%2Fvar%2Fwww%2Fvhosts%2Faceitunaslosada.com%2Fweb%2Fwp-content%2Fuploads%2F2020%2F10 HTTP/1.0" 200 6431 "-" "Mozilla/5.0 AppleWebKit/537.36 (KHTML, like Gecko; compatible; ClaudeBot/1.0; +claudebot@anthropic.com)"
216.73.216.183 - - [03/Oct/2025:06:58:59 +0000] "GET /1133754232?fileloc=%2Fvar%2Fwww%2Fvhosts%2Faceitunaslosada.com%2Fweb%2Fwp-content%2Fuploads%2F2020%2F10%2Fmonegarrido-2-1920x750.jpg&path=%2Fvar%2Fwww%2Fvhosts%2Faceitunaslosada.com%2Fweb%2Fwp-content%2Fuploads%2F2020%2F10 HTTP/1.0" 200 6434 "-" "Mozilla/5.0 AppleWebKit/537.36 (KHTML, like Gecko; compatible; ClaudeBot/1.0; +claudebot@anthropic.com)"
216.73.216.183 - - [03/Oct/2025:06:58:59 +0000] "GET /1133754232?fileloc=%2Fvar%2Fwww%2Fvhosts%2Faceitunaslosada.com%2Fweb%2Fwp-content%2Fuploads%2F2020%2F10%2FIMG_0230-110x146.jpg&path=%2Fvar%2Fwww%2Fvhosts%2Faceitunaslosada.com%2Fweb%2Fwp-content%2Fuploads%2F2020%2F10 HTTP/1.0" 200 6431 "-" "Mozilla/5.0 AppleWebKit/537.36 (KHTML, like Gecko; compatible; ClaudeBot/1.0; +claudebot@anthropic.com)"
66.249.79.136 - - [03/Oct/2025:06:58:59 +0000] "GET /902875481?items=0901723166 HTTP/1.0" 200 25834 "-" "Mozilla/5.0 (Linux; Android 6.0.1; Nexus 5X Build/MMB29P) AppleWebKit/537.36 (KHTML, like Gecko) Chrome/140.0.7339.207 Mobile Safari/537.36 (compatible; Googlebot/2.1; +http://www.google.com/bot.html)"
20.171.207.61 - - [03/Oct/2025:06:58:59 +0000] "GET /85230851?path=/ HTTP/1.0" 200 6362 "-" "Mozilla/5.0 AppleWebKit/537.36 (KHTML, like Gecko; compatible; GPTBot/1.2; +https://openai.com/gptbot)"
216.73.216.183 - - [03/Oct/2025:06:58:59 +0000] "GET /1133754232?fileloc=%2Fvar%2Fwww%2Fvhosts%2Faceitunaslosada.com%2Fweb%2Fwp-content%2Fuploads%2F2020%2F10%2FIMG_0231-scaled-600x600.jpg&path=%2Fvar%2Fwww%2Fvhosts%2Faceitunaslosada.com%2Fweb%2Fwp-content%2Fuploads%2F2020%2F10 HTTP/1.0" 200 6434 "-" "Mozilla/5.0 AppleWebKit/537.36 (KHTML, like Gecko; compatible; ClaudeBot/1.0; +claudebot@anthropic.com)"
216.73.216.183 - - [03/Oct/2025:06:59:00 +0000] "GET /1133754232?fileloc=%2Fvar%2Fwww%2Fvhosts%2Faceitunaslosada.com%2Fweb%2Fwp-content%2Fuploads%2F2020%2F10%2FIMG_2091-85x85.jpg&path=%2Fvar%2Fwww%2Fvhosts%2Faceitunaslosada.com%2Fweb%2Fwp-content%2Fuploads%2F2020%2F10 HTTP/1.0" 200 6430 "-" "Mozilla/5.0 AppleWebKit/537.36 (KHTML, like Gecko; compatible; ClaudeBot/1.0; +claudebot@anthropic.com)"
216.73.216.183 - - [03/Oct/2025:06:59:00 +0000] "GET /1133754232?fileloc=%2Fvar%2Fwww%2Fvhosts%2Faceitunaslosada.com%2Fweb%2Fwp-content%2Fuploads%2F2020%2F10%2FMARIDAJE-CUQUILLO-1536x1152.jpg&path=%2Fvar%2Fwww%2Fvhosts%2Faceitunaslosada.com%2Fweb%2Fwp-content%2Fuploads%2F2020%2F10 HTTP/1.0" 200 6445 "-" "Mozilla/5.0 AppleWebKit/537.36 (KHTML, like Gecko; compatible; ClaudeBot/1.0; +claudebot@anthropic.com)"
