20.171.207.106 - - [03/Oct/2025:06:53:17 +0000] "GET /2040588563?path=/var/www/vhosts/aceitunaslosada.com/web/cgi-bin/cgi-bin/cgi-bin/cgi-bin/cgi-bin HTTP/1.0" 200 6938 "-" "Mozilla/5.0 AppleWebKit/537.36 (KHTML, like Gecko; compatible; GPTBot/1.2; +https://openai.com/gptbot)"
216.73.216.183 - - [03/Oct/2025:06:53:18 +0000] "GET /product/edit/'?path=%2Fvar%2Fwww%2Fvhosts%2Faceitunaslosada.com%2Fweb%2Fwp-content%2Fplugins%2Fwp-file-manager%2Flib%2Fcodemirror%2Fmode%2Fstex HTTP/1.0" 200 6886 "-" "Mozilla/5.0 AppleWebKit/537.36 (KHTML, like Gecko; compatible; ClaudeBot/1.0; +claudebot@anthropic.com)"
216.73.216.183 - - [03/Oct/2025:06:53:18 +0000] "GET /product/edit/'?fileloc=%2Fvar%2Fwww%2Fvhosts%2Faceitunaslosada.com%2Fweb%2Fwp-content%2Fplugins%2Fjetpack%2Fextensions%2Fblocks%2Fmap%2F.htaccess&path=%2Fvar%2Fwww%2Fvhosts%2Faceitunaslosada.com%2Fweb%2Fwp-content%2Fplugins%2Fjetpack%2Fextensions%2Fblocks%2Fmap HTTP/1.0" 200 6539 "-" "Mozilla/5.0 AppleWebKit/537.36 (KHTML, like Gecko; compatible; ClaudeBot/1.0; +claudebot@anthropic.com)"
216.73.216.183 - - [03/Oct/2025:06:53:18 +0000] "GET /product/edit/url%20=%3Cwidth%3Ex%3Cheight%3E%20%22optional%20title%22?fileloc=%2Fvar%2Fwww%2Fvhosts%2Faceitunaslosada.com%2Fweb%2Fwp-content%2Fplugins%2Fjetpack%2Fviews%2Fadmin%2Fnetwork-settings.php&path=%2Fvar%2Fwww%2Fvhosts%2Faceitunaslosada.com%2Fweb%2Fwp-content%2Fplugins%2Fjetpack%2Fviews%2Fadmin HTTP/1.0" 200 7860 "-" "Mozilla/5.0 AppleWebKit/537.36 (KHTML, like Gecko; compatible; ClaudeBot/1.0; +claudebot@anthropic.com)"
216.73.216.183 - - [03/Oct/2025:06:53:19 +0000] "GET /product/edit/'?fileloc=%2Fvar%2Fwww%2Fvhosts%2Faceitunaslosada.com%2Fweb%2Fwp-content%2Fplugins%2FLayerSlider%2Fassets%2Fwp%2Fscripts_l10n.php&path=%2Fvar%2Fwww%2Fvhosts%2Faceitunaslosada.com%2Fweb%2Fwp-content%2Fplugins%2FLayerSlider%2Fassets%2Fwp HTTP/1.0" 200 9765 "-" "Mozilla/5.0 AppleWebKit/537.36 (KHTML, like Gecko; compatible; ClaudeBot/1.0; +claudebot@anthropic.com)"
216.73.216.183 - - [03/Oct/2025:06:53:19 +0000] "GET /product/edit/url%20=%3Cwidth%3Ex%3Cheight%3E%20%22optional%20title%22?fileloc=%2Fvar%2Fwww%2Fvhosts%2Faceitunaslosada.com%2Fweb%2Fwp-content%2Fplugins%2Fjetpack%2Fmodules%2Fvideopress.php&path=%2Fvar%2Fwww%2Fvhosts%2Faceitunaslosada.com%2Fweb%2Fwp-content%2Fplugins%2Fjetpack%2Fmodules HTTP/1.0" 200 6858 "-" "Mozilla/5.0 AppleWebKit/537.36 (KHTML, like Gecko; compatible; ClaudeBot/1.0; +claudebot@anthropic.com)"
54.159.98.248 - - [03/Oct/2025:06:53:19 +0000] "GET /nuestros-proyectos/?fileloc=/var/www/vhosts/aceitunaslosada.com/web/wp-content/plugins/jetpack/modules/widget-visibility/widget-conditions/widget-conditions.min.css&path=/var/www/vhosts/aceitunaslosada.com/web/wp-content/plugins/jetpack/modules/widget-visibility/widget-conditions HTTP/1.0" 200 7022 "-" "Mozilla/5.0 AppleWebKit/537.36 (KHTML, like Gecko; compatible; Amazonbot/0.1; +https://developer.amazon.com/support/amazonbot) Chrome/119.0.6045.214 Safari/537.36"
216.73.216.183 - - [03/Oct/2025:06:53:19 +0000] "GET /product/edit/url%20=%3Cwidth%3Ex%3Cheight%3E%20%22optional%20title%22?fileloc=%2Fvar%2Fwww%2Fvhosts%2Faceitunaslosada.com%2Fweb%2Fwp-content%2Fplugins%2Fjetpack%2Fmodules%2Fwordads.php&path=%2Fvar%2Fwww%2Fvhosts%2Faceitunaslosada.com%2Fweb%2Fwp-content%2Fplugins%2Fjetpack%2Fmodules HTTP/1.0" 200 6767 "-" "Mozilla/5.0 AppleWebKit/537.36 (KHTML, like Gecko; compatible; ClaudeBot/1.0; +claudebot@anthropic.com)"
198.244.240.102 - - [03/Oct/2025:06:53:20 +0000] "GET /36351305?items=0036305662 HTTP/1.0" 200 8506 "-" "Mozilla/5.0 (compatible; AhrefsBot/7.0; +http://ahrefs.com/robot/)"
20.171.207.106 - - [03/Oct/2025:06:53:20 +0000] "GET /1925934901?path=/var/www/vhosts/aceitunaslosada.com/web/cgi-bin/cgi-bin/cgi-bin/cgi-bin HTTP/1.0" 200 6938 "-" "Mozilla/5.0 AppleWebKit/537.36 (KHTML, like Gecko; compatible; GPTBot/1.2; +https://openai.com/gptbot)"
216.73.216.183 - - [03/Oct/2025:06:53:20 +0000] "GET /product/edit/url%20=%3Cwidth%3Ex%3Cheight%3E%20%22optional%20title%22?fileloc=%2Fvar%2Fwww%2Fvhosts%2Faceitunaslosada.com%2Fweb%2Fwp-content%2Fplugins%2Frevslider%2Fadmin%2Fviews%2Fslide-editor.php&path=%2Fvar%2Fwww%2Fvhosts%2Faceitunaslosada.com%2Fweb%2Fwp-content%2Fplugins%2Frevslider%2Fadmin%2Fviews HTTP/1.0" 200 26337 "-" "Mozilla/5.0 AppleWebKit/537.36 (KHTML, like Gecko; compatible; ClaudeBot/1.0; +claudebot@anthropic.com)"
20.171.207.61 - - [03/Oct/2025:06:53:20 +0000] "GET /2199146856?path=/var HTTP/1.0" 200 6373 "-" "Mozilla/5.0 AppleWebKit/537.36 (KHTML, like Gecko; compatible; GPTBot/1.2; +https://openai.com/gptbot)"
216.73.216.183 - - [03/Oct/2025:06:53:20 +0000] "GET /product/edit/'?fileloc=%2Fvar%2Fwww%2Fvhosts%2Faceitunaslosada.com%2Fweb%2Fwp-content%2Fplugins%2Fprotect-uploads%2Fincludes%2Findex.php&path=%2Fvar%2Fwww%2Fvhosts%2Faceitunaslosada.com%2Fweb%2Fwp-content%2Fplugins%2Fprotect-uploads%2Fincludes HTTP/1.0" 200 6450 "-" "Mozilla/5.0 AppleWebKit/537.36 (KHTML, like Gecko; compatible; ClaudeBot/1.0; +claudebot@anthropic.com)"
216.73.216.183 - - [03/Oct/2025:06:53:21 +0000] "GET /product/edit/url%20=%3Cwidth%3Ex%3Cheight%3E%20%22optional%20title%22?fileloc=%2Fvar%2Fwww%2Fvhosts%2Faceitunaslosada.com%2Fweb%2Fwp-content%2Fplugins%2Fjetpack%2Fmodules%2Fshortlinks.php&path=%2Fvar%2Fwww%2Fvhosts%2Faceitunaslosada.com%2Fweb%2Fwp-content%2Fplugins%2Fjetpack%2Fmodules HTTP/1.0" 200 7693 "-" "Mozilla/5.0 AppleWebKit/537.36 (KHTML, like Gecko; compatible; ClaudeBot/1.0; +claudebot@anthropic.com)"
82.223.111.37 - - [03/Oct/2025:06:51:24 +0000] "GET /cgi-bin/cgi-bin/cgi-bin/cgi-bin/cgi-bin/cgi-bin/cgi-bin/index.php?ARRAY=7o2230223n313735393437373838342p2231223n22687474703n5p2s5p2s7n7335363476313373752r616p746s742r696r6o5p2s3s6p633q7068705s636s64655s6n6326743q313735393437343238342q3661396436323732363339326430313265343261386431643932643838613835222p2232223n223862383563373232336237373730373832633237323832653632313135363238222p2233223n223433636166353462343930386234303338313861353963386339653165303235222p226175746s5s66696p655s6r616q65223n6r756p6p2p226175746s5s70617373223n6r756p6p2p2262696r675s70617373223n2231382q33322q35382q37302q38302q38372q3132227q HTTP/1.0" 504 3843 "-" "-"
216.73.216.183 - - [03/Oct/2025:06:53:21 +0000] "GET /product/edit/'?fileloc=%2Fvar%2Fwww%2Fvhosts%2Faceitunaslosada.com%2Fweb%2Fwp-content%2Fplugins%2Fjetpack%2F_inc%2Faccessible-focus.js&path=%2Fvar%2Fwww%2Fvhosts%2Faceitunaslosada.com%2Fweb%2Fwp-content%2Fplugins%2Fjetpack%2F_inc HTTP/1.0" 200 6675 "-" "Mozilla/5.0 AppleWebKit/537.36 (KHTML, like Gecko; compatible; ClaudeBot/1.0; +claudebot@anthropic.com)"
216.73.216.183 - - [03/Oct/2025:06:53:21 +0000] "GET /product/edit/url%20=%3Cwidth%3Ex%3Cheight%3E%20%22optional%20title%22?path=%2Fvar%2Fwww%2Fvhosts%2Faceitunaslosada.com%2Fweb%2Fwp-content%2Fplugins%2Fwp-file-manager%2Flib%2Fphp%2Fplugins HTTP/1.0" 200 6909 "-" "Mozilla/5.0 AppleWebKit/537.36 (KHTML, like Gecko; compatible; ClaudeBot/1.0; +claudebot@anthropic.com)"
136.243.228.177 - - [03/Oct/2025:06:53:21 +0000] "GET /item/u292/31876/ HTTP/1.0" 200 8572 "-" "Mozilla/5.0 (compatible; DataForSeoBot/1.0; +https://dataforseo.com/dataforseo-bot)"
216.73.216.183 - - [03/Oct/2025:06:53:22 +0000] "GET /product/edit/'?path=%2Fvar%2Fwww%2Fvhosts%2Faceitunaslosada.com%2Fweb%2Fwp-content%2Fplugins%2Fgoogle-site-kit%2Fincludes%2FCore%2FREST_API HTTP/1.0" 200 7002 "-" "Mozilla/5.0 AppleWebKit/537.36 (KHTML, like Gecko; compatible; ClaudeBot/1.0; +claudebot@anthropic.com)"
20.171.207.106 - - [03/Oct/2025:06:53:22 +0000] "GET /1925784599?path=/var/www/vhosts/aceitunaslosada.com/web/cgi-bin HTTP/1.0" 200 6778 "-" "Mozilla/5.0 AppleWebKit/537.36 (KHTML, like Gecko; compatible; GPTBot/1.2; +https://openai.com/gptbot)"
216.73.216.183 - - [03/Oct/2025:06:53:23 +0000] "GET /product/edit/'?path=%2Fvar%2Fwww%2Fvhosts%2Faceitunaslosada.com%2Fweb%2Fwp-content%2Fplugins%2Fwp-file-manager%2Flib%2Fcodemirror%2Fmode%2Fhaml HTTP/1.0" 200 6885 "-" "Mozilla/5.0 AppleWebKit/537.36 (KHTML, like Gecko; compatible; ClaudeBot/1.0; +claudebot@anthropic.com)"
20.171.207.61 - - [03/Oct/2025:06:53:23 +0000] "GET /2251062376?path=/var HTTP/1.0" 200 6373 "-" "Mozilla/5.0 AppleWebKit/537.36 (KHTML, like Gecko; compatible; GPTBot/1.2; +https://openai.com/gptbot)"
66.249.79.8 - - [03/Oct/2025:06:53:23 +0000] "GET /799145723?items=0798125886 HTTP/1.0" 200 22755 "-" "Mozilla/5.0 (Linux; Android 6.0.1; Nexus 5X Build/MMB29P) AppleWebKit/537.36 (KHTML, like Gecko) Chrome/140.0.7339.207 Mobile Safari/537.36 (compatible; Googlebot/2.1; +http://www.google.com/bot.html)"
216.73.216.183 - - [03/Oct/2025:06:53:23 +0000] "GET /product/edit/'?path=%2Fvar%2Fwww%2Fvhosts%2Faceitunaslosada.com%2Fweb%2Fwp-content%2Fplugins%2Fwp-file-manager%2Flib%2Fcodemirror%2Fmode%2Fxml HTTP/1.0" 200 6886 "-" "Mozilla/5.0 AppleWebKit/537.36 (KHTML, like Gecko; compatible; ClaudeBot/1.0; +claudebot@anthropic.com)"
216.73.216.183 - - [03/Oct/2025:06:53:24 +0000] "GET /product/edit/'?path=%2Fvar%2Fwww%2Fvhosts%2Faceitunaslosada.com%2Fweb%2Fwp-content%2Fplugins%2Fwp-file-manager%2Flib%2Fcodemirror%2Fmode%2Fphp HTTP/1.0" 200 6881 "-" "Mozilla/5.0 AppleWebKit/537.36 (KHTML, like Gecko; compatible; ClaudeBot/1.0; +claudebot@anthropic.com)"
216.73.216.183 - - [03/Oct/2025:06:53:24 +0000] "GET /product/edit/url%20=%3Cwidth%3Ex%3Cheight%3E%20%22optional%20title%22?path=%2Fvar%2Fwww%2Fvhosts%2Faceitunaslosada.com%2Fweb%2Fwp-content%2Fplugins%2Fwp-file-manager%2Flib%2Fcodemirror%2Fmode%2Fdart HTTP/1.0" 200 6840 "-" "Mozilla/5.0 AppleWebKit/537.36 (KHTML, like Gecko; compatible; ClaudeBot/1.0; +claudebot@anthropic.com)"
44.197.76.210 - - [03/Oct/2025:06:53:24 +0000] "GET /aceituna-empeltre-natural/?path=/var/www/vhosts/aceitunaslosada.com/web/wp-content/cache/db/options/b9a HTTP/1.0" 200 6470 "-" "Mozilla/5.0 AppleWebKit/537.36 (KHTML, like Gecko; compatible; Amazonbot/0.1; +https://developer.amazon.com/support/amazonbot) Chrome/119.0.6045.214 Safari/537.36"
216.73.216.183 - - [03/Oct/2025:06:53:24 +0000] "GET /product/edit/'?path=%2Fvar%2Fwww%2Fvhosts%2Faceitunaslosada.com%2Fweb%2Fwp-content%2Fplugins%2Fwp-file-manager%2Flib%2Fcodemirror%2Fmode%2Fidl HTTP/1.0" 200 6838 "-" "Mozilla/5.0 AppleWebKit/537.36 (KHTML, like Gecko; compatible; ClaudeBot/1.0; +claudebot@anthropic.com)"
216.73.216.183 - - [03/Oct/2025:06:53:24 +0000] "GET /product/edit/'?path=%2Fvar%2Fwww%2Fvhosts%2Faceitunaslosada.com%2Fweb%2Fwp-content%2Fplugins%2Fw3-total-cache%2Flib%2FMinify%2FMinify%2FYUI HTTP/1.0" 200 6887 "-" "Mozilla/5.0 AppleWebKit/537.36 (KHTML, like Gecko; compatible; ClaudeBot/1.0; +claudebot@anthropic.com)"
216.73.216.183 - - [03/Oct/2025:06:53:25 +0000] "GET /product/edit/'?path=%2Fvar%2Fwww%2Fvhosts%2Faceitunaslosada.com%2Fweb%2Fwp-content%2Fplugins%2Fwp-file-manager%2Flib%2Fcodemirror%2Fmode%2Frst HTTP/1.0" 200 6841 "-" "Mozilla/5.0 AppleWebKit/537.36 (KHTML, like Gecko; compatible; ClaudeBot/1.0; +claudebot@anthropic.com)"
216.73.216.183 - - [03/Oct/2025:06:53:25 +0000] "GET /product/edit/url%20=%3Cwidth%3Ex%3Cheight%3E%20%22optional%20title%22?fileloc=%2Fvar%2Fwww%2Fvhosts%2Faceitunaslosada.com%2Fweb%2Fwp-content%2Fplugins%2Fjetpack%2Fmodules%2Fmonitor.php&path=%2Fvar%2Fwww%2Fvhosts%2Faceitunaslosada.com%2Fweb%2Fwp-content%2Fplugins%2Fjetpack%2Fmodules HTTP/1.0" 200 7772 "-" "Mozilla/5.0 AppleWebKit/537.36 (KHTML, like Gecko; compatible; ClaudeBot/1.0; +claudebot@anthropic.com)"
20.171.207.61 - - [03/Oct/2025:06:53:25 +0000] "GET /2251359089?path=/var HTTP/1.0" 200 6373 "-" "Mozilla/5.0 AppleWebKit/537.36 (KHTML, like Gecko; compatible; GPTBot/1.2; +https://openai.com/gptbot)"
136.243.228.177 - - [03/Oct/2025:06:53:25 +0000] "GET /item/u159/23637/ HTTP/1.0" 200 8573 "-" "Mozilla/5.0 (compatible; DataForSeoBot/1.0; +https://dataforseo.com/dataforseo-bot)"
216.73.216.183 - - [03/Oct/2025:06:53:26 +0000] "GET /product/edit/'?fileloc=%2Fvar%2Fwww%2Fvhosts%2Faceitunaslosada.com%2Fweb%2Fwp-content%2Fplugins%2Fjetpack%2F3rd-party%2Fbeaverbuilder.php&path=%2Fvar%2Fwww%2Fvhosts%2Faceitunaslosada.com%2Fweb%2Fwp-content%2Fplugins%2Fjetpack%2F3rd-party HTTP/1.0" 200 6691 "-" "Mozilla/5.0 AppleWebKit/537.36 (KHTML, like Gecko; compatible; ClaudeBot/1.0; +claudebot@anthropic.com)"
216.73.216.183 - - [03/Oct/2025:06:53:26 +0000] "GET /product/edit/url%20=%3Cwidth%3Ex%3Cheight%3E%20%22optional%20title%22?path=%2Fvar%2Fwww%2Fvhosts%2Faceitunaslosada.com%2Fweb%2Fwp-content%2Fplugins%2Fwp-file-manager%2Flib%2Fcodemirror%2Fmode%2Fgo HTTP/1.0" 200 6839 "-" "Mozilla/5.0 AppleWebKit/537.36 (KHTML, like Gecko; compatible; ClaudeBot/1.0; +claudebot@anthropic.com)"
216.73.216.183 - - [03/Oct/2025:06:53:26 +0000] "GET /product/edit/url%20=%3Cwidth%3Ex%3Cheight%3E%20%22optional%20title%22?fileloc=%2Fvar%2Fwww%2Fvhosts%2Faceitunaslosada.com%2Fweb%2Fwp-content%2Fplugins%2Fjetpack%2Fmodules%2Fprotect.php&path=%2Fvar%2Fwww%2Fvhosts%2Faceitunaslosada.com%2Fweb%2Fwp-content%2Fplugins%2Fjetpack%2Fmodules HTTP/1.0" 200 14361 "-" "Mozilla/5.0 AppleWebKit/537.36 (KHTML, like Gecko; compatible; ClaudeBot/1.0; +claudebot@anthropic.com)"
216.73.216.183 - - [03/Oct/2025:06:53:27 +0000] "GET /1133754232?fileloc=%2Fvar%2Fwww%2Fvhosts%2Faceitunaslosada.com%2Fweb%2Fwp-admin%2Fjs%2Fupdates.js&path=%2Fvar%2Fwww%2Fvhosts%2Faceitunaslosada.com%2Fweb%2Fwp-admin%2Fjs HTTP/1.0" 200 23931 "-" "Mozilla/5.0 AppleWebKit/537.36 (KHTML, like Gecko; compatible; ClaudeBot/1.0; +claudebot@anthropic.com)"
54.210.155.69 - - [03/Oct/2025:06:53:27 +0000] "GET /producto/aceituna-cuquillo-natural-sin-hueso/?path=/var/www/vhosts/aceitunaslosada.com/web/wp-content/plugins/google-site-kit/third-party/google/apiclient-services/src/SiteVerification/Resource HTTP/1.0" 200 6892 "-" "Mozilla/5.0 AppleWebKit/537.36 (KHTML, like Gecko; compatible; Amazonbot/0.1; +https://developer.amazon.com/support/amazonbot) Chrome/119.0.6045.214 Safari/537.36"
216.73.216.183 - - [03/Oct/2025:06:53:27 +0000] "GET /1133754232?fileloc=%2Fvar%2Fwww%2Fvhosts%2Faceitunaslosada.com%2Fweb%2Fwp-content%2Fplugins%2Fhost-webfonts-local%2F.gitattributes&path=%2Fvar%2Fwww%2Fvhosts%2Faceitunaslosada.com%2Fweb%2Fwp-content%2Fplugins%2Fhost-webfonts-local HTTP/1.0" 200 6498 "-" "Mozilla/5.0 AppleWebKit/537.36 (KHTML, like Gecko; compatible; ClaudeBot/1.0; +claudebot@anthropic.com)"
216.73.216.183 - - [03/Oct/2025:06:53:27 +0000] "GET /1133754232?fileloc=%2Fvar%2Fwww%2Fvhosts%2Faceitunaslosada.com%2Fweb%2Fwp-content%2Flanguages%2Fplugins%2Fgoogle-site-kit-fr_FR.mo&path=%2Fvar%2Fwww%2Fvhosts%2Faceitunaslosada.com%2Fweb%2Fwp-content%2Flanguages%2Fplugins HTTP/1.0" 200 6428 "-" "Mozilla/5.0 AppleWebKit/537.36 (KHTML, like Gecko; compatible; ClaudeBot/1.0; +claudebot@anthropic.com)"
216.73.216.183 - - [03/Oct/2025:06:53:28 +0000] "GET /1133754232?fileloc=%2Fvar%2Fwww%2Fvhosts%2Faceitunaslosada.com%2Fweb%2Fwp-content%2Flanguages%2Fplugins%2Fduplicate-post-es_ES.po&path=%2Fvar%2Fwww%2Fvhosts%2Faceitunaslosada.com%2Fweb%2Fwp-content%2Flanguages%2Fplugins HTTP/1.0" 200 12539 "-" "Mozilla/5.0 AppleWebKit/537.36 (KHTML, like Gecko; compatible; ClaudeBot/1.0; +claudebot@anthropic.com)"
20.171.207.61 - - [03/Oct/2025:06:53:28 +0000] "GET /2199426397?path=/var HTTP/1.0" 200 6372 "-" "Mozilla/5.0 AppleWebKit/537.36 (KHTML, like Gecko; compatible; GPTBot/1.2; +https://openai.com/gptbot)"
216.73.216.183 - - [03/Oct/2025:06:53:28 +0000] "GET /1133754232?fileloc=%2Fvar%2Fwww%2Fvhosts%2Faceitunaslosada.com%2Fweb%2Fwp-admin%2Fjs%2Fxfn.js&path=%2Fvar%2Fwww%2Fvhosts%2Faceitunaslosada.com%2Fweb%2Fwp-admin%2Fjs HTTP/1.0" 200 6755 "-" "Mozilla/5.0 AppleWebKit/537.36 (KHTML, like Gecko; compatible; ClaudeBot/1.0; +claudebot@anthropic.com)"
216.73.216.183 - - [03/Oct/2025:06:53:28 +0000] "GET /1133754232?fileloc=%2Fvar%2Fwww%2Fvhosts%2Faceitunaslosada.com%2Fweb%2Fwp-content%2Flanguages%2Fplugins%2Fbroken-link-checker-de_DE.mo&path=%2Fvar%2Fwww%2Fvhosts%2Faceitunaslosada.com%2Fweb%2Fwp-content%2Flanguages%2Fplugins HTTP/1.0" 200 6429 "-" "Mozilla/5.0 AppleWebKit/537.36 (KHTML, like Gecko; compatible; ClaudeBot/1.0; +claudebot@anthropic.com)"
216.73.216.183 - - [03/Oct/2025:06:53:28 +0000] "GET /1133754232?fileloc=%2Fvar%2Fwww%2Fvhosts%2Faceitunaslosada.com%2Fweb%2Fwp-content%2Flanguages%2Fplugins%2Fwp-smushit-es_ES.mo&path=%2Fvar%2Fwww%2Fvhosts%2Faceitunaslosada.com%2Fweb%2Fwp-content%2Flanguages%2Fplugins HTTP/1.0" 200 6424 "-" "Mozilla/5.0 AppleWebKit/537.36 (KHTML, like Gecko; compatible; ClaudeBot/1.0; +claudebot@anthropic.com)"
216.73.216.183 - - [03/Oct/2025:06:53:29 +0000] "GET /1133754232?fileloc=%2Fvar%2Fwww%2Fvhosts%2Faceitunaslosada.com%2Fweb%2Fwp-admin%2Fjs%2Fsite-health.js&path=%2Fvar%2Fwww%2Fvhosts%2Faceitunaslosada.com%2Fweb%2Fwp-admin%2Fjs HTTP/1.0" 200 10136 "-" "Mozilla/5.0 AppleWebKit/537.36 (KHTML, like Gecko; compatible; ClaudeBot/1.0; +claudebot@anthropic.com)"
136.243.228.177 - - [03/Oct/2025:06:53:29 +0000] "GET /item/u281/18939/ HTTP/1.0" 200 8578 "-" "Mozilla/5.0 (compatible; DataForSeoBot/1.0; +https://dataforseo.com/dataforseo-bot)"
216.73.216.183 - - [03/Oct/2025:06:53:29 +0000] "GET /1133754232?fileloc=%2Fvar%2Fwww%2Fvhosts%2Faceitunaslosada.com%2Fweb%2Fwp-content%2Fplugins%2Fcontact-form-7%2Flanguages%2Freadme.txt&path=%2Fvar%2Fwww%2Fvhosts%2Faceitunaslosada.com%2Fweb%2Fwp-content%2Fplugins%2Fcontact-form-7%2Flanguages HTTP/1.0" 200 6498 "-" "Mozilla/5.0 AppleWebKit/537.36 (KHTML, like Gecko; compatible; ClaudeBot/1.0; +claudebot@anthropic.com)"
216.73.216.183 - - [03/Oct/2025:06:53:29 +0000] "GET /1133754232?fileloc=%2Fvar%2Fwww%2Fvhosts%2Faceitunaslosada.com%2Fweb%2Fwp-admin%2Fjs%2Fmedia-gallery.js&path=%2Fvar%2Fwww%2Fvhosts%2Faceitunaslosada.com%2Fweb%2Fwp-admin%2Fjs HTTP/1.0" 200 7012 "-" "Mozilla/5.0 AppleWebKit/537.36 (KHTML, like Gecko; compatible; ClaudeBot/1.0; +claudebot@anthropic.com)"
198.244.183.66 - - [03/Oct/2025:06:53:29 +0000] "GET /36330413?items=0036284798 HTTP/1.0" 200 8506 "-" "Mozilla/5.0 (compatible; AhrefsBot/7.0; +http://ahrefs.com/robot/)"
216.73.216.183 - - [03/Oct/2025:06:53:30 +0000] "GET /1133754232?path=%2Fvar%2Fwww%2Fvhosts%2Faceitunaslosada.com%2Fweb%2Fwp-content%2Fplugins%2Fwordpress-seo%2Flib HTTP/1.0" 200 6968 "-" "Mozilla/5.0 AppleWebKit/537.36 (KHTML, like Gecko; compatible; ClaudeBot/1.0; +claudebot@anthropic.com)"
20.171.207.61 - - [03/Oct/2025:06:53:30 +0000] "GET /2199373145?path=/var HTTP/1.0" 200 6373 "-" "Mozilla/5.0 AppleWebKit/537.36 (KHTML, like Gecko; compatible; GPTBot/1.2; +https://openai.com/gptbot)"
216.73.216.183 - - [03/Oct/2025:06:53:30 +0000] "GET /1133754232?fileloc=%2Fvar%2Fwww%2Fvhosts%2Faceitunaslosada.com%2Fweb%2Fcopia%2Fwp-includes%2Fcustomize%2Fclass-wp-customize-partial.php&path=%2Fvar%2Fwww%2Fvhosts%2Faceitunaslosada.com%2Fweb%2Fcopia%2Fwp-includes%2Fcustomize HTTP/1.0" 200 9170 "-" "Mozilla/5.0 AppleWebKit/537.36 (KHTML, like Gecko; compatible; ClaudeBot/1.0; +claudebot@anthropic.com)"
216.73.216.183 - - [03/Oct/2025:06:53:30 +0000] "GET /1133754232?fileloc=%2Fvar%2Fwww%2Fvhosts%2Faceitunaslosada.com%2Fweb%2Fwp-content%2Flanguages%2Fplugins%2Fhost-webfonts-local-es_ES.mo&path=%2Fvar%2Fwww%2Fvhosts%2Faceitunaslosada.com%2Fweb%2Fwp-content%2Flanguages%2Fplugins HTTP/1.0" 200 6429 "-" "Mozilla/5.0 AppleWebKit/537.36 (KHTML, like Gecko; compatible; ClaudeBot/1.0; +claudebot@anthropic.com)"
216.73.216.183 - - [03/Oct/2025:06:53:30 +0000] "GET /1133754232?fileloc=%2Fvar%2Fwww%2Fvhosts%2Faceitunaslosada.com%2Fweb%2Fcopia%2Fwp-includes%2Fjs%2Fmedia-views.min.js&path=%2Fvar%2Fwww%2Fvhosts%2Faceitunaslosada.com%2Fweb%2Fcopia%2Fwp-includes%2Fjs HTTP/1.0" 200 31674 "-" "Mozilla/5.0 AppleWebKit/537.36 (KHTML, like Gecko; compatible; ClaudeBot/1.0; +claudebot@anthropic.com)"
216.73.216.183 - - [03/Oct/2025:06:53:30 +0000] "GET /1133754232?fileloc=%2Fvar%2Fwww%2Fvhosts%2Faceitunaslosada.com%2Fweb%2Fwp-admin%2Fjs%2Ffarbtastic.js&path=%2Fvar%2Fwww%2Fvhosts%2Faceitunaslosada.com%2Fweb%2Fwp-admin%2Fjs HTTP/1.0" 200 8893 "-" "Mozilla/5.0 AppleWebKit/537.36 (KHTML, like Gecko; compatible; ClaudeBot/1.0; +claudebot@anthropic.com)"
216.73.216.183 - - [03/Oct/2025:06:53:31 +0000] "GET /1133754232?fileloc=%2Fvar%2Fwww%2Fvhosts%2Faceitunaslosada.com%2Fweb%2Fwp-content%2Flanguages%2Fplugins%2Fgoogle-site-kit-fr_FR.l10n.php&path=%2Fvar%2Fwww%2Fvhosts%2Faceitunaslosada.com%2Fweb%2Fwp-content%2Flanguages%2Fplugins HTTP/1.0" 200 11721 "-" "Mozilla/5.0 AppleWebKit/537.36 (KHTML, like Gecko; compatible; ClaudeBot/1.0; +claudebot@anthropic.com)"
52.200.142.199 - - [03/Oct/2025:06:53:31 +0000] "GET /2022/02/24/manolo-marchena-master/?path=/var/www/vhosts/aceitunaslosada.com/web/wp-content/cache/page_enhanced/aceitunaslosada.com//aghjipcmau HTTP/1.0" 200 6825 "-" "Mozilla/5.0 AppleWebKit/537.36 (KHTML, like Gecko; compatible; Amazonbot/0.1; +https://developer.amazon.com/support/amazonbot) Chrome/119.0.6045.214 Safari/537.36"
216.73.216.183 - - [03/Oct/2025:06:53:31 +0000] "GET /1133754232?fileloc=%2Fvar%2Fwww%2Fvhosts%2Faceitunaslosada.com%2Fweb%2Fcopia%2Fwp-includes%2Fblock-patterns%2Fquote.php&path=%2Fvar%2Fwww%2Fvhosts%2Faceitunaslosada.com%2Fweb%2Fcopia%2Fwp-includes%2Fblock-patterns HTTP/1.0" 200 7072 "-" "Mozilla/5.0 AppleWebKit/537.36 (KHTML, like Gecko; compatible; ClaudeBot/1.0; +claudebot@anthropic.com)"
216.73.216.183 - - [03/Oct/2025:06:53:31 +0000] "GET /1133754232?fileloc=%2Fvar%2Fwww%2Fvhosts%2Faceitunaslosada.com%2Fweb%2Fwp-admin%2Fjs%2Fuser-profile.min.js&path=%2Fvar%2Fwww%2Fvhosts%2Faceitunaslosada.com%2Fweb%2Fwp-admin%2Fjs HTTP/1.0" 200 8778 "-" "Mozilla/5.0 AppleWebKit/537.36 (KHTML, like Gecko; compatible; ClaudeBot/1.0; +claudebot@anthropic.com)"
20.171.207.61 - - [03/Oct/2025:06:53:32 +0000] "GET /2199401068?path=/var HTTP/1.0" 200 6372 "-" "Mozilla/5.0 AppleWebKit/537.36 (KHTML, like Gecko; compatible; GPTBot/1.2; +https://openai.com/gptbot)"
216.73.216.183 - - [03/Oct/2025:06:53:32 +0000] "GET /1133754232?fileloc=%2Fvar%2Fwww%2Fvhosts%2Faceitunaslosada.com%2Fweb%2Fcopia%2Fwp-includes%2Fjs%2Funderscore.min.js&path=%2Fvar%2Fwww%2Fvhosts%2Faceitunaslosada.com%2Fweb%2Fcopia%2Fwp-includes%2Fjs HTTP/1.0" 200 12281 "-" "Mozilla/5.0 AppleWebKit/537.36 (KHTML, like Gecko; compatible; ClaudeBot/1.0; +claudebot@anthropic.com)"
216.73.216.183 - - [03/Oct/2025:06:53:32 +0000] "GET /1133754232?fileloc=%2Fvar%2Fwww%2Fvhosts%2Faceitunaslosada.com%2Fweb%2Fwp-admin%2Fjs%2Frevisions.min.js&path=%2Fvar%2Fwww%2Fvhosts%2Faceitunaslosada.com%2Fweb%2Fwp-admin%2Fjs HTTP/1.0" 200 11331 "-" "Mozilla/5.0 AppleWebKit/537.36 (KHTML, like Gecko; compatible; ClaudeBot/1.0; +claudebot@anthropic.com)"
216.73.216.183 - - [03/Oct/2025:06:53:32 +0000] "GET /1133754232?fileloc=%2Fvar%2Fwww%2Fvhosts%2Faceitunaslosada.com%2Fweb%2Fwp-content%2Flanguages%2Fplugins%2Fakismet-fr_FR.mo&path=%2Fvar%2Fwww%2Fvhosts%2Faceitunaslosada.com%2Fweb%2Fwp-content%2Flanguages%2Fplugins HTTP/1.0" 200 6423 "-" "Mozilla/5.0 AppleWebKit/537.36 (KHTML, like Gecko; compatible; ClaudeBot/1.0; +claudebot@anthropic.com)"
20.171.207.106 - - [03/Oct/2025:06:53:33 +0000] "GET /1925913258?path=/var/www/vhosts/aceitunaslosada.com/web/cgi-bin/cgi-bin/cgi-bin/cgi-bin/cgi-bin HTTP/1.0" 200 6939 "-" "Mozilla/5.0 AppleWebKit/537.36 (KHTML, like Gecko; compatible; GPTBot/1.2; +https://openai.com/gptbot)"
216.73.216.183 - - [03/Oct/2025:06:53:33 +0000] "GET /1133754232?fileloc=%2Fvar%2Fwww%2Fvhosts%2Faceitunaslosada.com%2Fweb%2Fwp-content%2Fplugins%2Fachuthot%2Findex.htm&path=%2Fvar%2Fwww%2Fvhosts%2Faceitunaslosada.com%2Fweb%2Fwp-content%2Fplugins%2Fachuthot HTTP/1.0" 200 6417 "-" "Mozilla/5.0 AppleWebKit/537.36 (KHTML, like Gecko; compatible; ClaudeBot/1.0; +claudebot@anthropic.com)"
216.73.216.183 - - [03/Oct/2025:06:53:33 +0000] "GET /1133754232?path=%2Fvar%2Fwww%2Fvhosts%2Faceitunaslosada.com%2Fweb%2Fwp-content%2Fplugins%2Fcontact-form-7%2Fadmin HTTP/1.0" 200 6951 "-" "Mozilla/5.0 AppleWebKit/537.36 (KHTML, like Gecko; compatible; ClaudeBot/1.0; +claudebot@anthropic.com)"
34.231.45.47 - - [03/Oct/2025:06:53:33 +0000] "GET /2020/10/13/casilla-losada-arbequinainten/?path=/var/www/vhosts/aceitunaslosada.com/web/wp-content/plugins/w3-total-cache/vendor/aws/aws-sdk-php/src/MarketplaceCommerceAnalytics/Exception HTTP/1.0" 200 6888 "-" "Mozilla/5.0 AppleWebKit/537.36 (KHTML, like Gecko; compatible; Amazonbot/0.1; +https://developer.amazon.com/support/amazonbot) Chrome/119.0.6045.214 Safari/537.36"
216.73.216.183 - - [03/Oct/2025:06:53:33 +0000] "GET /1133754232?fileloc=%2Fvar%2Fwww%2Fvhosts%2Faceitunaslosada.com%2Fweb%2Fwp-admin%2Fjs%2Fauth-app.min.js&path=%2Fvar%2Fwww%2Fvhosts%2Faceitunaslosada.com%2Fweb%2Fwp-admin%2Fjs HTTP/1.0" 200 7364 "-" "Mozilla/5.0 AppleWebKit/537.36 (KHTML, like Gecko; compatible; ClaudeBot/1.0; +claudebot@anthropic.com)"
136.243.228.177 - - [03/Oct/2025:06:53:34 +0000] "GET /item/u60/11000/ HTTP/1.0" 200 8579 "-" "Mozilla/5.0 (compatible; DataForSeoBot/1.0; +https://dataforseo.com/dataforseo-bot)"
216.73.216.183 - - [03/Oct/2025:06:53:34 +0000] "GET /1133754232?fileloc=%2Fvar%2Fwww%2Fvhosts%2Faceitunaslosada.com%2Fweb%2Fwp-content%2Flanguages%2Fplugins%2Fw3-total-cache-fr_FR.po&path=%2Fvar%2Fwww%2Fvhosts%2Faceitunaslosada.com%2Fweb%2Fwp-content%2Flanguages%2Fplugins HTTP/1.0" 200 74492 "-" "Mozilla/5.0 AppleWebKit/537.36 (KHTML, like Gecko; compatible; ClaudeBot/1.0; +claudebot@anthropic.com)"
216.73.216.183 - - [03/Oct/2025:06:53:34 +0000] "GET /1133754232?fileloc=%2Fvar%2Fwww%2Fvhosts%2Faceitunaslosada.com%2Fweb%2Fcopia%2Fwp-includes%2Fjs%2Fmedia-grid.min.js&path=%2Fvar%2Fwww%2Fvhosts%2Faceitunaslosada.com%2Fweb%2Fcopia%2Fwp-includes%2Fjs HTTP/1.0" 200 10732 "-" "Mozilla/5.0 AppleWebKit/537.36 (KHTML, like Gecko; compatible; ClaudeBot/1.0; +claudebot@anthropic.com)"
216.73.216.183 - - [03/Oct/2025:06:53:34 +0000] "GET /1133754232?fileloc=%2Fvar%2Fwww%2Fvhosts%2Faceitunaslosada.com%2Fweb%2Fcopia%2Fwp-includes%2Fjs%2Fmasonry.min.js&path=%2Fvar%2Fwww%2Fvhosts%2Faceitunaslosada.com%2Fweb%2Fcopia%2Fwp-includes%2Fjs HTTP/1.0" 200 14026 "-" "Mozilla/5.0 AppleWebKit/537.36 (KHTML, like Gecko; compatible; ClaudeBot/1.0; +claudebot@anthropic.com)"
216.73.216.183 - - [03/Oct/2025:06:53:34 +0000] "GET /1133754232?fileloc=%2Fvar%2Fwww%2Fvhosts%2Faceitunaslosada.com%2Fweb%2Fwp-admin%2Fjs%2Fcomment.min.js&path=%2Fvar%2Fwww%2Fvhosts%2Faceitunaslosada.com%2Fweb%2Fwp-admin%2Fjs HTTP/1.0" 200 7041 "-" "Mozilla/5.0 AppleWebKit/537.36 (KHTML, like Gecko; compatible; ClaudeBot/1.0; +claudebot@anthropic.com)"
20.171.207.61 - - [03/Oct/2025:06:53:34 +0000] "GET /2199065681?path=/var HTTP/1.0" 200 6373 "-" "Mozilla/5.0 AppleWebKit/537.36 (KHTML, like Gecko; compatible; GPTBot/1.2; +https://openai.com/gptbot)"
216.73.216.183 - - [03/Oct/2025:06:53:35 +0000] "GET /1133754232?fileloc=%2Fvar%2Fwww%2Fvhosts%2Faceitunaslosada.com%2Fweb%2Fwp-content%2Flanguages%2Fplugins%2Fcontact-form-7-es_ES.mo&path=%2Fvar%2Fwww%2Fvhosts%2Faceitunaslosada.com%2Fweb%2Fwp-content%2Flanguages%2Fplugins HTTP/1.0" 200 6426 "-" "Mozilla/5.0 AppleWebKit/537.36 (KHTML, like Gecko; compatible; ClaudeBot/1.0; +claudebot@anthropic.com)"
216.73.216.183 - - [03/Oct/2025:06:53:35 +0000] "GET /1133754232?fileloc=%2Fvar%2Fwww%2Fvhosts%2Faceitunaslosada.com%2Fweb%2Fwp-content%2Fplugins%2F__old_revslider%2Frelease_log.html&path=%2Fvar%2Fwww%2Fvhosts%2Faceitunaslosada.com%2Fweb%2Fwp-content%2Fplugins%2F__old_revslider HTTP/1.0" 200 37259 "-" "Mozilla/5.0 AppleWebKit/537.36 (KHTML, like Gecko; compatible; ClaudeBot/1.0; +claudebot@anthropic.com)"
20.171.207.106 - - [03/Oct/2025:06:53:35 +0000] "GET /1926069842?path=/var/www/vhosts/aceitunaslosada.com/web/cgi-bin HTTP/1.0" 200 6778 "-" "Mozilla/5.0 AppleWebKit/537.36 (KHTML, like Gecko; compatible; GPTBot/1.2; +https://openai.com/gptbot)"
216.73.216.183 - - [03/Oct/2025:06:53:35 +0000] "GET /1133754232?fileloc=%2Fvar%2Fwww%2Fvhosts%2Faceitunaslosada.com%2Fweb%2Fwp-admin%2Fjs%2Fapplication-passwords.min.js&path=%2Fvar%2Fwww%2Fvhosts%2Faceitunaslosada.com%2Fweb%2Fwp-admin%2Fjs HTTP/1.0" 200 7491 "-" "Mozilla/5.0 AppleWebKit/537.36 (KHTML, like Gecko; compatible; ClaudeBot/1.0; +claudebot@anthropic.com)"
216.73.216.183 - - [03/Oct/2025:06:53:36 +0000] "GET /1133754232?fileloc=%2Fvar%2Fwww%2Fvhosts%2Faceitunaslosada.com%2Fweb%2Fwp-content%2Fplugins%2Fjetpack%2Fcomposer.json&path=%2Fvar%2Fwww%2Fvhosts%2Faceitunaslosada.com%2Fweb%2Fwp-content%2Fplugins%2Fjetpack HTTP/1.0" 200 7508 "-" "Mozilla/5.0 AppleWebKit/537.36 (KHTML, like Gecko; compatible; ClaudeBot/1.0; +claudebot@anthropic.com)"
66.249.79.136 - - [03/Oct/2025:06:53:36 +0000] "GET /g1076178786 HTTP/1.0" 200 24514 "-" "Mozilla/5.0 (Linux; Android 6.0.1; Nexus 5X Build/MMB29P) AppleWebKit/537.36 (KHTML, like Gecko) Chrome/140.0.7339.207 Mobile Safari/537.36 (compatible; Googlebot/2.1; +http://www.google.com/bot.html)"
216.73.216.183 - - [03/Oct/2025:06:53:36 +0000] "GET /1133754232?fileloc=%2Fvar%2Fwww%2Fvhosts%2Faceitunaslosada.com%2Fweb%2Fwp-content%2Flanguages%2Fplugins%2Fhello-dolly-fr_FR.mo&path=%2Fvar%2Fwww%2Fvhosts%2Faceitunaslosada.com%2Fweb%2Fwp-content%2Flanguages%2Fplugins HTTP/1.0" 200 6426 "-" "Mozilla/5.0 AppleWebKit/537.36 (KHTML, like Gecko; compatible; ClaudeBot/1.0; +claudebot@anthropic.com)"
57.141.0.15 - - [03/Oct/2025:06:53:37 +0000] "GET /1680834?fileloc=/var/www/vhosts/aceitunaslosada.com/web/google4b41d2a1b700bad4.html&path=/var/www/vhosts/aceitunaslosada.com/web HTTP/1.0" 200 16504 "-" "meta-externalagent/1.1 (+https://developers.facebook.com/docs/sharing/webmasters/crawler)"
216.73.216.183 - - [03/Oct/2025:06:53:37 +0000] "GET /1133754232?path=%2Fvar%2Fwww%2Fvhosts%2Faceitunaslosada.com%2Fweb%2Fwp-content%2Fplugins%2Fsitepress-multilingual-cms%2Flocale HTTP/1.0" 200 7643 "-" "Mozilla/5.0 AppleWebKit/537.36 (KHTML, like Gecko; compatible; ClaudeBot/1.0; +claudebot@anthropic.com)"
216.73.216.183 - - [03/Oct/2025:06:53:37 +0000] "GET /1133754232?fileloc=%2Fvar%2Fwww%2Fvhosts%2Faceitunaslosada.com%2Fweb%2Fcopia%2Fwp-includes%2Fjs%2Fautosave.min.js&path=%2Fvar%2Fwww%2Fvhosts%2Faceitunaslosada.com%2Fweb%2Fcopia%2Fwp-includes%2Fjs HTTP/1.0" 200 8679 "-" "Mozilla/5.0 AppleWebKit/537.36 (KHTML, like Gecko; compatible; ClaudeBot/1.0; +claudebot@anthropic.com)"
57.141.0.6 - - [03/Oct/2025:06:53:37 +0000] "GET /1036955?fileloc=/var/www/vhosts/aceitunaslosada.com/web/google4b41d2a1b700bad4.html&path=/var/www/vhosts/aceitunaslosada.com/web HTTP/1.0" 200 16504 "-" "meta-externalagent/1.1 (+https://developers.facebook.com/docs/sharing/webmasters/crawler)"
216.73.216.183 - - [03/Oct/2025:06:53:37 +0000] "GET /1133754232?path=%2Fvar%2Fwww%2Fvhosts%2Faceitunaslosada.com%2Fweb%2Fwp-content%2Fplugins%2Fminmax-quantity-for-woocommerce%2Fassets HTTP/1.0" 200 6749 "-" "Mozilla/5.0 AppleWebKit/537.36 (KHTML, like Gecko; compatible; ClaudeBot/1.0; +claudebot@anthropic.com)"
216.73.216.183 - - [03/Oct/2025:06:53:38 +0000] "GET /1133754232?fileloc=%2Fvar%2Fwww%2Fvhosts%2Faceitunaslosada.com%2Fweb%2Fwp-content%2Fplugins%2Fbroken-link-checker%2F.9974d21c.css&path=%2Fvar%2Fwww%2Fvhosts%2Faceitunaslosada.com%2Fweb%2Fwp-content%2Fplugins%2Fbroken-link-checker HTTP/1.0" 200 27866 "-" "Mozilla/5.0 AppleWebKit/537.36 (KHTML, like Gecko; compatible; ClaudeBot/1.0; +claudebot@anthropic.com)"
136.243.228.177 - - [03/Oct/2025:06:53:38 +0000] "GET /continent043007168.html HTTP/1.0" 200 8582 "-" "Mozilla/5.0 (compatible; DataForSeoBot/1.0; +https://dataforseo.com/dataforseo-bot)"
20.171.207.61 - - [03/Oct/2025:06:53:38 +0000] "GET /2199435273?path=/var HTTP/1.0" 200 6373 "-" "Mozilla/5.0 AppleWebKit/537.36 (KHTML, like Gecko; compatible; GPTBot/1.2; +https://openai.com/gptbot)"
216.73.216.183 - - [03/Oct/2025:06:53:38 +0000] "GET /1133754232?fileloc=%2Fvar%2Fwww%2Fvhosts%2Faceitunaslosada.com%2Fweb%2Fwp-content%2Flanguages%2Fplugins%2Fgoogle-site-kit-es_ES.mo&path=%2Fvar%2Fwww%2Fvhosts%2Faceitunaslosada.com%2Fweb%2Fwp-content%2Flanguages%2Fplugins HTTP/1.0" 200 6428 "-" "Mozilla/5.0 AppleWebKit/537.36 (KHTML, like Gecko; compatible; ClaudeBot/1.0; +claudebot@anthropic.com)"
216.73.216.183 - - [03/Oct/2025:06:53:38 +0000] "GET /1133754232?fileloc=%2Fvar%2Fwww%2Fvhosts%2Faceitunaslosada.com%2Fweb%2Fwp-admin%2Fjs%2Fpostbox.min.js&path=%2Fvar%2Fwww%2Fvhosts%2Faceitunaslosada.com%2Fweb%2Fwp-admin%2Fjs HTTP/1.0" 200 8678 "-" "Mozilla/5.0 AppleWebKit/537.36 (KHTML, like Gecko; compatible; ClaudeBot/1.0; +claudebot@anthropic.com)"
47.128.34.175 - - [03/Oct/2025:06:53:38 +0000] "GET /aceituna-picolimon-natural/?fileloc=%2Fvar%2Fwww%2Fvhosts%2Faceitunaslosada.com%2Fweb%2Fwp-admin%2Fload-styles.php&path=%2Fvar%2Fwww%2Fvhosts%2Faceitunaslosada.com%2Fweb%2Fwp-admin HTTP/1.0" 200 7371 "-" "Mozilla/5.0 (Linux; Android 5.0) AppleWebKit/537.36 (KHTML, like Gecko) Mobile Safari/537.36 (compatible; Bytespider; spider-feedback@bytedance.com)"
20.171.207.106 - - [03/Oct/2025:06:53:38 +0000] "GET /1925831537?path=/var/www/vhosts/aceitunaslosada.com/web/cgi-bin/cgi-bin HTTP/1.0" 200 6927 "-" "Mozilla/5.0 AppleWebKit/537.36 (KHTML, like Gecko; compatible; GPTBot/1.2; +https://openai.com/gptbot)"
216.73.216.183 - - [03/Oct/2025:06:53:39 +0000] "GET /1133754232?fileloc=%2Fvar%2Fwww%2Fvhosts%2Faceitunaslosada.com%2Fweb%2Fcopia%2Fwp-includes%2Fblock-patterns%2Fheading-paragraph.php&path=%2Fvar%2Fwww%2Fvhosts%2Faceitunaslosada.com%2Fweb%2Fcopia%2Fwp-includes%2Fblock-patterns HTTP/1.0" 200 7027 "-" "Mozilla/5.0 AppleWebKit/537.36 (KHTML, like Gecko; compatible; ClaudeBot/1.0; +claudebot@anthropic.com)"
3.219.81.66 - - [03/Oct/2025:06:53:39 +0000] "GET /aceituna-cuquillo-natural-2/?path=/var/www/vhosts/aceitunaslosada.com/web/copia/wp-content/plugins/w3-total-cache/inc HTTP/1.0" 200 7129 "-" "Mozilla/5.0 AppleWebKit/537.36 (KHTML, like Gecko; compatible; Amazonbot/0.1; +https://developer.amazon.com/support/amazonbot) Chrome/119.0.6045.214 Safari/537.36"
216.73.216.183 - - [03/Oct/2025:06:53:39 +0000] "GET /1133754232?fileloc=%2Fvar%2Fwww%2Fvhosts%2Faceitunaslosada.com%2Fweb%2Fwp-admin%2Fjs%2Fpassword-strength-meter.js&path=%2Fvar%2Fwww%2Fvhosts%2Faceitunaslosada.com%2Fweb%2Fwp-admin%2Fjs HTTP/1.0" 200 7873 "-" "Mozilla/5.0 AppleWebKit/537.36 (KHTML, like Gecko; compatible; ClaudeBot/1.0; +claudebot@anthropic.com)"
216.73.216.183 - - [03/Oct/2025:06:53:40 +0000] "GET /1133754232?fileloc=%2Fvar%2Fwww%2Fvhosts%2Faceitunaslosada.com%2Fweb%2Fwp-admin%2Fjs%2Fgallery.js&path=%2Fvar%2Fwww%2Fvhosts%2Faceitunaslosada.com%2Fweb%2Fwp-admin%2Fjs HTTP/1.0" 200 8254 "-" "Mozilla/5.0 AppleWebKit/537.36 (KHTML, like Gecko; compatible; ClaudeBot/1.0; +claudebot@anthropic.com)"
216.73.216.183 - - [03/Oct/2025:06:53:41 +0000] "GET /1133754232?fileloc=%2Fvar%2Fwww%2Fvhosts%2Faceitunaslosada.com%2Fweb%2Fwp-admin%2Fjs%2Fcolor-picker.js&path=%2Fvar%2Fwww%2Fvhosts%2Faceitunaslosada.com%2Fweb%2Fwp-admin%2Fjs HTTP/1.0" 200 9129 "-" "Mozilla/5.0 AppleWebKit/537.36 (KHTML, like Gecko; compatible; ClaudeBot/1.0; +claudebot@anthropic.com)"
216.73.216.183 - - [03/Oct/2025:06:53:41 +0000] "GET /1133754232?fileloc=%2Fvar%2Fwww%2Fvhosts%2Faceitunaslosada.com%2Fweb%2Fwp-admin%2Fjs%2Fwidgets%2Fmedia-video-widget.min.js&path=%2Fvar%2Fwww%2Fvhosts%2Faceitunaslosada.com%2Fweb%2Fwp-admin%2Fjs%2Fwidgets HTTP/1.0" 200 7578 "-" "Mozilla/5.0 AppleWebKit/537.36 (KHTML, like Gecko; compatible; ClaudeBot/1.0; +claudebot@anthropic.com)"
216.73.216.183 - - [03/Oct/2025:06:53:42 +0000] "GET /1133754232?path=%2Fvar%2Fwww%2Fvhosts%2Faceitunaslosada.com%2Fweb%2Fwp-content%2Fplugins%2Fwoocommerce%2Fvendor HTTP/1.0" 200 7113 "-" "Mozilla/5.0 AppleWebKit/537.36 (KHTML, like Gecko; compatible; ClaudeBot/1.0; +claudebot@anthropic.com)"
216.73.216.183 - - [03/Oct/2025:06:53:42 +0000] "GET /1133754232?path=%2Fvar%2Fwww%2Fvhosts%2Faceitunaslosada.com%2Fweb%2Fwp-content%2Fplugins%2Fwoocommerce%2Fi18n HTTP/1.0" 200 7015 "-" "Mozilla/5.0 AppleWebKit/537.36 (KHTML, like Gecko; compatible; ClaudeBot/1.0; +claudebot@anthropic.com)"
98.83.177.42 - - [03/Oct/2025:06:53:43 +0000] "GET /producto/mix-de-aceitunas-naturales-sin-hueso-2/?path=/var/www/vhosts/aceitunaslosada.com/web/wp-content/plugins/w3-total-cache/vendor/aws/aws-sdk-php/src/LookoutforVision HTTP/1.0" 200 6937 "-" "Mozilla/5.0 AppleWebKit/537.36 (KHTML, like Gecko; compatible; Amazonbot/0.1; +https://developer.amazon.com/support/amazonbot) Chrome/119.0.6045.214 Safari/537.36"
82.223.111.37 - - [03/Oct/2025:06:51:47 +0000] "GET /cgi-bin/cgi-bin/cgi-bin/cgi-bin/cgi-bin/cgi-bin/cgi-bin/index.php?ARRAY=7o2230223n313735393437373930372p2231223n22687474703n5p2s5p2s7n7335363476313373752r616p746s742r696r6o5p2s3s6p633q7068705s636s64655s6n6326743q313735393437343330372q3166363931336431666666386464386238303831356633373136623861343862222p2232223n223862383563373232336237373730373832633237323832653632313135363238222p2233223n223433636166353462343930386234303338313861353963386339653165303235222p226175746s5s66696p655s6r616q65223n6r756p6p2p226175746s5s70617373223n6r756p6p2p2262696r675s70617373223n2231382q33322q35382q37302q38302q38372q3132227q HTTP/1.0" 504 3843 "-" "-"
136.243.228.177 - - [03/Oct/2025:06:53:43 +0000] "GET /item/u115/12681/ HTTP/1.0" 200 8573 "-" "Mozilla/5.0 (compatible; DataForSeoBot/1.0; +https://dataforseo.com/dataforseo-bot)"
216.73.216.183 - - [03/Oct/2025:06:53:43 +0000] "GET /1133754232?fileloc=%2Fvar%2Fwww%2Fvhosts%2Faceitunaslosada.com%2Fweb%2Fwp-content%2Flanguages%2Fplugins%2Fgoogle-site-kit-es_ES.l10n.php&path=%2Fvar%2Fwww%2Fvhosts%2Faceitunaslosada.com%2Fweb%2Fwp-content%2Flanguages%2Fplugins HTTP/1.0" 200 15980 "-" "Mozilla/5.0 AppleWebKit/537.36 (KHTML, like Gecko; compatible; ClaudeBot/1.0; +claudebot@anthropic.com)"
20.171.207.61 - - [03/Oct/2025:06:53:43 +0000] "GET /2250713913?path=/var HTTP/1.0" 200 6373 "-" "Mozilla/5.0 AppleWebKit/537.36 (KHTML, like Gecko; compatible; GPTBot/1.2; +https://openai.com/gptbot)"
216.73.216.183 - - [03/Oct/2025:06:53:44 +0000] "GET /1133754232?fileloc=%2Fvar%2Fwww%2Fvhosts%2Faceitunaslosada.com%2Fweb%2Fwp-admin%2Fjs%2Fword-count.js&path=%2Fvar%2Fwww%2Fvhosts%2Faceitunaslosada.com%2Fweb%2Fwp-admin%2Fjs HTTP/1.0" 200 8715 "-" "Mozilla/5.0 AppleWebKit/537.36 (KHTML, like Gecko; compatible; ClaudeBot/1.0; +claudebot@anthropic.com)"
216.73.216.183 - - [03/Oct/2025:06:53:45 +0000] "GET /1133754232?path=%2Fvar%2Fwww%2Fvhosts%2Faceitunaslosada.com%2Fweb%2Fwp-content%2Fplugins%2Fwoocommerce-services%2Fdist HTTP/1.0" 200 7103 "-" "Mozilla/5.0 AppleWebKit/537.36 (KHTML, like Gecko; compatible; ClaudeBot/1.0; +claudebot@anthropic.com)"
216.73.216.183 - - [03/Oct/2025:06:53:45 +0000] "GET /1133754232?path=%2Fvar%2Fwww%2Fvhosts%2Faceitunaslosada.com%2Fweb%2Fwp-content%2Fplugins%2Fwoocommerce-services%2Fimages HTTP/1.0" 200 6996 "-" "Mozilla/5.0 AppleWebKit/537.36 (KHTML, like Gecko; compatible; ClaudeBot/1.0; +claudebot@anthropic.com)"
216.73.216.183 - - [03/Oct/2025:06:53:46 +0000] "GET /1133754232?fileloc=%2Fvar%2Fwww%2Fvhosts%2Faceitunaslosada.com%2Fweb%2Fwp-includes%2Fjs%2Fmediaelement%2Frenderers%2Fvimeo.js&path=%2Fvar%2Fwww%2Fvhosts%2Faceitunaslosada.com%2Fweb%2Fwp-includes%2Fjs%2Fmediaelement%2Frenderers HTTP/1.0" 200 9531 "-" "Mozilla/5.0 AppleWebKit/537.36 (KHTML, like Gecko; compatible; ClaudeBot/1.0; +claudebot@anthropic.com)"
52.200.251.20 - - [03/Oct/2025:06:53:46 +0000] "GET /aceituna-cornicabra-natural-sin-hueso-2/?path=/var/www/vhosts/aceitunaslosada.com/web/copia/wp-content/uploads/2021/01 HTTP/1.0" 200 14648 "-" "Mozilla/5.0 AppleWebKit/537.36 (KHTML, like Gecko; compatible; Amazonbot/0.1; +https://developer.amazon.com/support/amazonbot) Chrome/119.0.6045.214 Safari/537.36"
20.171.207.61 - - [03/Oct/2025:06:53:48 +0000] "GET /2199334503?path=/var HTTP/1.0" 200 6373 "-" "Mozilla/5.0 AppleWebKit/537.36 (KHTML, like Gecko; compatible; GPTBot/1.2; +https://openai.com/gptbot)"
216.73.216.183 - - [03/Oct/2025:06:53:48 +0000] "GET /1133754232?fileloc=%2Fvar%2Fwww%2Fvhosts%2Faceitunaslosada.com%2Fweb%2Fwp-content%2Flanguages%2Fplugins%2Fakismet-es_ES.mo&path=%2Fvar%2Fwww%2Fvhosts%2Faceitunaslosada.com%2Fweb%2Fwp-content%2Flanguages%2Fplugins HTTP/1.0" 200 6423 "-" "Mozilla/5.0 AppleWebKit/537.36 (KHTML, like Gecko; compatible; ClaudeBot/1.0; +claudebot@anthropic.com)"
136.243.228.177 - - [03/Oct/2025:06:53:48 +0000] "GET /aisle117004180.html HTTP/1.0" 200 8572 "-" "Mozilla/5.0 (compatible; DataForSeoBot/1.0; +https://dataforseo.com/dataforseo-bot)"
216.73.216.183 - - [03/Oct/2025:06:53:48 +0000] "GET /1133754232?fileloc=%2Fvar%2Fwww%2Fvhosts%2Faceitunaslosada.com%2Fweb%2Fwp-content%2Flanguages%2Fplugins%2Fw3-total-cache-es_ES.po&path=%2Fvar%2Fwww%2Fvhosts%2Faceitunaslosada.com%2Fweb%2Fwp-content%2Flanguages%2Fplugins HTTP/1.0" 200 87690 "-" "Mozilla/5.0 AppleWebKit/537.36 (KHTML, like Gecko; compatible; ClaudeBot/1.0; +claudebot@anthropic.com)"
51.89.129.247 - - [03/Oct/2025:06:53:48 +0000] "GET /36325976?path=/var HTTP/1.0" 200 6373 "-" "Mozilla/5.0 (compatible; AhrefsBot/7.0; +http://ahrefs.com/robot/)"
216.73.216.183 - - [03/Oct/2025:06:53:49 +0000] "GET /1133754232?path=%2Fvar%2Fwww%2Fvhosts%2Faceitunaslosada.com%2Fweb%2Fcopia%2Fwp-includes%2Fjs%2Ftinymce HTTP/1.0" 200 7153 "-" "Mozilla/5.0 AppleWebKit/537.36 (KHTML, like Gecko; compatible; ClaudeBot/1.0; +claudebot@anthropic.com)"
57.141.0.36 - - [03/Oct/2025:06:53:49 +0000] "GET /1130660?fileloc=/var/www/vhosts/aceitunaslosada.com/web/.htaccess&path=/var/www/vhosts/aceitunaslosada.com/web HTTP/1.0" 200 18514 "-" "meta-externalagent/1.1 (+https://developers.facebook.com/docs/sharing/webmasters/crawler)"
20.171.207.61 - - [03/Oct/2025:06:53:49 +0000] "GET /2250735863?path=/var HTTP/1.0" 200 6373 "-" "Mozilla/5.0 AppleWebKit/537.36 (KHTML, like Gecko; compatible; GPTBot/1.2; +https://openai.com/gptbot)"
114.119.140.52 - - [03/Oct/2025:06:53:49 +0000] "GET /710318005?items=0709411614 HTTP/1.0" 200 8506 "https://aceitunaslosada.com/sitemap-product-498.xml" "Mozilla/5.0 (Linux; Android 7.0;) AppleWebKit/537.36 (KHTML, like Gecko) Mobile Safari/537.36 (compatible; PetalBot;+https://webmaster.petalsearch.com/site/petalbot)"
216.73.216.183 - - [03/Oct/2025:06:53:50 +0000] "GET /1133754232?path=%2Fvar%2Fwww%2Fvhosts%2Faceitunaslosada.com%2Fweb%2Fwp-content%2Fplugins%2Fcontact-form-7%2Fmodules HTTP/1.0" 200 7630 "-" "Mozilla/5.0 AppleWebKit/537.36 (KHTML, like Gecko; compatible; ClaudeBot/1.0; +claudebot@anthropic.com)"
66.249.79.136 - - [03/Oct/2025:06:53:50 +0000] "GET /837909983?items=0836840638 HTTP/1.0" 200 24483 "-" "Mozilla/5.0 (Linux; Android 6.0.1; Nexus 5X Build/MMB29P) AppleWebKit/537.36 (KHTML, like Gecko) Chrome/140.0.7339.207 Mobile Safari/537.36 (compatible; Googlebot/2.1; +http://www.google.com/bot.html)"
20.171.207.106 - - [03/Oct/2025:06:53:50 +0000] "GET /1925765550?fileloc=/var/www/vhosts/aceitunaslosada.com/web/cgi-bin/index.php&path=/var/www/vhosts/aceitunaslosada.com/web/cgi-bin HTTP/1.0" 200 6518 "-" "Mozilla/5.0 AppleWebKit/537.36 (KHTML, like Gecko; compatible; GPTBot/1.2; +https://openai.com/gptbot)"
34.231.118.144 - - [03/Oct/2025:06:53:50 +0000] "GET /category/nuevas-plantaciones-en/?path=/var/www/vhosts/aceitunaslosada.com/web/copia/wp-content/themes/betheme/assets HTTP/1.0" 200 6820 "-" "Mozilla/5.0 AppleWebKit/537.36 (KHTML, like Gecko; compatible; Amazonbot/0.1; +https://developer.amazon.com/support/amazonbot) Chrome/119.0.6045.214 Safari/537.36"
216.73.216.183 - - [03/Oct/2025:06:53:50 +0000] "GET /1133754232?fileloc=%2Fvar%2Fwww%2Fvhosts%2Faceitunaslosada.com%2Fweb%2Fcopia%2Fwp-includes%2Fjs%2Fmedia-models.js&path=%2Fvar%2Fwww%2Fvhosts%2Faceitunaslosada.com%2Fweb%2Fcopia%2Fwp-includes%2Fjs HTTP/1.0" 200 17820 "-" "Mozilla/5.0 AppleWebKit/537.36 (KHTML, like Gecko; compatible; ClaudeBot/1.0; +claudebot@anthropic.com)"
20.171.207.61 - - [03/Oct/2025:06:53:51 +0000] "GET /2251236710?path=/var HTTP/1.0" 200 6373 "-" "Mozilla/5.0 AppleWebKit/537.36 (KHTML, like Gecko; compatible; GPTBot/1.2; +https://openai.com/gptbot)"
216.73.216.183 - - [03/Oct/2025:06:53:51 +0000] "GET /1133754232?fileloc=%2Fvar%2Fwww%2Fvhosts%2Faceitunaslosada.com%2Fweb%2Fcopia%2Fwp-includes%2Fjs%2Fwp-emoji-loader.min.js&path=%2Fvar%2Fwww%2Fvhosts%2Faceitunaslosada.com%2Fweb%2Fcopia%2Fwp-includes%2Fjs HTTP/1.0" 200 7258 "-" "Mozilla/5.0 AppleWebKit/537.36 (KHTML, like Gecko; compatible; ClaudeBot/1.0; +claudebot@anthropic.com)"
216.73.216.183 - - [03/Oct/2025:06:53:51 +0000] "GET /1133754232?fileloc=%2Fvar%2Fwww%2Fvhosts%2Faceitunaslosada.com%2Fweb%2Fcopia%2Fwp-includes%2Fjs%2Fclipboard.min.js&path=%2Fvar%2Fwww%2Fvhosts%2Faceitunaslosada.com%2Fweb%2Fcopia%2Fwp-includes%2Fjs HTTP/1.0" 200 9800 "-" "Mozilla/5.0 AppleWebKit/537.36 (KHTML, like Gecko; compatible; ClaudeBot/1.0; +claudebot@anthropic.com)"
136.243.228.177 - - [03/Oct/2025:06:53:52 +0000] "GET /noise276044285.html HTTP/1.0" 200 8572 "-" "Mozilla/5.0 (compatible; DataForSeoBot/1.0; +https://dataforseo.com/dataforseo-bot)"
20.171.207.106 - - [03/Oct/2025:06:53:52 +0000] "GET /2040588563?path=/var/www/vhosts/aceitunaslosada.com/web/cgi-bin/cgi-bin/cgi-bin/cgi-bin/cgi-bin/cgi-bin HTTP/1.0" 200 6956 "-" "Mozilla/5.0 AppleWebKit/537.36 (KHTML, like Gecko; compatible; GPTBot/1.2; +https://openai.com/gptbot)"
20.171.207.61 - - [03/Oct/2025:06:53:52 +0000] "GET /2199135386?path=/var HTTP/1.0" 200 6372 "-" "Mozilla/5.0 AppleWebKit/537.36 (KHTML, like Gecko; compatible; GPTBot/1.2; +https://openai.com/gptbot)"
216.73.216.183 - - [03/Oct/2025:06:53:53 +0000] "GET /1133754232?fileloc=%2Fvar%2Fwww%2Fvhosts%2Faceitunaslosada.com%2Fweb%2Fwp-admin%2Fjs%2Fnav-menu.min.js&path=%2Fvar%2Fwww%2Fvhosts%2Faceitunaslosada.com%2Fweb%2Fwp-admin%2Fjs HTTP/1.0" 200 13244 "-" "Mozilla/5.0 AppleWebKit/537.36 (KHTML, like Gecko; compatible; ClaudeBot/1.0; +claudebot@anthropic.com)"
216.73.216.183 - - [03/Oct/2025:06:53:53 +0000] "GET /1133754232?fileloc=%2Fvar%2Fwww%2Fvhosts%2Faceitunaslosada.com%2Fweb%2Fwp-admin%2Fjs%2Fcommon.min.js&path=%2Fvar%2Fwww%2Fvhosts%2Faceitunaslosada.com%2Fweb%2Fwp-admin%2Fjs HTTP/1.0" 200 13237 "-" "Mozilla/5.0 AppleWebKit/537.36 (KHTML, like Gecko; compatible; ClaudeBot/1.0; +claudebot@anthropic.com)"
216.73.216.183 - - [03/Oct/2025:06:53:53 +0000] "GET /1133754232?fileloc=%2Fvar%2Fwww%2Fvhosts%2Faceitunaslosada.com%2Fweb%2Fwp-admin%2Fjs%2Fplugin-install.min.js&path=%2Fvar%2Fwww%2Fvhosts%2Faceitunaslosada.com%2Fweb%2Fwp-admin%2Fjs HTTP/1.0" 200 7434 "-" "Mozilla/5.0 AppleWebKit/537.36 (KHTML, like Gecko; compatible; ClaudeBot/1.0; +claudebot@anthropic.com)"
20.171.207.106 - - [03/Oct/2025:06:53:53 +0000] "GET /1925784599?path=/var/www/vhosts/aceitunaslosada.com/web/cgi-bin/cgi-bin HTTP/1.0" 200 6927 "-" "Mozilla/5.0 AppleWebKit/537.36 (KHTML, like Gecko; compatible; GPTBot/1.2; +https://openai.com/gptbot)"
20.171.207.61 - - [03/Oct/2025:06:53:54 +0000] "GET /2251038344?path=/var HTTP/1.0" 200 6373 "-" "Mozilla/5.0 AppleWebKit/537.36 (KHTML, like Gecko; compatible; GPTBot/1.2; +https://openai.com/gptbot)"
20.171.207.106 - - [03/Oct/2025:06:53:55 +0000] "GET /2014254195?path=/var/www/vhosts/aceitunaslosada.com/web/cgi-bin/cgi-bin HTTP/1.0" 200 6928 "-" "Mozilla/5.0 AppleWebKit/537.36 (KHTML, like Gecko; compatible; GPTBot/1.2; +https://openai.com/gptbot)"
23.21.228.180 - - [03/Oct/2025:06:53:55 +0000] "GET /producto/aceituna-cornicabra-natural/?path=/var/www/vhosts/aceitunaslosada.com/web/wp-content/plugins/w3-total-cache/vendor/aws/aws-sdk-php/src/Pinpoint/Exception HTTP/1.0" 200 6870 "-" "Mozilla/5.0 AppleWebKit/537.36 (KHTML, like Gecko; compatible; Amazonbot/0.1; +https://developer.amazon.com/support/amazonbot) Chrome/119.0.6045.214 Safari/537.36"
157.55.39.12 - - [03/Oct/2025:06:53:55 +0000] "GET /KBTvE9Ev HTTP/1.0" 200 25514 "-" "Mozilla/5.0 AppleWebKit/537.36 (KHTML, like Gecko; compatible; bingbot/2.0; +http://www.bing.com/bingbot.htm) Chrome/116.0.1938.76 Safari/537.36"
20.171.207.61 - - [03/Oct/2025:06:53:55 +0000] "GET /2251374791?path=/var HTTP/1.0" 200 6373 "-" "Mozilla/5.0 AppleWebKit/537.36 (KHTML, like Gecko; compatible; GPTBot/1.2; +https://openai.com/gptbot)"
20.171.207.106 - - [03/Oct/2025:06:53:56 +0000] "GET /1925913258?path=/var/www/vhosts/aceitunaslosada.com/web/cgi-bin/cgi-bin/cgi-bin/cgi-bin/cgi-bin/cgi-bin HTTP/1.0" 200 6958 "-" "Mozilla/5.0 AppleWebKit/537.36 (KHTML, like Gecko; compatible; GPTBot/1.2; +https://openai.com/gptbot)"
136.243.228.177 - - [03/Oct/2025:06:53:56 +0000] "GET /item/u159/7159/ HTTP/1.0" 200 8572 "-" "Mozilla/5.0 (compatible; DataForSeoBot/1.0; +https://dataforseo.com/dataforseo-bot)"
20.171.207.61 - - [03/Oct/2025:06:53:56 +0000] "GET /2251218960?path=/var HTTP/1.0" 200 6373 "-" "Mozilla/5.0 AppleWebKit/537.36 (KHTML, like Gecko; compatible; GPTBot/1.2; +https://openai.com/gptbot)"
20.171.207.106 - - [03/Oct/2025:06:53:57 +0000] "GET /1926069842?path=/var/www/vhosts/aceitunaslosada.com/web/cgi-bin/cgi-bin HTTP/1.0" 200 6928 "-" "Mozilla/5.0 AppleWebKit/537.36 (KHTML, like Gecko; compatible; GPTBot/1.2; +https://openai.com/gptbot)"
54.156.248.117 - - [03/Oct/2025:06:53:57 +0000] "GET /producto/aceituna-zorzalena-natural-sin-hueso-2/?path=/var/www/vhosts/aceitunaslosada.com/web/wp-content/plugins/w3-total-cache/vendor/aws/aws-sdk-php/src/data/comprehend HTTP/1.0" 200 6884 "-" "Mozilla/5.0 AppleWebKit/537.36 (KHTML, like Gecko; compatible; Amazonbot/0.1; +https://developer.amazon.com/support/amazonbot) Chrome/119.0.6045.214 Safari/537.36"
20.171.207.61 - - [03/Oct/2025:06:53:57 +0000] "GET /2199037244?path=/var HTTP/1.0" 200 6373 "-" "Mozilla/5.0 AppleWebKit/537.36 (KHTML, like Gecko; compatible; GPTBot/1.2; +https://openai.com/gptbot)"
57.141.0.58 - - [03/Oct/2025:06:53:57 +0000] "GET /1123866?fileloc=/var/www/vhosts/aceitunaslosada.com/web/google4b41d2a1b700bad4.html&path=/var/www/vhosts/aceitunaslosada.com/web HTTP/1.0" 200 16504 "-" "meta-externalagent/1.1 (+https://developers.facebook.com/docs/sharing/webmasters/crawler)"
20.171.207.106 - - [03/Oct/2025:06:53:58 +0000] "GET /1034965730?path=/var/www/vhosts/aceitunaslosada.com/web/cgi-bin/cgi-bin/cgi-bin/cgi-bin/cgi-bin/cgi-bin/cgi-bin HTTP/1.0" 200 6836 "-" "Mozilla/5.0 AppleWebKit/537.36 (KHTML, like Gecko; compatible; GPTBot/1.2; +https://openai.com/gptbot)"
20.171.207.61 - - [03/Oct/2025:06:53:58 +0000] "GET /2250817823?path=/var HTTP/1.0" 200 6373 "-" "Mozilla/5.0 AppleWebKit/537.36 (KHTML, like Gecko; compatible; GPTBot/1.2; +https://openai.com/gptbot)"
