File: /var/www/vhosts/aceitunaslosada.com/logs/proxy_access_log
204.12.208.18 - - [03/Oct/2025:06:40:58 +0000] "GET /wp-content/plb692e7/index.php HTTP/1.1" 301 162 "http://aceitunaslosada.com/wp-content/plb692e7/index.php" "Mozilla/5.0 (Macintosh; Intel Mac OS X 10.7; rv:7.0.1) Gecko/20100101 Firefox/7.0.1"
216.244.66.231 - - [03/Oct/2025:06:41:02 +0000] "GET /robots.txt HTTP/1.1" 301 162 "-" "Mozilla/5.0 (compatible; DotBot/1.2; +https://opensiteexplorer.org/dotbot; help@moz.com)"
216.244.66.231 - - [03/Oct/2025:06:41:02 +0000] "GET /robots.txt HTTP/1.1" 301 162 "-" "Mozilla/5.0 (compatible; DotBot/1.2; +https://opensiteexplorer.org/dotbot; help@moz.com)"
204.12.208.18 - - [03/Oct/2025:06:50:11 +0000] "GET /wp-content/plb692e7/index.php HTTP/1.1" 301 162 "http://aceitunaslosada.com/wp-content/plb692e7/index.php" "Mozilla/4.0 (compatible; MSIE 7.0; Windows NT 5.1; SV1; .NET CLR 1.1.4322; .NET CLR 2.0.50727; InfoPath.1)"
101.99.88.90 - - [03/Oct/2025:06:55:32 +0000] "GET / HTTP/1.1" 301 162 "-" "Mozilla/5.0 (compatible; Googlebot/2.1; +http://www.google.com/bot.html)"
101.99.88.90 - - [03/Oct/2025:06:55:36 +0000] "GET /wp-content/plb692e7/index.php HTTP/1.1" 301 162 "-" "-"
204.12.208.18 - - [03/Oct/2025:06:59:14 +0000] "GET /wp-content/plb692e7/index.php HTTP/1.1" 301 162 "http://aceitunaslosada.com/wp-content/plb692e7/index.php" "Mozilla/5.0 (Macintosh; Intel Mac OS X 10_6_8) AppleWebKit/535.1 (KHTML, like Gecko) Chrome/13.0.782.112 Safari/535.1"
204.12.208.18 - - [03/Oct/2025:07:08:49 +0000] "GET /wp-content/plb692e7/index.php HTTP/1.1" 301 162 "http://aceitunaslosada.com/wp-content/plb692e7/index.php" "Mozilla/5.0 (Macintosh; Intel Mac OS X 10_6_8) AppleWebKit/534.30 (KHTML, like Gecko) Chrome/12.0.742.112 Safari/534.30"
138.197.135.218 - - [03/Oct/2025:07:13:07 +0000] "GET / HTTP/1.1" 301 162 "-" "Mozilla/5.0 (X11; Linux x86_64) AppleWebKit/537.36 (KHTML, like Gecko) Chrome/139.0.0.0 Safari/537.36"
138.197.135.218 - - [03/Oct/2025:07:13:08 +0000] "GET /favicon.ico HTTP/1.1" 301 162 "http://aceitunaslosada.com/" "Mozilla/5.0 (X11; Linux x86_64) AppleWebKit/537.36 (KHTML, like Gecko) Chrome/139.0.0.0 Safari/537.36"
204.12.208.18 - - [03/Oct/2025:07:18:14 +0000] "GET /wp-content/plb692e7/index.php HTTP/1.1" 301 162 "http://aceitunaslosada.com/wp-content/plb692e7/index.php" "Mozilla/4.0 (compatible; MSIE 6.0; X11; Linux i686; ja) Opera 10.10"
202.5.47.178 - - [03/Oct/2025:07:20:06 +0000] "GET /wp-json/wp/v2/posts HTTP/1.1" 301 162 "-" "Mozilla/5.0 (Windows NT 10.0; Win64; x64) AppleWebKit/537.36 (KHTML, like Gecko) Chrome/120.0.0.0 Safari/537.36"
204.12.208.18 - - [03/Oct/2025:07:27:41 +0000] "GET /wp-content/plb692e7/index.php HTTP/1.1" 301 162 "http://aceitunaslosada.com/wp-content/plb692e7/index.php" "Mozilla/5.0 (Macintosh; Intel Mac OS X 10.7; rv:9.0.1) Gecko/20100101 Firefox/9.0.1"
2.139.165.58 - - [03/Oct/2025:07:29:27 +0000] "GET /firma-losada/pinterest.png HTTP/1.1" 301 162 "-" "Mozilla/4.0 (compatible; ms-office; MSOffice 16)"
2.139.165.58 - - [03/Oct/2025:07:29:27 +0000] "GET /firma-losada/facebook.png HTTP/1.1" 301 162 "-" "Mozilla/4.0 (compatible; ms-office; MSOffice 16)"
2.139.165.58 - - [03/Oct/2025:07:29:27 +0000] "GET /firma-losada/logo-losada-2.jpg HTTP/1.1" 301 162 "-" "Mozilla/4.0 (compatible; ms-office; MSOffice 16)"
2.139.165.58 - - [03/Oct/2025:07:29:27 +0000] "GET /firma-losada/twitter.png HTTP/1.1" 301 162 "-" "Mozilla/4.0 (compatible; ms-office; MSOffice 16)"
2.139.165.58 - - [03/Oct/2025:07:29:27 +0000] "GET /firma-losada/google_plus.png HTTP/1.1" 301 162 "-" "Mozilla/4.0 (compatible; ms-office; MSOffice 16)"
2.139.165.58 - - [03/Oct/2025:07:29:27 +0000] "GET /firma-losada/youtube.png HTTP/1.1" 301 162 "-" "Mozilla/4.0 (compatible; ms-office; MSOffice 16)"
54.84.243.147 - - [03/Oct/2025:07:30:08 +0000] "GET / HTTP/1.1" 301 162 "-" "-"
216.244.66.231 - - [03/Oct/2025:07:36:35 +0000] "GET /robots.txt HTTP/1.1" 301 162 "-" "Mozilla/5.0 (compatible; DotBot/1.2; +https://opensiteexplorer.org/dotbot; help@moz.com)"
204.12.208.18 - - [03/Oct/2025:07:36:45 +0000] "GET /wp-content/plb692e7/index.php HTTP/1.1" 301 162 "http://aceitunaslosada.com/wp-content/plb692e7/index.php" "Mozilla/5.0 (Macintosh; U; Intel Mac OS X 10_5_6; ja-jp) AppleWebKit/528.16 (KHTML, like Gecko) Version/4.0 Safari/528.16"
204.12.208.18 - - [03/Oct/2025:07:46:01 +0000] "GET /wp-content/plb692e7/index.php HTTP/1.1" 301 162 "http://aceitunaslosada.com/wp-content/plb692e7/index.php" "Mozilla/5.0 (Macintosh; Intel Mac OS X 10.7; rv:9.0.1) Gecko/20100101 Firefox/9.0.1"
45.148.10.246 - - [03/Oct/2025:07:54:12 +0000] "GET /.git/config HTTP/1.1" 301 162 "-" "Go-http-client/1.1"
204.12.208.18 - - [03/Oct/2025:07:55:16 +0000] "GET /wp-content/plb692e7/index.php HTTP/1.1" 301 162 "http://aceitunaslosada.com/wp-content/plb692e7/index.php" "Mozilla/5.0 (Macintosh; U; PPC Mac OS X 10_4_11; ja-jp) AppleWebKit/525.13 (KHTML, like Gecko) Version/3.1 Safari/525.13"
204.12.208.18 - - [03/Oct/2025:07:55:36 +0000] "GET /wp-content/plb692e7/index.php HTTP/1.1" 301 162 "http://aceitunaslosada.com/wp-content/plb692e7/index.php" "Mozilla/5.0 (Windows NT 6.1; WOW64; rv:5.0) Gecko/20100101 Firefox/5.0"
20.191.45.212 - - [03/Oct/2025:07:56:53 +0000] "GET / HTTP/1.1" 301 162 "http://www.aceitunaslosada.com/" "DuckDuckBot/1.1; (+http://duckduckgo.com/duckduckbot.html)"
20.191.45.212 - - [03/Oct/2025:07:56:59 +0000] "GET /favicon.ico HTTP/1.1" 301 162 "http://www.aceitunaslosada.com/favicon.ico" "DuckDuckBot/1.1; (+http://duckduckgo.com/duckduckbot.html)"
204.12.208.18 - - [03/Oct/2025:08:04:21 +0000] "GET /wp-content/plb692e7/index.php HTTP/1.1" 301 162 "http://aceitunaslosada.com/wp-content/plb692e7/index.php" "Mozilla/5.0 (Windows NT 5.1) AppleWebKit/535.2 (KHTML, like Gecko) Chrome/15.0.874.120 Safari/535.2"
146.75.182.15 - - [03/Oct/2025:08:07:59 +0000] "GET /firma-losada/facebook.png HTTP/1.1" 301 162 "-" "Mozilla/5.0"
146.75.182.15 - - [03/Oct/2025:08:08:00 +0000] "GET /firma-losada/logo-losada-2.jpg HTTP/1.1" 301 162 "-" "Mozilla/5.0"
146.75.182.15 - - [03/Oct/2025:08:08:00 +0000] "GET /firma-losada/google_plus.png HTTP/1.1" 301 162 "-" "Mozilla/5.0"
146.75.182.15 - - [03/Oct/2025:08:08:00 +0000] "GET /firma-losada/twitter.png HTTP/1.1" 301 162 "-" "Mozilla/5.0"
146.75.182.15 - - [03/Oct/2025:08:08:00 +0000] "GET /firma-losada/pinterest.png HTTP/1.1" 301 162 "-" "Mozilla/5.0"
146.75.182.15 - - [03/Oct/2025:08:08:00 +0000] "GET /firma-losada/youtube.png HTTP/1.1" 301 162 "-" "Mozilla/5.0"
54.151.255.242 - - [03/Oct/2025:08:11:06 +0000] "GET /wp-content/uploads/2014/06/19-natural-cracked-alorena.jpg HTTP/1.1" 301 162 "-" "Mozilla/5.0 (compatible; crawler)"
204.12.208.18 - - [03/Oct/2025:08:13:50 +0000] "GET /wp-content/plb692e7/index.php HTTP/1.1" 301 162 "http://aceitunaslosada.com/wp-content/plb692e7/index.php" "Mozilla/4.0 (compatible; MSIE 7.0; Windows NT 5.1)"
204.12.208.18 - - [03/Oct/2025:08:22:56 +0000] "GET /wp-content/plb692e7/index.php HTTP/1.1" 301 162 "http://aceitunaslosada.com/wp-content/plb692e7/index.php" "Mozilla/5.0 (Macintosh; U; Intel Mac OS X 10_5_6; ja-jp) AppleWebKit/528.16 (KHTML, like Gecko) Version/4.0 Safari/528.16"
182.42.105.85 - - [03/Oct/2025:08:23:26 +0000] "GET / HTTP/1.1" 301 162 "-" "Mozilla/5.0 (iPhone; CPU iPhone OS 13_2_3 like Mac OS X) AppleWebKit/605.1.15 (KHTML, like Gecko) Version/13.0.3 Mobile/15E148 Safari/604.1"
204.12.208.18 - - [03/Oct/2025:08:32:01 +0000] "GET /wp-content/plb692e7/index.php HTTP/1.1" 301 162 "http://aceitunaslosada.com/wp-content/plb692e7/index.php" "Mozilla/5.0 (Macintosh; U; PPC Mac OS X; ja-jp) AppleWebKit/522.11.1 (KHTML, like Gecko) Version/3.0.3 Safari/522.12.1"
216.244.66.231 - - [03/Oct/2025:08:32:27 +0000] "GET /robots.txt HTTP/1.1" 301 162 "-" "Mozilla/5.0 (compatible; DotBot/1.2; +https://opensiteexplorer.org/dotbot; help@moz.com)"
216.244.66.231 - - [03/Oct/2025:08:32:27 +0000] "GET /robots.txt HTTP/1.1" 301 162 "-" "Mozilla/5.0 (compatible; DotBot/1.2; +https://opensiteexplorer.org/dotbot; help@moz.com)"
46.222.126.229 - - [03/Oct/2025:08:37:37 +0000] "GET /firma-losada/logo-losada-2.jpg HTTP/1.1" 301 162 "-" "Mozilla/5.0 (iPhone; CPU iPhone OS 18_5 like Mac OS X) AppleWebKit/605.1.15 (KHTML, like Gecko) Mobile/15E148"
46.222.126.229 - - [03/Oct/2025:08:37:37 +0000] "GET /firma-losada/facebook.png HTTP/1.1" 301 162 "-" "Mozilla/5.0 (iPhone; CPU iPhone OS 18_5 like Mac OS X) AppleWebKit/605.1.15 (KHTML, like Gecko) Mobile/15E148"
46.222.126.229 - - [03/Oct/2025:08:37:37 +0000] "GET /firma-losada/google_plus.png HTTP/1.1" 301 162 "-" "Mozilla/5.0 (iPhone; CPU iPhone OS 18_5 like Mac OS X) AppleWebKit/605.1.15 (KHTML, like Gecko) Mobile/15E148"
46.222.126.229 - - [03/Oct/2025:08:37:37 +0000] "GET /firma-losada/twitter.png HTTP/1.1" 301 162 "-" "Mozilla/5.0 (iPhone; CPU iPhone OS 18_5 like Mac OS X) AppleWebKit/605.1.15 (KHTML, like Gecko) Mobile/15E148"
46.222.126.229 - - [03/Oct/2025:08:37:37 +0000] "GET /firma-losada/pinterest.png HTTP/1.1" 301 162 "-" "Mozilla/5.0 (iPhone; CPU iPhone OS 18_5 like Mac OS X) AppleWebKit/605.1.15 (KHTML, like Gecko) Mobile/15E148"
46.222.126.229 - - [03/Oct/2025:08:37:37 +0000] "GET /firma-losada/youtube.png HTTP/1.1" 301 162 "-" "Mozilla/5.0 (iPhone; CPU iPhone OS 18_5 like Mac OS X) AppleWebKit/605.1.15 (KHTML, like Gecko) Mobile/15E148"
46.222.126.229 - - [03/Oct/2025:08:37:37 +0000] "GET /firma-losada/logo-losada-2.jpg HTTP/1.1" 301 162 "-" "Mozilla/5.0 (iPhone; CPU iPhone OS 18_5 like Mac OS X) AppleWebKit/605.1.15 (KHTML, like Gecko) Mobile/15E148"
46.222.126.229 - - [03/Oct/2025:08:37:37 +0000] "GET /firma-losada/google_plus.png HTTP/1.1" 301 162 "-" "Mozilla/5.0 (iPhone; CPU iPhone OS 18_5 like Mac OS X) AppleWebKit/605.1.15 (KHTML, like Gecko) Mobile/15E148"
46.222.126.229 - - [03/Oct/2025:08:37:37 +0000] "GET /firma-losada/twitter.png HTTP/1.1" 301 162 "-" "Mozilla/5.0 (iPhone; CPU iPhone OS 18_5 like Mac OS X) AppleWebKit/605.1.15 (KHTML, like Gecko) Mobile/15E148"
46.222.126.229 - - [03/Oct/2025:08:37:37 +0000] "GET /firma-losada/pinterest.png HTTP/1.1" 301 162 "-" "Mozilla/5.0 (iPhone; CPU iPhone OS 18_5 like Mac OS X) AppleWebKit/605.1.15 (KHTML, like Gecko) Mobile/15E148"
46.222.126.229 - - [03/Oct/2025:08:37:37 +0000] "GET /firma-losada/youtube.png HTTP/1.1" 301 162 "-" "Mozilla/5.0 (iPhone; CPU iPhone OS 18_5 like Mac OS X) AppleWebKit/605.1.15 (KHTML, like Gecko) Mobile/15E148"
46.222.126.229 - - [03/Oct/2025:08:37:37 +0000] "GET /firma-losada/facebook.png HTTP/1.1" 301 162 "-" "Mozilla/5.0 (iPhone; CPU iPhone OS 18_5 like Mac OS X) AppleWebKit/605.1.15 (KHTML, like Gecko) Mobile/15E148"
46.222.126.229 - - [03/Oct/2025:08:37:37 +0000] "GET /firma-losada/twitter.png HTTP/1.1" 301 162 "-" "Mozilla/5.0 (iPhone; CPU iPhone OS 18_5 like Mac OS X) AppleWebKit/605.1.15 (KHTML, like Gecko) Mobile/15E148"
46.222.126.229 - - [03/Oct/2025:08:37:37 +0000] "GET /firma-losada/logo-losada-2.jpg HTTP/1.1" 301 162 "-" "Mozilla/5.0 (iPhone; CPU iPhone OS 18_5 like Mac OS X) AppleWebKit/605.1.15 (KHTML, like Gecko) Mobile/15E148"
46.222.126.229 - - [03/Oct/2025:08:37:37 +0000] "GET /firma-losada/facebook.png HTTP/1.1" 301 162 "-" "Mozilla/5.0 (iPhone; CPU iPhone OS 18_5 like Mac OS X) AppleWebKit/605.1.15 (KHTML, like Gecko) Mobile/15E148"
46.222.126.229 - - [03/Oct/2025:08:37:37 +0000] "GET /firma-losada/google_plus.png HTTP/1.1" 301 162 "-" "Mozilla/5.0 (iPhone; CPU iPhone OS 18_5 like Mac OS X) AppleWebKit/605.1.15 (KHTML, like Gecko) Mobile/15E148"
46.222.126.229 - - [03/Oct/2025:08:37:37 +0000] "GET /firma-losada/youtube.png HTTP/1.1" 301 162 "-" "Mozilla/5.0 (iPhone; CPU iPhone OS 18_5 like Mac OS X) AppleWebKit/605.1.15 (KHTML, like Gecko) Mobile/15E148"
46.222.126.229 - - [03/Oct/2025:08:37:37 +0000] "GET /firma-losada/pinterest.png HTTP/1.1" 301 162 "-" "Mozilla/5.0 (iPhone; CPU iPhone OS 18_5 like Mac OS X) AppleWebKit/605.1.15 (KHTML, like Gecko) Mobile/15E148"
46.222.126.229 - - [03/Oct/2025:08:37:37 +0000] "GET /firma-losada/google_plus.png HTTP/1.1" 301 162 "-" "Mozilla/5.0 (iPhone; CPU iPhone OS 18_5 like Mac OS X) AppleWebKit/605.1.15 (KHTML, like Gecko) Mobile/15E148"
46.222.126.229 - - [03/Oct/2025:08:37:37 +0000] "GET /firma-losada/logo-losada-2.jpg HTTP/1.1" 301 162 "-" "Mozilla/5.0 (iPhone; CPU iPhone OS 18_5 like Mac OS X) AppleWebKit/605.1.15 (KHTML, like Gecko) Mobile/15E148"
46.222.126.229 - - [03/Oct/2025:08:37:37 +0000] "GET /firma-losada/facebook.png HTTP/1.1" 301 162 "-" "Mozilla/5.0 (iPhone; CPU iPhone OS 18_5 like Mac OS X) AppleWebKit/605.1.15 (KHTML, like Gecko) Mobile/15E148"
46.222.126.229 - - [03/Oct/2025:08:37:37 +0000] "GET /firma-losada/youtube.png HTTP/1.1" 301 162 "-" "Mozilla/5.0 (iPhone; CPU iPhone OS 18_5 like Mac OS X) AppleWebKit/605.1.15 (KHTML, like Gecko) Mobile/15E148"
46.222.126.229 - - [03/Oct/2025:08:37:37 +0000] "GET /firma-losada/pinterest.png HTTP/1.1" 301 162 "-" "Mozilla/5.0 (iPhone; CPU iPhone OS 18_5 like Mac OS X) AppleWebKit/605.1.15 (KHTML, like Gecko) Mobile/15E148"
46.222.126.229 - - [03/Oct/2025:08:37:37 +0000] "GET /firma-losada/twitter.png HTTP/1.1" 301 162 "-" "Mozilla/5.0 (iPhone; CPU iPhone OS 18_5 like Mac OS X) AppleWebKit/605.1.15 (KHTML, like Gecko) Mobile/15E148"
46.222.126.229 - - [03/Oct/2025:08:37:37 +0000] "GET /firma-losada/logo-losada-2.jpg HTTP/1.1" 301 162 "-" "Mozilla/5.0 (iPhone; CPU iPhone OS 18_5 like Mac OS X) AppleWebKit/605.1.15 (KHTML, like Gecko) Mobile/15E148"
46.222.126.229 - - [03/Oct/2025:08:37:37 +0000] "GET /firma-losada/pinterest.png HTTP/1.1" 301 162 "-" "Mozilla/5.0 (iPhone; CPU iPhone OS 18_5 like Mac OS X) AppleWebKit/605.1.15 (KHTML, like Gecko) Mobile/15E148"
46.222.126.229 - - [03/Oct/2025:08:37:37 +0000] "GET /firma-losada/twitter.png HTTP/1.1" 301 162 "-" "Mozilla/5.0 (iPhone; CPU iPhone OS 18_5 like Mac OS X) AppleWebKit/605.1.15 (KHTML, like Gecko) Mobile/15E148"
46.222.126.229 - - [03/Oct/2025:08:37:37 +0000] "GET /firma-losada/google_plus.png HTTP/1.1" 301 162 "-" "Mozilla/5.0 (iPhone; CPU iPhone OS 18_5 like Mac OS X) AppleWebKit/605.1.15 (KHTML, like Gecko) Mobile/15E148"
46.222.126.229 - - [03/Oct/2025:08:37:37 +0000] "GET /firma-losada/twitter.png HTTP/1.1" 301 162 "-" "Mozilla/5.0 (iPhone; CPU iPhone OS 18_5 like Mac OS X) AppleWebKit/605.1.15 (KHTML, like Gecko) Mobile/15E148"
46.222.126.229 - - [03/Oct/2025:08:37:37 +0000] "GET /firma-losada/facebook.png HTTP/1.1" 301 162 "-" "Mozilla/5.0 (iPhone; CPU iPhone OS 18_5 like Mac OS X) AppleWebKit/605.1.15 (KHTML, like Gecko) Mobile/15E148"
46.222.126.229 - - [03/Oct/2025:08:37:37 +0000] "GET /firma-losada/pinterest.png HTTP/1.1" 301 162 "-" "Mozilla/5.0 (iPhone; CPU iPhone OS 18_5 like Mac OS X) AppleWebKit/605.1.15 (KHTML, like Gecko) Mobile/15E148"
46.222.126.229 - - [03/Oct/2025:08:37:37 +0000] "GET /firma-losada/youtube.png HTTP/1.1" 301 162 "-" "Mozilla/5.0 (iPhone; CPU iPhone OS 18_5 like Mac OS X) AppleWebKit/605.1.15 (KHTML, like Gecko) Mobile/15E148"
46.222.126.229 - - [03/Oct/2025:08:37:37 +0000] "GET /firma-losada/logo-losada-2.jpg HTTP/1.1" 301 162 "-" "Mozilla/5.0 (iPhone; CPU iPhone OS 18_5 like Mac OS X) AppleWebKit/605.1.15 (KHTML, like Gecko) Mobile/15E148"
46.222.126.229 - - [03/Oct/2025:08:37:37 +0000] "GET /firma-losada/facebook.png HTTP/1.1" 301 162 "-" "Mozilla/5.0 (iPhone; CPU iPhone OS 18_5 like Mac OS X) AppleWebKit/605.1.15 (KHTML, like Gecko) Mobile/15E148"
46.222.126.229 - - [03/Oct/2025:08:37:37 +0000] "GET /firma-losada/youtube.png HTTP/1.1" 301 162 "-" "Mozilla/5.0 (iPhone; CPU iPhone OS 18_5 like Mac OS X) AppleWebKit/605.1.15 (KHTML, like Gecko) Mobile/15E148"
46.222.126.229 - - [03/Oct/2025:08:37:37 +0000] "GET /firma-losada/google_plus.png HTTP/1.1" 301 162 "-" "Mozilla/5.0 (iPhone; CPU iPhone OS 18_5 like Mac OS X) AppleWebKit/605.1.15 (KHTML, like Gecko) Mobile/15E148"
204.12.208.18 - - [03/Oct/2025:08:41:23 +0000] "GET /wp-content/plb692e7/index.php HTTP/1.1" 301 162 "http://aceitunaslosada.com/wp-content/plb692e7/index.php" "Mozilla/5.0 (Macintosh; Intel Mac OS X 10.7; rv:7.0.1) Gecko/20100101 Firefox/7.0.1"
43.131.32.36 - - [03/Oct/2025:08:41:58 +0000] "GET / HTTP/1.1" 301 162 "-" "Mozilla/5.0 (iPhone; CPU iPhone OS 13_2_3 like Mac OS X) AppleWebKit/605.1.15 (KHTML, like Gecko) Version/13.0.3 Mobile/15E148 Safari/604.1"
204.12.208.18 - - [03/Oct/2025:08:50:18 +0000] "GET /wp-content/plb692e7/index.php HTTP/1.1" 301 162 "http://aceitunaslosada.com/wp-content/plb692e7/index.php" "Mozilla/5.0 (Macintosh; U; Intel Mac OS X 10_5_6; ja-jp) AppleWebKit/525.27.1 (KHTML, like Gecko) Version/3.2.1 Safari/525.27.1"
204.12.208.18 - - [03/Oct/2025:08:59:26 +0000] "GET /wp-content/plb692e7/index.php HTTP/1.1" 301 162 "http://aceitunaslosada.com/wp-content/plb692e7/index.php" "Mozilla/5.0 (Macintosh; Intel Mac OS X 10_6_8) AppleWebKit/534.57.2 (KHTML, like Gecko) Version/5.1.7 Safari/534.57.2"
204.12.208.18 - - [03/Oct/2025:09:08:35 +0000] "GET /wp-content/plb692e7/index.php HTTP/1.1" 301 162 "http://aceitunaslosada.com/wp-content/plb692e7/index.php" "Mozilla/5.0 (compatible; MSIE 9.0; Windows NT 6.0; Trident/5.0)"
204.12.208.18 - - [03/Oct/2025:09:08:55 +0000] "GET /wp-content/plb692e7/index.php HTTP/1.1" 301 162 "http://aceitunaslosada.com/wp-content/plb692e7/index.php" "Mozilla/5.0 (Macintosh; Intel Mac OS X 10_6_8) AppleWebKit/535.1 (KHTML, like Gecko) Chrome/13.0.782.220 Safari/535.1"
93.158.91.250 - - [03/Oct/2025:09:09:16 +0000] "GET /robots.txt HTTP/1.1" 301 162 "-" "Mozilla/5.0 (Windows NT 6.1; Win64; x64; rv:109.0) Gecko/20100101 Firefox/115"
93.158.91.243 - - [03/Oct/2025:09:09:16 +0000] "GET / HTTP/1.1" 301 162 "-" "Mozilla/5.0 (Windows NT 6.1; Win64; x64; rv:109.0) Gecko/20100101 Firefox/115"
204.12.208.18 - - [03/Oct/2025:09:17:35 +0000] "GET /wp-content/plb692e7/index.php HTTP/1.1" 301 162 "http://aceitunaslosada.com/wp-content/plb692e7/index.php" "Mozilla/5.0 (Macintosh; Intel Mac OS X 10_6_8) AppleWebKit/534.57.2 (KHTML, like Gecko) Version/5.1.7 Safari/534.57.2"
66.249.79.135 - - [03/Oct/2025:09:18:11 +0000] "GET /robots.txt HTTP/1.1" 301 162 "-" "Mozilla/5.0 (compatible; Googlebot/2.1; +http://www.google.com/bot.html)"
66.249.79.135 - - [03/Oct/2025:09:18:12 +0000] "GET / HTTP/1.1" 301 162 "-" "Mozilla/5.0 (Linux; Android 6.0.1; Nexus 5X Build/MMB29P) AppleWebKit/537.36 (KHTML, like Gecko) Chrome/140.0.7339.207 Mobile Safari/537.36 (compatible; Googlebot/2.1; +http://www.google.com/bot.html)"
92.172.81.230 - - [03/Oct/2025:09:24:26 +0000] "GET /firma-losada/facebook.png HTTP/1.1" 301 162 "-" "Mozilla/4.0 (compatible; ms-office; MSOffice 16)"
92.172.81.230 - - [03/Oct/2025:09:24:26 +0000] "GET /firma-losada/google_plus.png HTTP/1.1" 301 162 "-" "Mozilla/4.0 (compatible; ms-office; MSOffice 16)"
92.172.81.230 - - [03/Oct/2025:09:24:26 +0000] "GET /firma-losada/twitter.png HTTP/1.1" 301 162 "-" "Mozilla/4.0 (compatible; ms-office; MSOffice 16)"
92.172.81.230 - - [03/Oct/2025:09:24:26 +0000] "GET /firma-losada/pinterest.png HTTP/1.1" 301 162 "-" "Mozilla/4.0 (compatible; ms-office; MSOffice 16)"
92.172.81.230 - - [03/Oct/2025:09:24:26 +0000] "GET /firma-losada/logo-losada-2.jpg HTTP/1.1" 301 162 "-" "Mozilla/4.0 (compatible; ms-office; MSOffice 16)"
92.172.81.230 - - [03/Oct/2025:09:24:26 +0000] "GET /firma-losada/youtube.png HTTP/1.1" 301 162 "-" "Mozilla/4.0 (compatible; ms-office; MSOffice 16)"
109.70.100.67 - - [03/Oct/2025:09:25:43 +0000] "GET / HTTP/1.1" 301 162 "aceitunaslosada.com" "Mozilla/4.0 (compatible; MSIE 7.0; Windows NT 6.1; Trident/7.0; SLCC2; .NET CLR 2.0.50727; .NET CLR 3.5.30729; .NET CLR 3.0.30729; Media Center PC 6.0; BRI/2; .NET4.0C; .NET4.0E; Tablet PC 2.0; MANM)"
204.12.208.18 - - [03/Oct/2025:09:26:39 +0000] "GET /wp-content/plb692e7/index.php HTTP/1.1" 301 162 "http://aceitunaslosada.com/wp-content/plb692e7/index.php" "Mozilla/5.0 (Windows NT 6.0; rv:7.0.1) Gecko/20100101 Firefox/7.0.1"
216.244.66.231 - - [03/Oct/2025:09:29:22 +0000] "GET /robots.txt HTTP/1.1" 301 162 "-" "Mozilla/5.0 (compatible; DotBot/1.2; +https://opensiteexplorer.org/dotbot; help@moz.com)"
204.12.208.18 - - [03/Oct/2025:09:35:33 +0000] "GET /wp-content/plb692e7/index.php HTTP/1.1" 301 162 "http://aceitunaslosada.com/wp-content/plb692e7/index.php" "Mozilla/5.0 (Macintosh; Intel Mac OS X 10.5; rv:8.0.1) Gecko/20100101 Firefox/8.0.1"
204.12.208.18 - - [03/Oct/2025:09:44:11 +0000] "GET /wp-content/plb692e7/index.php HTTP/1.1" 301 162 "http://aceitunaslosada.com/wp-content/plb692e7/index.php" "Mozilla/5.0 (compatible; MSIE 9.0; Windows NT 6.1; WOW64; Trident/5.0; Sleipnir/2.9.8)"
204.12.208.18 - - [03/Oct/2025:09:44:31 +0000] "GET /wp-content/plb692e7/index.php HTTP/1.1" 301 162 "http://aceitunaslosada.com/wp-content/plb692e7/index.php" "Mozilla/5.0 (X11; Linux i686) AppleWebKit/535.2 (KHTML, like Gecko) Ubuntu/10.04 Chromium/15.0.874.106 Chrome/15.0.874.106 Safari/535.2"
204.12.208.18 - - [03/Oct/2025:09:53:03 +0000] "GET /wp-content/plb692e7/index.php HTTP/1.1" 301 162 "http://aceitunaslosada.com/wp-content/plb692e7/index.php" "Mozilla/5.0 (Macintosh; Intel Mac OS X 10_6_8) AppleWebKit/534.30 (KHTML, like Gecko) Chrome/12.0.742.112 Safari/534.30"
204.12.208.18 - - [03/Oct/2025:10:02:06 +0000] "GET /wp-content/plb692e7/index.php HTTP/1.1" 301 162 "http://aceitunaslosada.com/wp-content/plb692e7/index.php" "Mozilla/5.0 (Windows NT 5.1) AppleWebKit/535.2 (KHTML, like Gecko) Chrome/15.0.874.120 Safari/535.2"
204.12.208.18 - - [03/Oct/2025:10:02:26 +0000] "GET /wp-content/plb692e7/index.php HTTP/1.1" 301 162 "http://aceitunaslosada.com/wp-content/plb692e7/index.php" "Mozilla/5.0 (Macintosh; U; PPC Mac OS X 10_4_11; ja-jp) AppleWebKit/525.18 (KHTML, like Gecko) Version/3.1.2 Safari/525.22"
92.172.81.230 - - [03/Oct/2025:10:02:48 +0000] "GET /firma-losada/pinterest.png HTTP/1.1" 301 162 "-" "Mozilla/4.0 (compatible; ms-office; MSOffice 16)"
92.172.81.230 - - [03/Oct/2025:10:02:48 +0000] "GET /firma-losada/facebook.png HTTP/1.1" 301 162 "-" "Mozilla/4.0 (compatible; ms-office; MSOffice 16)"
92.172.81.230 - - [03/Oct/2025:10:02:48 +0000] "GET /firma-losada/twitter.png HTTP/1.1" 301 162 "-" "Mozilla/4.0 (compatible; ms-office; MSOffice 16)"
92.172.81.230 - - [03/Oct/2025:10:02:48 +0000] "GET /firma-losada/google_plus.png HTTP/1.1" 301 162 "-" "Mozilla/4.0 (compatible; ms-office; MSOffice 16)"
92.172.81.230 - - [03/Oct/2025:10:02:48 +0000] "GET /firma-losada/youtube.png HTTP/1.1" 301 162 "-" "Mozilla/4.0 (compatible; ms-office; MSOffice 16)"
92.172.81.230 - - [03/Oct/2025:10:02:48 +0000] "GET /firma-losada/logo-losada-2.jpg HTTP/1.1" 301 162 "-" "Mozilla/4.0 (compatible; ms-office; MSOffice 16)"
92.172.81.230 - - [03/Oct/2025:10:02:48 +0000] "OPTIONS /firma-losada/ HTTP/1.1" 301 162 "-" "Microsoft Office Outlook 2014"
92.172.81.230 - - [03/Oct/2025:10:02:48 +0000] "GET /firma-losada/pinterest.png HTTP/1.1" 301 162 "-" "Mozilla/4.0 (compatible; ms-office; MSOffice 16)"
92.172.81.230 - - [03/Oct/2025:10:02:48 +0000] "GET /firma-losada/logo-losada-2.jpg HTTP/1.1" 301 162 "-" "Mozilla/4.0 (compatible; ms-office; MSOffice 16)"
92.172.81.230 - - [03/Oct/2025:10:02:48 +0000] "GET /firma-losada/twitter.png HTTP/1.1" 301 162 "-" "Mozilla/4.0 (compatible; ms-office; MSOffice 16)"
92.172.81.230 - - [03/Oct/2025:10:02:48 +0000] "GET /firma-losada/google_plus.png HTTP/1.1" 301 162 "-" "Mozilla/4.0 (compatible; ms-office; MSOffice 16)"
92.172.81.230 - - [03/Oct/2025:10:02:48 +0000] "GET /firma-losada/youtube.png HTTP/1.1" 301 162 "-" "Mozilla/4.0 (compatible; ms-office; MSOffice 16)"
92.172.81.230 - - [03/Oct/2025:10:02:48 +0000] "GET /firma-losada/facebook.png HTTP/1.1" 301 162 "-" "Mozilla/4.0 (compatible; ms-office; MSOffice 16)"
204.12.208.18 - - [03/Oct/2025:10:11:32 +0000] "GET /wp-content/plb692e7/index.php HTTP/1.1" 301 162 "http://aceitunaslosada.com/wp-content/plb692e7/index.php" "Mozilla/5.0 (Macintosh; U; Intel Mac OS X 10_5_6; ja-jp) AppleWebKit/525.27.1 (KHTML, like Gecko) Version/3.2.1 Safari/525.27.1"
103.131.71.167 - - [03/Oct/2025:10:11:57 +0000] "GET /robots.txt HTTP/1.1" 301 162 "-" "Mozilla/5.0 (compatible; coccocbot-web/1.0; +http://help.coccoc.com/searchengine)"
43.173.175.118 - - [03/Oct/2025:10:18:28 +0000] "GET / HTTP/1.1" 301 162 "-" "Mozilla/5.0 (Windows NT 10.0; Win64; x64) AppleWebKit/537.36 (KHTML, like Gecko) Chrome/116.0.0.0 Safari/537.36"
204.12.208.18 - - [03/Oct/2025:10:19:44 +0000] "GET /wp-content/plb692e7/index.php HTTP/1.1" 301 162 "http://aceitunaslosada.com/wp-content/plb692e7/index.php" "Mozilla/5.0 (compatible; MSIE 10.0; Windows NT 6.2; Win64; x64; Trident/6.0)"
61.92.84.221 - - [03/Oct/2025:10:22:18 +0000] "GET /wp-json/wp/v2/posts HTTP/1.1" 301 162 "-" "Mozilla/5.0 (Windows NT 10.0; Win64; x64) AppleWebKit/537.36 (KHTML, like Gecko) Chrome/120.0.0.0 Safari/537.36"
204.12.208.18 - - [03/Oct/2025:10:28:40 +0000] "GET /wp-content/plb692e7/index.php HTTP/1.1" 301 162 "http://aceitunaslosada.com/wp-content/plb692e7/index.php" "Mozilla/5.0 (Macintosh; Intel Mac OS X 10_6_8) AppleWebKit/535.1 (KHTML, like Gecko) Chrome/13.0.782.112 Safari/535.1"