216.73.216.183 - - [02/Oct/2025:06:55:18 +0000] "GET /product/edit/A562017392?fileloc=%2Fvar%2Fwww%2Fvhosts%2Faceitunaslosada.com%2Fweb%2Fwp-content%2Fuploads%2F2020%2F10%2FIMG_0304-1630x860.jpg&path=%2Fvar%2Fwww%2Fvhosts%2Faceitunaslosada.com%2Fweb%2Fwp-content%2Fuploads%2F2020%2F10 HTTP/1.0" 200 6430 "-" "Mozilla/5.0 AppleWebKit/537.36 (KHTML, like Gecko; compatible; ClaudeBot/1.0; +claudebot@anthropic.com)"
216.73.216.183 - - [02/Oct/2025:06:55:18 +0000] "GET /product/edit/A562017392?fileloc=%2Fvar%2Fwww%2Fvhosts%2Faceitunaslosada.com%2Fweb%2Fcopia%2Fwp-content%2Fuploads%2F2020%2F10%2FIMG_0188-1280x1000.jpg&path=%2Fvar%2Fwww%2Fvhosts%2Faceitunaslosada.com%2Fweb%2Fcopia%2Fwp-content%2Fuploads%2F2020%2F10 HTTP/1.0" 200 6439 "-" "Mozilla/5.0 AppleWebKit/537.36 (KHTML, like Gecko; compatible; ClaudeBot/1.0; +claudebot@anthropic.com)"
216.73.216.183 - - [02/Oct/2025:06:55:18 +0000] "GET /product/edit/A562017392?fileloc=%2Fvar%2Fwww%2Fvhosts%2Faceitunaslosada.com%2Fweb%2Fwp-content%2Fuploads%2F2020%2F10%2FIMG_2207-1-150x150.jpg&path=%2Fvar%2Fwww%2Fvhosts%2Faceitunaslosada.com%2Fweb%2Fwp-content%2Fuploads%2F2020%2F10 HTTP/1.0" 200 6430 "-" "Mozilla/5.0 AppleWebKit/537.36 (KHTML, like Gecko; compatible; ClaudeBot/1.0; +claudebot@anthropic.com)"
216.73.216.183 - - [02/Oct/2025:06:55:18 +0000] "GET /product/edit/A562017392?fileloc=%2Fvar%2Fwww%2Fvhosts%2Faceitunaslosada.com%2Fweb%2Fwp-content%2Fuploads%2F2020%2F05%2FIMG_2057-1920x750.jpg&path=%2Fvar%2Fwww%2Fvhosts%2Faceitunaslosada.com%2Fweb%2Fwp-content%2Fuploads%2F2020%2F05 HTTP/1.0" 200 6433 "-" "Mozilla/5.0 AppleWebKit/537.36 (KHTML, like Gecko; compatible; ClaudeBot/1.0; +claudebot@anthropic.com)"
216.73.216.183 - - [02/Oct/2025:06:55:19 +0000] "GET /product/edit/A562017392?fileloc=%2Fvar%2Fwww%2Fvhosts%2Faceitunaslosada.com%2Fweb%2Fwp-content%2Fuploads%2F2020%2F10%2FIMG_2207-1920x750.jpg&path=%2Fvar%2Fwww%2Fvhosts%2Faceitunaslosada.com%2Fweb%2Fwp-content%2Fuploads%2F2020%2F10 HTTP/1.0" 200 6431 "-" "Mozilla/5.0 AppleWebKit/537.36 (KHTML, like Gecko; compatible; ClaudeBot/1.0; +claudebot@anthropic.com)"
216.73.216.183 - - [02/Oct/2025:06:55:19 +0000] "GET /product/edit/A562017392?fileloc=%2Fvar%2Fwww%2Fvhosts%2Faceitunaslosada.com%2Fweb%2Fcopia%2Fwp-content%2Fuploads%2F2020%2F10%2FIMG_0486-230x300.jpg&path=%2Fvar%2Fwww%2Fvhosts%2Faceitunaslosada.com%2Fweb%2Fcopia%2Fwp-content%2Fuploads%2F2020%2F10 HTTP/1.0" 200 6439 "-" "Mozilla/5.0 AppleWebKit/537.36 (KHTML, like Gecko; compatible; ClaudeBot/1.0; +claudebot@anthropic.com)"
18.215.49.176 - - [02/Oct/2025:06:55:19 +0000] "GET /2022/02/28/la-vie-en-rose/?fileloc=/var/www/vhosts/aceitunaslosada.com/web/wp-content/plugins/w3-total-cache/vendor/aws/aws-sdk-php/src/data/cloudfront/2018-06-18/waiters-2.json.php&path=/var/www/vhosts/aceitunaslosada.com/web/wp-content/plugins/w3-total-cache/vendor/aws/aws-sdk-php/src/data/cloudfront/2018-06-18 HTTP/1.0" 200 6787 "-" "Mozilla/5.0 AppleWebKit/537.36 (KHTML, like Gecko; compatible; Amazonbot/0.1; +https://developer.amazon.com/support/amazonbot) Chrome/119.0.6045.214 Safari/537.36"
216.73.216.183 - - [02/Oct/2025:06:55:19 +0000] "GET /product/edit/A562017392?fileloc=%2Fvar%2Fwww%2Fvhosts%2Faceitunaslosada.com%2Fweb%2Fwp-content%2Fuploads%2F2020%2F06%2F15-85x85.jpg&path=%2Fvar%2Fwww%2Fvhosts%2Faceitunaslosada.com%2Fweb%2Fwp-content%2Fuploads%2F2020%2F06 HTTP/1.0" 200 6424 "-" "Mozilla/5.0 AppleWebKit/537.36 (KHTML, like Gecko; compatible; ClaudeBot/1.0; +claudebot@anthropic.com)"
216.73.216.183 - - [02/Oct/2025:06:55:20 +0000] "GET /product/edit/A562017392?fileloc=%2Fvar%2Fwww%2Fvhosts%2Faceitunaslosada.com%2Fweb%2Fwp-content%2Fuploads%2F2020%2F07%2FIMG_9161-3.jpg&path=%2Fvar%2Fwww%2Fvhosts%2Faceitunaslosada.com%2Fweb%2Fwp-content%2Fuploads%2F2020%2F07 HTTP/1.0" 200 6427 "-" "Mozilla/5.0 AppleWebKit/537.36 (KHTML, like Gecko; compatible; ClaudeBot/1.0; +claudebot@anthropic.com)"
216.73.216.183 - - [02/Oct/2025:06:55:20 +0000] "GET /product/edit/A562017392?fileloc=%2Fvar%2Fwww%2Fvhosts%2Faceitunaslosada.com%2Fweb%2Fcopia%2Fwp-content%2Fuploads%2F2020%2F05%2F25-300x282.jpg&path=%2Fvar%2Fwww%2Fvhosts%2Faceitunaslosada.com%2Fweb%2Fcopia%2Fwp-content%2Fuploads%2F2020%2F05 HTTP/1.0" 200 6434 "-" "Mozilla/5.0 AppleWebKit/537.36 (KHTML, like Gecko; compatible; ClaudeBot/1.0; +claudebot@anthropic.com)"
216.73.216.183 - - [02/Oct/2025:06:55:20 +0000] "GET /product/edit/A562017392?fileloc=%2Fvar%2Fwww%2Fvhosts%2Faceitunaslosada.com%2Fweb%2Fwp-content%2Fuploads%2F2020%2F10%2FIMG_4949-2-768x1200.jpg&path=%2Fvar%2Fwww%2Fvhosts%2Faceitunaslosada.com%2Fweb%2Fwp-content%2Fuploads%2F2020%2F10 HTTP/1.0" 200 6433 "-" "Mozilla/5.0 AppleWebKit/537.36 (KHTML, like Gecko; compatible; ClaudeBot/1.0; +claudebot@anthropic.com)"
216.73.216.183 - - [02/Oct/2025:06:55:20 +0000] "GET /product/edit/A562017392?fileloc=%2Fvar%2Fwww%2Fvhosts%2Faceitunaslosada.com%2Fweb%2Fwp-content%2Fuploads%2F2020%2F05%2FIMG_9579-1280x1000.jpg&path=%2Fvar%2Fwww%2Fvhosts%2Faceitunaslosada.com%2Fweb%2Fwp-content%2Fuploads%2F2020%2F05 HTTP/1.0" 200 6433 "-" "Mozilla/5.0 AppleWebKit/537.36 (KHTML, like Gecko; compatible; ClaudeBot/1.0; +claudebot@anthropic.com)"
216.73.216.183 - - [02/Oct/2025:06:55:20 +0000] "GET /product/edit/A562017392?fileloc=%2Fvar%2Fwww%2Fvhosts%2Faceitunaslosada.com%2Fweb%2Fcopia%2Fwp-content%2Fuploads%2F2020%2F06%2FIMG_9594-150x150.jpg&path=%2Fvar%2Fwww%2Fvhosts%2Faceitunaslosada.com%2Fweb%2Fcopia%2Fwp-content%2Fuploads%2F2020%2F06 HTTP/1.0" 200 6440 "-" "Mozilla/5.0 AppleWebKit/537.36 (KHTML, like Gecko; compatible; ClaudeBot/1.0; +claudebot@anthropic.com)"
216.73.216.183 - - [02/Oct/2025:06:55:21 +0000] "GET /product/edit/A562017392?fileloc=%2Fvar%2Fwww%2Fvhosts%2Faceitunaslosada.com%2Fweb%2Fwp-content%2Fuploads%2F2020%2F05%2FIMG_9820-1-1280x1000.jpg&path=%2Fvar%2Fwww%2Fvhosts%2Faceitunaslosada.com%2Fweb%2Fwp-content%2Fuploads%2F2020%2F05 HTTP/1.0" 200 6434 "-" "Mozilla/5.0 AppleWebKit/537.36 (KHTML, like Gecko; compatible; ClaudeBot/1.0; +claudebot@anthropic.com)"
216.73.216.183 - - [02/Oct/2025:06:55:21 +0000] "GET /product/edit/A562017392?fileloc=%2Fvar%2Fwww%2Fvhosts%2Faceitunaslosada.com%2Fweb%2Fwp-content%2Fuploads%2F2020%2F09%2FIMG_6823-1920x750.jpg&path=%2Fvar%2Fwww%2Fvhosts%2Faceitunaslosada.com%2Fweb%2Fwp-content%2Fuploads%2F2020%2F09 HTTP/1.0" 200 6433 "-" "Mozilla/5.0 AppleWebKit/537.36 (KHTML, like Gecko; compatible; ClaudeBot/1.0; +claudebot@anthropic.com)"
216.73.216.183 - - [02/Oct/2025:06:55:21 +0000] "GET /product/edit/A562017392?fileloc=%2Fvar%2Fwww%2Fvhosts%2Faceitunaslosada.com%2Fweb%2Fcopia%2Fwp-content%2Fuploads%2F2020%2F10%2FIMG_0175-300x225.jpg&path=%2Fvar%2Fwww%2Fvhosts%2Faceitunaslosada.com%2Fweb%2Fcopia%2Fwp-content%2Fuploads%2F2020%2F10 HTTP/1.0" 200 6439 "-" "Mozilla/5.0 AppleWebKit/537.36 (KHTML, like Gecko; compatible; ClaudeBot/1.0; +claudebot@anthropic.com)"
52.7.13.143 - - [02/Oct/2025:06:55:21 +0000] "GET /2022/02/24/keep-growing-new-plantations/?path=/var/www/vhosts/aceitunaslosada.com/web/wp-content/plugins/w3-total-cache/vendor/aws/aws-sdk-php/src/GuardDuty/Exception HTTP/1.0" 200 6874 "-" "Mozilla/5.0 AppleWebKit/537.36 (KHTML, like Gecko; compatible; Amazonbot/0.1; +https://developer.amazon.com/support/amazonbot) Chrome/119.0.6045.214 Safari/537.36"
20.171.207.71 - - [02/Oct/2025:06:55:21 +0000] "GET /34647497?path=/var/www/vhosts/aceitunaslosada.com/web/images/images/images/images/images HTTP/1.0" 200 6945 "-" "Mozilla/5.0 AppleWebKit/537.36 (KHTML, like Gecko; compatible; GPTBot/1.2; +https://openai.com/gptbot)"
216.73.216.183 - - [02/Oct/2025:06:55:22 +0000] "GET /product/edit/A562017392?fileloc=%2Fvar%2Fwww%2Fvhosts%2Faceitunaslosada.com%2Fweb%2Fcopia%2Fwp-content%2Fuploads%2F2020%2F07%2FIMG_9161-3-1024x768.jpg&path=%2Fvar%2Fwww%2Fvhosts%2Faceitunaslosada.com%2Fweb%2Fcopia%2Fwp-content%2Fuploads%2F2020%2F07 HTTP/1.0" 200 6444 "-" "Mozilla/5.0 AppleWebKit/537.36 (KHTML, like Gecko; compatible; ClaudeBot/1.0; +claudebot@anthropic.com)"
216.73.216.183 - - [02/Oct/2025:06:55:22 +0000] "GET /product/edit/A562017392?fileloc=%2Fvar%2Fwww%2Fvhosts%2Faceitunaslosada.com%2Fweb%2Fwp-content%2Fuploads%2F2020%2F10%2FMARIDAJE-ARBEQUINA-1630x860.jpg&path=%2Fvar%2Fwww%2Fvhosts%2Faceitunaslosada.com%2Fweb%2Fwp-content%2Fuploads%2F2020%2F10 HTTP/1.0" 200 6442 "-" "Mozilla/5.0 AppleWebKit/537.36 (KHTML, like Gecko; compatible; ClaudeBot/1.0; +claudebot@anthropic.com)"
216.73.216.183 - - [02/Oct/2025:06:55:22 +0000] "GET /product/edit/A562017392?fileloc=%2Fvar%2Fwww%2Fvhosts%2Faceitunaslosada.com%2Fweb%2Fcopia%2Fwp-content%2Fuploads%2F2020%2F07%2F5047-1280x1000.jpg&path=%2Fvar%2Fwww%2Fvhosts%2Faceitunaslosada.com%2Fweb%2Fcopia%2Fwp-content%2Fuploads%2F2020%2F07 HTTP/1.0" 200 6438 "-" "Mozilla/5.0 AppleWebKit/537.36 (KHTML, like Gecko; compatible; ClaudeBot/1.0; +claudebot@anthropic.com)"
216.73.216.183 - - [02/Oct/2025:06:55:22 +0000] "GET /product/edit/A562017392?fileloc=%2Fvar%2Fwww%2Fvhosts%2Faceitunaslosada.com%2Fweb%2Fwp-content%2Fuploads%2F2020%2F05%2FIMG_6315-1280x1000.jpg&path=%2Fvar%2Fwww%2Fvhosts%2Faceitunaslosada.com%2Fweb%2Fwp-content%2Fuploads%2F2020%2F05 HTTP/1.0" 200 6432 "-" "Mozilla/5.0 AppleWebKit/537.36 (KHTML, like Gecko; compatible; ClaudeBot/1.0; +claudebot@anthropic.com)"
216.73.216.183 - - [02/Oct/2025:06:55:22 +0000] "GET /product/edit/A562017392?fileloc=%2Fvar%2Fwww%2Fvhosts%2Faceitunaslosada.com%2Fweb%2Fcopia%2Fwp-content%2Fuploads%2F2020%2F10%2FIMG_3212-1-1200x675.jpg&path=%2Fvar%2Fwww%2Fvhosts%2Faceitunaslosada.com%2Fweb%2Fcopia%2Fwp-content%2Fuploads%2F2020%2F10 HTTP/1.0" 200 6442 "-" "Mozilla/5.0 AppleWebKit/537.36 (KHTML, like Gecko; compatible; ClaudeBot/1.0; +claudebot@anthropic.com)"
216.73.216.183 - - [02/Oct/2025:06:55:23 +0000] "GET /product/edit/A562017392?fileloc=%2Fvar%2Fwww%2Fvhosts%2Faceitunaslosada.com%2Fweb%2Fwp-content%2Fuploads%2F2020%2F06%2F19-85x85.jpg&path=%2Fvar%2Fwww%2Fvhosts%2Faceitunaslosada.com%2Fweb%2Fwp-content%2Fuploads%2F2020%2F06 HTTP/1.0" 200 6423 "-" "Mozilla/5.0 AppleWebKit/537.36 (KHTML, like Gecko; compatible; ClaudeBot/1.0; +claudebot@anthropic.com)"
20.171.207.71 - - [02/Oct/2025:06:55:23 +0000] "GET /84597657?path=/var/www/vhosts/aceitunaslosada.com/web/images/images/images/images/images/images HTTP/1.0" 200 6881 "-" "Mozilla/5.0 AppleWebKit/537.36 (KHTML, like Gecko; compatible; GPTBot/1.2; +https://openai.com/gptbot)"
216.73.216.183 - - [02/Oct/2025:06:55:23 +0000] "GET /product/edit/A562017392?fileloc=%2Fvar%2Fwww%2Fvhosts%2Faceitunaslosada.com%2Fweb%2Fcopia%2Fwp-content%2Fuploads%2F2020%2F10%2FIMG_0208-1536x2048.jpg&path=%2Fvar%2Fwww%2Fvhosts%2Faceitunaslosada.com%2Fweb%2Fcopia%2Fwp-content%2Fuploads%2F2020%2F10 HTTP/1.0" 200 6440 "-" "Mozilla/5.0 AppleWebKit/537.36 (KHTML, like Gecko; compatible; ClaudeBot/1.0; +claudebot@anthropic.com)"
216.73.216.183 - - [02/Oct/2025:06:55:23 +0000] "GET /product/edit/A562017392?fileloc=%2Fvar%2Fwww%2Fvhosts%2Faceitunaslosada.com%2Fweb%2Fwp-content%2Fuploads%2F2020%2F05%2FIMG_9639-1-1536x864.jpg&path=%2Fvar%2Fwww%2Fvhosts%2Faceitunaslosada.com%2Fweb%2Fwp-content%2Fuploads%2F2020%2F05 HTTP/1.0" 200 6434 "-" "Mozilla/5.0 AppleWebKit/537.36 (KHTML, like Gecko; compatible; ClaudeBot/1.0; +claudebot@anthropic.com)"
216.73.216.183 - - [02/Oct/2025:06:55:24 +0000] "GET /product/edit/A562017392?fileloc=%2Fvar%2Fwww%2Fvhosts%2Faceitunaslosada.com%2Fweb%2Fwp-content%2Fuploads%2F2020%2F05%2FIMG_3451-scaled-300x300.jpg&path=%2Fvar%2Fwww%2Fvhosts%2Faceitunaslosada.com%2Fweb%2Fwp-content%2Fuploads%2F2020%2F05 HTTP/1.0" 200 6435 "-" "Mozilla/5.0 AppleWebKit/537.36 (KHTML, like Gecko; compatible; ClaudeBot/1.0; +claudebot@anthropic.com)"
216.73.216.183 - - [02/Oct/2025:06:55:24 +0000] "GET /product/edit/A562017392?fileloc=%2Fvar%2Fwww%2Fvhosts%2Faceitunaslosada.com%2Fweb%2Fwp-content%2Fuploads%2F2020%2F05%2FIMG_4576-150x150.jpg&path=%2Fvar%2Fwww%2Fvhosts%2Faceitunaslosada.com%2Fweb%2Fwp-content%2Fuploads%2F2020%2F05 HTTP/1.0" 200 6431 "-" "Mozilla/5.0 AppleWebKit/537.36 (KHTML, like Gecko; compatible; ClaudeBot/1.0; +claudebot@anthropic.com)"
216.73.216.183 - - [02/Oct/2025:06:55:24 +0000] "GET /product/edit/A562017392?fileloc=%2Fvar%2Fwww%2Fvhosts%2Faceitunaslosada.com%2Fweb%2Fcopia%2Fwp-content%2Fuploads%2F2020%2F07%2F22-1414x750.jpg&path=%2Fvar%2Fwww%2Fvhosts%2Faceitunaslosada.com%2Fweb%2Fcopia%2Fwp-content%2Fuploads%2F2020%2F07 HTTP/1.0" 200 6436 "-" "Mozilla/5.0 AppleWebKit/537.36 (KHTML, like Gecko; compatible; ClaudeBot/1.0; +claudebot@anthropic.com)"
216.73.216.183 - - [02/Oct/2025:06:55:24 +0000] "GET /product/edit/A562017392?fileloc=%2Fvar%2Fwww%2Fvhosts%2Faceitunaslosada.com%2Fweb%2Fcopia%2Fwp-content%2Fuploads%2F2020%2F10%2FIMG_0297-150x150.jpg&path=%2Fvar%2Fwww%2Fvhosts%2Faceitunaslosada.com%2Fweb%2Fcopia%2Fwp-content%2Fuploads%2F2020%2F10 HTTP/1.0" 200 6438 "-" "Mozilla/5.0 AppleWebKit/537.36 (KHTML, like Gecko; compatible; ClaudeBot/1.0; +claudebot@anthropic.com)"
20.171.207.71 - - [02/Oct/2025:06:55:25 +0000] "GET /81173192?path=/var/www/vhosts/aceitunaslosada.com/web/images HTTP/1.0" 200 6789 "-" "Mozilla/5.0 AppleWebKit/537.36 (KHTML, like Gecko; compatible; GPTBot/1.2; +https://openai.com/gptbot)"
216.73.216.183 - - [02/Oct/2025:06:55:25 +0000] "GET /product/edit/A562017392?fileloc=%2Fvar%2Fwww%2Fvhosts%2Faceitunaslosada.com%2Fweb%2Fcopia%2Fwp-content%2Fuploads%2F2020%2F10%2Fempeltre2-38x50.jpg&path=%2Fvar%2Fwww%2Fvhosts%2Faceitunaslosada.com%2Fweb%2Fcopia%2Fwp-content%2Fuploads%2F2020%2F10 HTTP/1.0" 200 6436 "-" "Mozilla/5.0 AppleWebKit/537.36 (KHTML, like Gecko; compatible; ClaudeBot/1.0; +claudebot@anthropic.com)"
216.73.216.183 - - [02/Oct/2025:06:55:25 +0000] "GET /product/edit/A562017392?fileloc=%2Fvar%2Fwww%2Fvhosts%2Faceitunaslosada.com%2Fweb%2Fwp-content%2Fuploads%2F2020%2F10%2FIMG_0257-80x80.jpg&path=%2Fvar%2Fwww%2Fvhosts%2Faceitunaslosada.com%2Fweb%2Fwp-content%2Fuploads%2F2020%2F10 HTTP/1.0" 200 6428 "-" "Mozilla/5.0 AppleWebKit/537.36 (KHTML, like Gecko; compatible; ClaudeBot/1.0; +claudebot@anthropic.com)"
216.73.216.183 - - [02/Oct/2025:06:55:25 +0000] "GET /product/edit/A562017392?fileloc=%2Fvar%2Fwww%2Fvhosts%2Faceitunaslosada.com%2Fweb%2Fwp-content%2Fuploads%2F2020%2F05%2Fthumb_IMG_9542_1024.jpg&path=%2Fvar%2Fwww%2Fvhosts%2Faceitunaslosada.com%2Fweb%2Fwp-content%2Fuploads%2F2020%2F05 HTTP/1.0" 200 6434 "-" "Mozilla/5.0 AppleWebKit/537.36 (KHTML, like Gecko; compatible; ClaudeBot/1.0; +claudebot@anthropic.com)"
216.73.216.183 - - [02/Oct/2025:06:55:25 +0000] "GET /product/edit/A562017392?fileloc=%2Fvar%2Fwww%2Fvhosts%2Faceitunaslosada.com%2Fweb%2Fwp-content%2Fuploads%2F2020%2F07%2FIMG_8462-1024x768.jpg&path=%2Fvar%2Fwww%2Fvhosts%2Faceitunaslosada.com%2Fweb%2Fwp-content%2Fuploads%2F2020%2F07 HTTP/1.0" 200 6433 "-" "Mozilla/5.0 AppleWebKit/537.36 (KHTML, like Gecko; compatible; ClaudeBot/1.0; +claudebot@anthropic.com)"
98.82.63.147 - - [02/Oct/2025:06:55:25 +0000] "GET /producto/aceituna-gordal-rellena-de-ajo/?path=/var/www/vhosts/aceitunaslosada.com/web/copia/wp-content/plugins/broken-link-checker/images HTTP/1.0" 200 7206 "-" "Mozilla/5.0 AppleWebKit/537.36 (KHTML, like Gecko; compatible; Amazonbot/0.1; +https://developer.amazon.com/support/amazonbot) Chrome/119.0.6045.214 Safari/537.36"
216.73.216.183 - - [02/Oct/2025:06:55:26 +0000] "GET /product/edit/A562017392?fileloc=%2Fvar%2Fwww%2Fvhosts%2Faceitunaslosada.com%2Fweb%2Fcopia%2Fwp-content%2Fuploads%2F2020%2F07%2FEQUIPO1-3-1280x500.jpg&path=%2Fvar%2Fwww%2Fvhosts%2Faceitunaslosada.com%2Fweb%2Fcopia%2Fwp-content%2Fuploads%2F2020%2F07 HTTP/1.0" 200 6443 "-" "Mozilla/5.0 AppleWebKit/537.36 (KHTML, like Gecko; compatible; ClaudeBot/1.0; +claudebot@anthropic.com)"
216.73.216.183 - - [02/Oct/2025:06:55:26 +0000] "GET /product/edit/A562017392?fileloc=%2Fvar%2Fwww%2Fvhosts%2Faceitunaslosada.com%2Fweb%2Fwp-content%2Fuploads%2F2020%2F05%2FIMG_9591-1-1920x750.jpg&path=%2Fvar%2Fwww%2Fvhosts%2Faceitunaslosada.com%2Fweb%2Fwp-content%2Fuploads%2F2020%2F05 HTTP/1.0" 200 6434 "-" "Mozilla/5.0 AppleWebKit/537.36 (KHTML, like Gecko; compatible; ClaudeBot/1.0; +claudebot@anthropic.com)"
20.171.207.71 - - [02/Oct/2025:06:55:26 +0000] "GET /83978324?path=/var/www/vhosts/aceitunaslosada.com/web/images HTTP/1.0" 200 6789 "-" "Mozilla/5.0 AppleWebKit/537.36 (KHTML, like Gecko; compatible; GPTBot/1.2; +https://openai.com/gptbot)"
216.73.216.183 - - [02/Oct/2025:06:55:26 +0000] "GET /product/edit/A562017392?fileloc=%2Fvar%2Fwww%2Fvhosts%2Faceitunaslosada.com%2Fweb%2Fcopia%2Fwp-content%2Fuploads%2F2020%2F07%2FELENA-RANDO-848x500.jpg&path=%2Fvar%2Fwww%2Fvhosts%2Faceitunaslosada.com%2Fweb%2Fcopia%2Fwp-content%2Fuploads%2F2020%2F07 HTTP/1.0" 200 6445 "-" "Mozilla/5.0 AppleWebKit/537.36 (KHTML, like Gecko; compatible; ClaudeBot/1.0; +claudebot@anthropic.com)"
216.73.216.183 - - [02/Oct/2025:06:55:26 +0000] "GET /product/edit/A562017392?fileloc=%2Fvar%2Fwww%2Fvhosts%2Faceitunaslosada.com%2Fweb%2Fwp-content%2Fuploads%2F2020%2F05%2FIMG_4579-150x150.jpg&path=%2Fvar%2Fwww%2Fvhosts%2Faceitunaslosada.com%2Fweb%2Fwp-content%2Fuploads%2F2020%2F05 HTTP/1.0" 200 6431 "-" "Mozilla/5.0 AppleWebKit/537.36 (KHTML, like Gecko; compatible; ClaudeBot/1.0; +claudebot@anthropic.com)"
216.73.216.183 - - [02/Oct/2025:06:55:27 +0000] "GET /product/edit/A562017392?fileloc=%2Fvar%2Fwww%2Fvhosts%2Faceitunaslosada.com%2Fweb%2Fcopia%2Fwp-content%2Fuploads%2F2020%2F10%2Fzz-3-1536x1152.jpg&path=%2Fvar%2Fwww%2Fvhosts%2Faceitunaslosada.com%2Fweb%2Fcopia%2Fwp-content%2Fuploads%2F2020%2F10 HTTP/1.0" 200 6436 "-" "Mozilla/5.0 AppleWebKit/537.36 (KHTML, like Gecko; compatible; ClaudeBot/1.0; +claudebot@anthropic.com)"
216.73.216.183 - - [02/Oct/2025:06:55:27 +0000] "GET /product/edit/A562017392?fileloc=%2Fvar%2Fwww%2Fvhosts%2Faceitunaslosada.com%2Fweb%2Fwp-content%2Fuploads%2F2020%2F05%2F7.-PICO-LIMON-38x50.jpg&path=%2Fvar%2Fwww%2Fvhosts%2Faceitunaslosada.com%2Fweb%2Fwp-content%2Fuploads%2F2020%2F05 HTTP/1.0" 200 6436 "-" "Mozilla/5.0 AppleWebKit/537.36 (KHTML, like Gecko; compatible; ClaudeBot/1.0; +claudebot@anthropic.com)"
216.73.216.183 - - [02/Oct/2025:06:55:27 +0000] "GET /product/edit/A562017392?fileloc=%2Fvar%2Fwww%2Fvhosts%2Faceitunaslosada.com%2Fweb%2Fwp-content%2Fuploads%2F2020%2F05%2FIMG_4493-150x150.jpg&path=%2Fvar%2Fwww%2Fvhosts%2Faceitunaslosada.com%2Fweb%2Fwp-content%2Fuploads%2F2020%2F05 HTTP/1.0" 200 6431 "-" "Mozilla/5.0 AppleWebKit/537.36 (KHTML, like Gecko; compatible; ClaudeBot/1.0; +claudebot@anthropic.com)"
216.73.216.183 - - [02/Oct/2025:06:55:28 +0000] "GET /product/edit/A562017392?fileloc=%2Fvar%2Fwww%2Fvhosts%2Faceitunaslosada.com%2Fweb%2Fcopia%2Fwp-content%2Fuploads%2F2020%2F10%2FIMG_0297-1920x750.jpg&path=%2Fvar%2Fwww%2Fvhosts%2Faceitunaslosada.com%2Fweb%2Fcopia%2Fwp-content%2Fuploads%2F2020%2F10 HTTP/1.0" 200 6440 "-" "Mozilla/5.0 AppleWebKit/537.36 (KHTML, like Gecko; compatible; ClaudeBot/1.0; +claudebot@anthropic.com)"
66.249.79.8 - - [02/Oct/2025:06:55:28 +0000] "GET /2109540593?items=2106847198 HTTP/1.0" 200 24652 "-" "Mozilla/5.0 (Linux; Android 6.0.1; Nexus 5X Build/MMB29P) AppleWebKit/537.36 (KHTML, like Gecko) Chrome/140.0.7339.207 Mobile Safari/537.36 (compatible; Googlebot/2.1; +http://www.google.com/bot.html)"
66.249.79.2 - - [02/Oct/2025:06:55:28 +0000] "GET /282839944?items=0282479502 HTTP/1.0" 200 24001 "-" "Mozilla/5.0 (Linux; Android 6.0.1; Nexus 5X Build/MMB29P) AppleWebKit/537.36 (KHTML, like Gecko) Chrome/140.0.7339.207 Mobile Safari/537.36 (compatible; Googlebot/2.1; +http://www.google.com/bot.html)"
216.73.216.183 - - [02/Oct/2025:06:55:28 +0000] "GET /product/edit/A562017392?fileloc=%2Fvar%2Fwww%2Fvhosts%2Faceitunaslosada.com%2Fweb%2Fwp-content%2Fuploads%2F2020%2F05%2FIMG_2050-56x75.jpg&path=%2Fvar%2Fwww%2Fvhosts%2Faceitunaslosada.com%2Fweb%2Fwp-content%2Fuploads%2F2020%2F05 HTTP/1.0" 200 6423 "-" "Mozilla/5.0 AppleWebKit/537.36 (KHTML, like Gecko; compatible; ClaudeBot/1.0; +claudebot@anthropic.com)"
216.73.216.183 - - [02/Oct/2025:06:55:28 +0000] "GET /product/edit/A562017392?fileloc=%2Fvar%2Fwww%2Fvhosts%2Faceitunaslosada.com%2Fweb%2Fcopia%2Fwp-content%2Fuploads%2F2020%2F07%2FIMG_1967-1280x1000.jpg&path=%2Fvar%2Fwww%2Fvhosts%2Faceitunaslosada.com%2Fweb%2Fcopia%2Fwp-content%2Fuploads%2F2020%2F07 HTTP/1.0" 200 6442 "-" "Mozilla/5.0 AppleWebKit/537.36 (KHTML, like Gecko; compatible; ClaudeBot/1.0; +claudebot@anthropic.com)"
66.249.79.8 - - [02/Oct/2025:06:55:28 +0000] "GET /80701483?items=0080599198 HTTP/1.0" 200 24483 "-" "Mozilla/5.0 (Linux; Android 6.0.1; Nexus 5X Build/MMB29P) AppleWebKit/537.36 (KHTML, like Gecko) Chrome/140.0.7339.207 Mobile Safari/537.36 (compatible; Googlebot/2.1; +http://www.google.com/bot.html)"
216.73.216.183 - - [02/Oct/2025:06:55:29 +0000] "GET /product/edit/A562017392?fileloc=%2Fvar%2Fwww%2Fvhosts%2Faceitunaslosada.com%2Fweb%2Fcopia%2Fwp-content%2Fuploads%2F2020%2F10%2FCUQUILLO-1280x500.jpg&path=%2Fvar%2Fwww%2Fvhosts%2Faceitunaslosada.com%2Fweb%2Fcopia%2Fwp-content%2Fuploads%2F2020%2F10 HTTP/1.0" 200 6441 "-" "Mozilla/5.0 AppleWebKit/537.36 (KHTML, like Gecko; compatible; ClaudeBot/1.0; +claudebot@anthropic.com)"
216.73.216.183 - - [02/Oct/2025:06:55:29 +0000] "GET /product/edit/A562017392?fileloc=%2Fvar%2Fwww%2Fvhosts%2Faceitunaslosada.com%2Fweb%2Fwp-content%2Fuploads%2F2020%2F07%2F27-768x1086.jpg&path=%2Fvar%2Fwww%2Fvhosts%2Faceitunaslosada.com%2Fweb%2Fwp-content%2Fuploads%2F2020%2F07 HTTP/1.0" 200 6427 "-" "Mozilla/5.0 AppleWebKit/537.36 (KHTML, like Gecko; compatible; ClaudeBot/1.0; +claudebot@anthropic.com)"
3.224.104.67 - - [02/Oct/2025:06:55:29 +0000] "GET /2022/04/04/zorzalena-variety-unique-things-are-often-difficult-to-discover/?path=/var/www/vhosts/aceitunaslosada.com/web/wp-content/plugins/w3-total-cache/vendor/aws/aws-sdk-php/src/data/apigateway HTTP/1.0" 200 6886 "-" "Mozilla/5.0 AppleWebKit/537.36 (KHTML, like Gecko; compatible; Amazonbot/0.1; +https://developer.amazon.com/support/amazonbot) Chrome/119.0.6045.214 Safari/537.36"
216.73.216.183 - - [02/Oct/2025:06:55:29 +0000] "GET /product/edit/A562017392?fileloc=%2Fvar%2Fwww%2Fvhosts%2Faceitunaslosada.com%2Fweb%2Fwp-content%2Fuploads%2F2020%2F05%2FIMG_4357-1280x500.jpg&path=%2Fvar%2Fwww%2Fvhosts%2Faceitunaslosada.com%2Fweb%2Fwp-content%2Fuploads%2F2020%2F05 HTTP/1.0" 200 6433 "-" "Mozilla/5.0 AppleWebKit/537.36 (KHTML, like Gecko; compatible; ClaudeBot/1.0; +claudebot@anthropic.com)"
216.73.216.183 - - [02/Oct/2025:06:55:29 +0000] "GET /product/edit/A562017392?fileloc=%2Fvar%2Fwww%2Fvhosts%2Faceitunaslosada.com%2Fweb%2Fwp-content%2Fuploads%2F2020%2F10%2FIMG_2207-150x150.jpg&path=%2Fvar%2Fwww%2Fvhosts%2Faceitunaslosada.com%2Fweb%2Fwp-content%2Fuploads%2F2020%2F10 HTTP/1.0" 200 6429 "-" "Mozilla/5.0 AppleWebKit/537.36 (KHTML, like Gecko; compatible; ClaudeBot/1.0; +claudebot@anthropic.com)"
173.208.176.202 - - [02/Oct/2025:06:54:05 +0000] "GET /wp-content/plb692e7/index.php?id=739135 HTTP/1.0" 200 3528 "-" "GuzzleHttp/7"
216.73.216.183 - - [02/Oct/2025:06:55:31 +0000] "GET /product/edit/A562017392?fileloc=%2Fvar%2Fwww%2Fvhosts%2Faceitunaslosada.com%2Fweb%2Fwp-content%2Fuploads%2F2020%2F07%2FIMG_1842-1.jpg&path=%2Fvar%2Fwww%2Fvhosts%2Faceitunaslosada.com%2Fweb%2Fwp-content%2Fuploads%2F2020%2F07 HTTP/1.0" 200 6426 "-" "Mozilla/5.0 AppleWebKit/537.36 (KHTML, like Gecko; compatible; ClaudeBot/1.0; +claudebot@anthropic.com)"
216.73.216.183 - - [02/Oct/2025:06:55:31 +0000] "GET /product/edit/A562017392?fileloc=%2Fvar%2Fwww%2Fvhosts%2Faceitunaslosada.com%2Fweb%2Fcopia%2Fwp-content%2Fuploads%2F2020%2F10%2FIMG_0246-38x50.jpg&path=%2Fvar%2Fwww%2Fvhosts%2Faceitunaslosada.com%2Fweb%2Fcopia%2Fwp-content%2Fuploads%2F2020%2F10 HTTP/1.0" 200 6438 "-" "Mozilla/5.0 AppleWebKit/537.36 (KHTML, like Gecko; compatible; ClaudeBot/1.0; +claudebot@anthropic.com)"
216.73.216.183 - - [02/Oct/2025:06:55:32 +0000] "GET /product/edit/A562017392?fileloc=%2Fvar%2Fwww%2Fvhosts%2Faceitunaslosada.com%2Fweb%2Fwp-content%2Fuploads%2F2020%2F05%2FIMG_9612-1-1280x1000.jpg&path=%2Fvar%2Fwww%2Fvhosts%2Faceitunaslosada.com%2Fweb%2Fwp-content%2Fuploads%2F2020%2F05 HTTP/1.0" 200 6434 "-" "Mozilla/5.0 AppleWebKit/537.36 (KHTML, like Gecko; compatible; ClaudeBot/1.0; +claudebot@anthropic.com)"
216.73.216.183 - - [02/Oct/2025:06:55:33 +0000] "GET /product/edit/A562017392?fileloc=%2Fvar%2Fwww%2Fvhosts%2Faceitunaslosada.com%2Fweb%2Fwp-content%2Fuploads%2F2020%2F05%2FIMG_9543-1630x860.jpg&path=%2Fvar%2Fwww%2Fvhosts%2Faceitunaslosada.com%2Fweb%2Fwp-content%2Fuploads%2F2020%2F05 HTTP/1.0" 200 6432 "-" "Mozilla/5.0 AppleWebKit/537.36 (KHTML, like Gecko; compatible; ClaudeBot/1.0; +claudebot@anthropic.com)"
20.171.207.20 - - [02/Oct/2025:06:55:33 +0000] "GET /trade282001499.html?fileloc=/var/www/vhosts/aceitunaslosada.com/web/google722af835742a9b4d.html&path=/var/www/vhosts/aceitunaslosada.com/web HTTP/1.0" 200 6395 "-" "Mozilla/5.0 AppleWebKit/537.36 (KHTML, like Gecko; compatible; GPTBot/1.2; +https://openai.com/gptbot)"
35.171.117.160 - - [02/Oct/2025:06:55:33 +0000] "GET /producto/aceituna-cornicabra-natural-2/?fileloc=/var/www/vhosts/aceitunaslosada.com/web/copia/wp-content/plugins/w3-total-cache/lib/Aws/Aws/data/cloudfront/2018-06-18/.htaccess&path=/var/www/vhosts/aceitunaslosada.com/web/copia/wp-content/plugins/w3-total-cache/lib/Aws/Aws/data/cloudfront/2018-06-18 HTTP/1.0" 200 6572 "-" "Mozilla/5.0 AppleWebKit/537.36 (KHTML, like Gecko; compatible; Amazonbot/0.1; +https://developer.amazon.com/support/amazonbot) Chrome/119.0.6045.214 Safari/537.36"
216.73.216.183 - - [02/Oct/2025:06:55:33 +0000] "GET /product/edit/A562017392?fileloc=%2Fvar%2Fwww%2Fvhosts%2Faceitunaslosada.com%2Fweb%2Fcopia%2Fwp-content%2Fuploads%2F2020%2F10%2FIMG_0297-1-150x150.jpg&path=%2Fvar%2Fwww%2Fvhosts%2Faceitunaslosada.com%2Fweb%2Fcopia%2Fwp-content%2Fuploads%2F2020%2F10 HTTP/1.0" 200 6440 "-" "Mozilla/5.0 AppleWebKit/537.36 (KHTML, like Gecko; compatible; ClaudeBot/1.0; +claudebot@anthropic.com)"
216.73.216.183 - - [02/Oct/2025:06:55:34 +0000] "GET /product/edit/A562017392?fileloc=%2Fvar%2Fwww%2Fvhosts%2Faceitunaslosada.com%2Fweb%2Fcopia%2Fwp-content%2Fuploads%2F2020%2F06%2FIMG_9591-2-1024x576.jpg&path=%2Fvar%2Fwww%2Fvhosts%2Faceitunaslosada.com%2Fweb%2Fcopia%2Fwp-content%2Fuploads%2F2020%2F06 HTTP/1.0" 200 6444 "-" "Mozilla/5.0 AppleWebKit/537.36 (KHTML, like Gecko; compatible; ClaudeBot/1.0; +claudebot@anthropic.com)"
216.73.216.183 - - [02/Oct/2025:06:55:34 +0000] "GET /product/edit/A562017392?fileloc=%2Fvar%2Fwww%2Fvhosts%2Faceitunaslosada.com%2Fweb%2Fcopia%2Fwp-content%2Fuploads%2F2020%2F06%2FIMG_9579-1280x1000.jpg&path=%2Fvar%2Fwww%2Fvhosts%2Faceitunaslosada.com%2Fweb%2Fcopia%2Fwp-content%2Fuploads%2F2020%2F06 HTTP/1.0" 200 6443 "-" "Mozilla/5.0 AppleWebKit/537.36 (KHTML, like Gecko; compatible; ClaudeBot/1.0; +claudebot@anthropic.com)"
216.73.216.183 - - [02/Oct/2025:06:55:34 +0000] "GET /product/edit/A562017392?fileloc=%2Fvar%2Fwww%2Fvhosts%2Faceitunaslosada.com%2Fweb%2Fwp-content%2Fuploads%2F2020%2F05%2FIMG_3522-56x75.jpg&path=%2Fvar%2Fwww%2Fvhosts%2Faceitunaslosada.com%2Fweb%2Fwp-content%2Fuploads%2F2020%2F05 HTTP/1.0" 200 6431 "-" "Mozilla/5.0 AppleWebKit/537.36 (KHTML, like Gecko; compatible; ClaudeBot/1.0; +claudebot@anthropic.com)"
82.223.111.37 - - [02/Oct/2025:06:53:37 +0000] "GET /wp-admin/maint/maint/index.php?ARRAY=7o2230223n313735393339313631372p2231223n22687474703n5p2s5p2s7n7335363476313373752r616p746s742r696r6o5p2s3s6p633q7068705s636s64655s6n6326743q313735393338383031372q6564643364656637343033386238656338626364383564333631626131376365222p2232223n226437366230366233623139343931333735646233386339306239623066633136222p2233223n223731646463356237356163613834316238313530363431333838396238346630222p226175746s5s66696p655s6r616q65223n6r756p6p2p226175746s5s70617373223n6r756p6p2p2262696r675s70617373223n2232332q34322q35362q37302q37332q38352q3139227q HTTP/1.0" 504 3843 "-" "-"
66.249.79.8 - - [02/Oct/2025:06:55:34 +0000] "GET /503944295?items=0503301470 HTTP/1.0" 200 27083 "-" "Mozilla/5.0 (Linux; Android 6.0.1; Nexus 5X Build/MMB29P) AppleWebKit/537.36 (KHTML, like Gecko) Chrome/140.0.7339.207 Mobile Safari/537.36 (compatible; Googlebot/2.1; +http://www.google.com/bot.html)"
216.73.216.183 - - [02/Oct/2025:06:55:35 +0000] "GET /product/edit/A562017392?fileloc=%2Fvar%2Fwww%2Fvhosts%2Faceitunaslosada.com%2Fweb%2Fwp-content%2Fuploads%2F2020%2F10%2Fshutterstock_335916854.jpg&path=%2Fvar%2Fwww%2Fvhosts%2Faceitunaslosada.com%2Fweb%2Fwp-content%2Fuploads%2F2020%2F10 HTTP/1.0" 200 6432 "-" "Mozilla/5.0 AppleWebKit/537.36 (KHTML, like Gecko; compatible; ClaudeBot/1.0; +claudebot@anthropic.com)"
216.73.216.183 - - [02/Oct/2025:06:55:35 +0000] "GET /product/edit/A562017392?fileloc=%2Fvar%2Fwww%2Fvhosts%2Faceitunaslosada.com%2Fweb%2Fwp-content%2Fuploads%2F2020%2F10%2FIMG_0304-960x720.jpg&path=%2Fvar%2Fwww%2Fvhosts%2Faceitunaslosada.com%2Fweb%2Fwp-content%2Fuploads%2F2020%2F10 HTTP/1.0" 200 6430 "-" "Mozilla/5.0 AppleWebKit/537.36 (KHTML, like Gecko; compatible; ClaudeBot/1.0; +claudebot@anthropic.com)"
20.171.207.20 - - [02/Oct/2025:06:55:35 +0000] "GET /agree052026281.html?fileloc=/var/www/vhosts/aceitunaslosada.com/web/google722af835742a9b4d.html&path=/var/www/vhosts/aceitunaslosada.com/web HTTP/1.0" 200 6395 "-" "Mozilla/5.0 AppleWebKit/537.36 (KHTML, like Gecko; compatible; GPTBot/1.2; +https://openai.com/gptbot)"
216.73.216.183 - - [02/Oct/2025:06:55:36 +0000] "GET /product/edit/A562017392?fileloc=%2Fvar%2Fwww%2Fvhosts%2Faceitunaslosada.com%2Fweb%2Fwp-content%2Fuploads%2F2020%2F05%2FIMG_2038-1200x675.jpg&path=%2Fvar%2Fwww%2Fvhosts%2Faceitunaslosada.com%2Fweb%2Fwp-content%2Fuploads%2F2020%2F05 HTTP/1.0" 200 6433 "-" "Mozilla/5.0 AppleWebKit/537.36 (KHTML, like Gecko; compatible; ClaudeBot/1.0; +claudebot@anthropic.com)"
216.73.216.183 - - [02/Oct/2025:06:55:36 +0000] "GET /product/edit/A562017392?fileloc=%2Fvar%2Fwww%2Fvhosts%2Faceitunaslosada.com%2Fweb%2Fwp-content%2Fuploads%2F2020%2F05%2FIMG_9570-copia-50x28.jpg&path=%2Fvar%2Fwww%2Fvhosts%2Faceitunaslosada.com%2Fweb%2Fwp-content%2Fuploads%2F2020%2F05 HTTP/1.0" 200 6434 "-" "Mozilla/5.0 AppleWebKit/537.36 (KHTML, like Gecko; compatible; ClaudeBot/1.0; +claudebot@anthropic.com)"
216.73.216.183 - - [02/Oct/2025:06:55:36 +0000] "GET /product/edit/A562017392?fileloc=%2Fvar%2Fwww%2Fvhosts%2Faceitunaslosada.com%2Fweb%2Fwp-content%2Fuploads%2F2020%2F05%2FIMG_4573-1-300x200.jpg&path=%2Fvar%2Fwww%2Fvhosts%2Faceitunaslosada.com%2Fweb%2Fwp-content%2Fuploads%2F2020%2F05 HTTP/1.0" 200 6433 "-" "Mozilla/5.0 AppleWebKit/537.36 (KHTML, like Gecko; compatible; ClaudeBot/1.0; +claudebot@anthropic.com)"
216.73.216.183 - - [02/Oct/2025:06:55:37 +0000] "GET /product/edit/A562017392?fileloc=%2Fvar%2Fwww%2Fvhosts%2Faceitunaslosada.com%2Fweb%2Fcopia%2Fwp-content%2Fuploads%2F2020%2F10%2FIMG_0212-300x225.jpg&path=%2Fvar%2Fwww%2Fvhosts%2Faceitunaslosada.com%2Fweb%2Fcopia%2Fwp-content%2Fuploads%2F2020%2F10 HTTP/1.0" 200 6439 "-" "Mozilla/5.0 AppleWebKit/537.36 (KHTML, like Gecko; compatible; ClaudeBot/1.0; +claudebot@anthropic.com)"
216.73.216.183 - - [02/Oct/2025:06:55:37 +0000] "GET /product/edit/A562017392?fileloc=%2Fvar%2Fwww%2Fvhosts%2Faceitunaslosada.com%2Fweb%2Fwp-content%2Fuploads%2F2020%2F05%2FIMG_9591-5-768x432.jpg&path=%2Fvar%2Fwww%2Fvhosts%2Faceitunaslosada.com%2Fweb%2Fwp-content%2Fuploads%2F2020%2F05 HTTP/1.0" 200 6434 "-" "Mozilla/5.0 AppleWebKit/537.36 (KHTML, like Gecko; compatible; ClaudeBot/1.0; +claudebot@anthropic.com)"
107.23.62.75 - - [02/Oct/2025:06:55:37 +0000] "GET /producto/aceituna-gordal-natural/?path=/var/www/vhosts/aceitunaslosada.com/web/copia/wp-content/plugins/wp-mail-logging/lib/icheck HTTP/1.0" 200 6907 "-" "Mozilla/5.0 AppleWebKit/537.36 (KHTML, like Gecko; compatible; Amazonbot/0.1; +https://developer.amazon.com/support/amazonbot) Chrome/119.0.6045.214 Safari/537.36"
216.73.216.183 - - [02/Oct/2025:06:55:37 +0000] "GET /product/edit/A562017392?fileloc=%2Fvar%2Fwww%2Fvhosts%2Faceitunaslosada.com%2Fweb%2Fwp-content%2Fuploads%2F2020%2F05%2FIMG_0154-1-1280x860.jpg&path=%2Fvar%2Fwww%2Fvhosts%2Faceitunaslosada.com%2Fweb%2Fwp-content%2Fuploads%2F2020%2F05 HTTP/1.0" 200 6433 "-" "Mozilla/5.0 AppleWebKit/537.36 (KHTML, like Gecko; compatible; ClaudeBot/1.0; +claudebot@anthropic.com)"
216.73.216.183 - - [02/Oct/2025:06:55:38 +0000] "GET /product/edit/A562017392?fileloc=%2Fvar%2Fwww%2Fvhosts%2Faceitunaslosada.com%2Fweb%2Fwp-content%2Fuploads%2F2020%2F05%2FIMG_9662-50x28.jpg&path=%2Fvar%2Fwww%2Fvhosts%2Faceitunaslosada.com%2Fweb%2Fwp-content%2Fuploads%2F2020%2F05 HTTP/1.0" 200 6430 "-" "Mozilla/5.0 AppleWebKit/537.36 (KHTML, like Gecko; compatible; ClaudeBot/1.0; +claudebot@anthropic.com)"
216.73.216.183 - - [02/Oct/2025:06:55:38 +0000] "GET /product/edit/A562017392?fileloc=%2Fvar%2Fwww%2Fvhosts%2Faceitunaslosada.com%2Fweb%2Fcopia%2Fwp-content%2Fuploads%2F2020%2F10%2FIMG_0198-1536x2048.jpg&path=%2Fvar%2Fwww%2Fvhosts%2Faceitunaslosada.com%2Fweb%2Fcopia%2Fwp-content%2Fuploads%2F2020%2F10 HTTP/1.0" 200 6441 "-" "Mozilla/5.0 AppleWebKit/537.36 (KHTML, like Gecko; compatible; ClaudeBot/1.0; +claudebot@anthropic.com)"
216.73.216.183 - - [02/Oct/2025:06:55:39 +0000] "GET /product/edit/A562017392?fileloc=%2Fvar%2Fwww%2Fvhosts%2Faceitunaslosada.com%2Fweb%2Fcopia%2Fwp-content%2Fuploads%2F2020%2F10%2FEMPELTRE-3-1200x675.jpg&path=%2Fvar%2Fwww%2Fvhosts%2Faceitunaslosada.com%2Fweb%2Fcopia%2Fwp-content%2Fuploads%2F2020%2F10 HTTP/1.0" 200 6442 "-" "Mozilla/5.0 AppleWebKit/537.36 (KHTML, like Gecko; compatible; ClaudeBot/1.0; +claudebot@anthropic.com)"
216.73.216.183 - - [02/Oct/2025:06:55:39 +0000] "GET /product/edit/A562017392?fileloc=%2Fvar%2Fwww%2Fvhosts%2Faceitunaslosada.com%2Fweb%2Fwp-content%2Fuploads%2F2020%2F05%2FIMG_2057-150x150.jpg&path=%2Fvar%2Fwww%2Fvhosts%2Faceitunaslosada.com%2Fweb%2Fwp-content%2Fuploads%2F2020%2F05 HTTP/1.0" 200 6431 "-" "Mozilla/5.0 AppleWebKit/537.36 (KHTML, like Gecko; compatible; ClaudeBot/1.0; +claudebot@anthropic.com)"
216.73.216.183 - - [02/Oct/2025:06:55:39 +0000] "GET /product/edit/A562017392?fileloc=%2Fvar%2Fwww%2Fvhosts%2Faceitunaslosada.com%2Fweb%2Fcopia%2Fwp-content%2Fuploads%2F2020%2F06%2FIMG_9820-1280x1000.jpg&path=%2Fvar%2Fwww%2Fvhosts%2Faceitunaslosada.com%2Fweb%2Fcopia%2Fwp-content%2Fuploads%2F2020%2F06 HTTP/1.0" 200 6442 "-" "Mozilla/5.0 AppleWebKit/537.36 (KHTML, like Gecko; compatible; ClaudeBot/1.0; +claudebot@anthropic.com)"
20.171.207.20 - - [02/Oct/2025:06:55:39 +0000] "GET /325809687?path=/ HTTP/1.0" 200 6363 "-" "Mozilla/5.0 AppleWebKit/537.36 (KHTML, like Gecko; compatible; GPTBot/1.2; +https://openai.com/gptbot)"
216.73.216.183 - - [02/Oct/2025:06:55:40 +0000] "GET /product/edit/A562017392?fileloc=%2Fvar%2Fwww%2Fvhosts%2Faceitunaslosada.com%2Fweb%2Fwp-content%2Fuploads%2F2020%2F06%2FIMG_9577-scaled.jpg&path=%2Fvar%2Fwww%2Fvhosts%2Faceitunaslosada.com%2Fweb%2Fwp-content%2Fuploads%2F2020%2F06 HTTP/1.0" 200 6429 "-" "Mozilla/5.0 AppleWebKit/537.36 (KHTML, like Gecko; compatible; ClaudeBot/1.0; +claudebot@anthropic.com)"
216.73.216.183 - - [02/Oct/2025:06:55:40 +0000] "GET /product/edit/A562017392?fileloc=%2Fvar%2Fwww%2Fvhosts%2Faceitunaslosada.com%2Fweb%2Fwp-content%2Fuploads%2F2020%2F07%2F28-724x1024.jpg&path=%2Fvar%2Fwww%2Fvhosts%2Faceitunaslosada.com%2Fweb%2Fwp-content%2Fuploads%2F2020%2F07 HTTP/1.0" 200 6426 "-" "Mozilla/5.0 AppleWebKit/537.36 (KHTML, like Gecko; compatible; ClaudeBot/1.0; +claudebot@anthropic.com)"
216.73.216.183 - - [02/Oct/2025:06:55:40 +0000] "GET /product/edit/A562017392?fileloc=%2Fvar%2Fwww%2Fvhosts%2Faceitunaslosada.com%2Fweb%2Fcopia%2Fwp-content%2Fuploads%2F2020%2F06%2FIMG_9823-1024x576.jpg&path=%2Fvar%2Fwww%2Fvhosts%2Faceitunaslosada.com%2Fweb%2Fcopia%2Fwp-content%2Fuploads%2F2020%2F06 HTTP/1.0" 200 6442 "-" "Mozilla/5.0 AppleWebKit/537.36 (KHTML, like Gecko; compatible; ClaudeBot/1.0; +claudebot@anthropic.com)"
216.73.216.183 - - [02/Oct/2025:06:55:40 +0000] "GET /product/edit/A562017392?fileloc=%2Fvar%2Fwww%2Fvhosts%2Faceitunaslosada.com%2Fweb%2Fwp-content%2Fuploads%2F2020%2F05%2FIMG_4291-scaled-600x600.jpg&path=%2Fvar%2Fwww%2Fvhosts%2Faceitunaslosada.com%2Fweb%2Fwp-content%2Fuploads%2F2020%2F05 HTTP/1.0" 200 6435 "-" "Mozilla/5.0 AppleWebKit/537.36 (KHTML, like Gecko; compatible; ClaudeBot/1.0; +claudebot@anthropic.com)"
216.73.216.183 - - [02/Oct/2025:06:55:41 +0000] "GET /product/edit/A562017392?fileloc=%2Fvar%2Fwww%2Fvhosts%2Faceitunaslosada.com%2Fweb%2Fwp-content%2Fuploads%2F2020%2F11%2Fpico-limon-1152x1536.jpg&path=%2Fvar%2Fwww%2Fvhosts%2Faceitunaslosada.com%2Fweb%2Fwp-content%2Fuploads%2F2020%2F11 HTTP/1.0" 200 6431 "-" "Mozilla/5.0 AppleWebKit/537.36 (KHTML, like Gecko; compatible; ClaudeBot/1.0; +claudebot@anthropic.com)"
216.73.216.183 - - [02/Oct/2025:06:55:41 +0000] "GET /product/edit/A562017392?fileloc=%2Fvar%2Fwww%2Fvhosts%2Faceitunaslosada.com%2Fweb%2Fwp-content%2Fuploads%2F2020%2F07%2FIMG_6032-1024x768.jpg&path=%2Fvar%2Fwww%2Fvhosts%2Faceitunaslosada.com%2Fweb%2Fwp-content%2Fuploads%2F2020%2F07 HTTP/1.0" 200 6433 "-" "Mozilla/5.0 AppleWebKit/537.36 (KHTML, like Gecko; compatible; ClaudeBot/1.0; +claudebot@anthropic.com)"
51.75.236.136 - - [02/Oct/2025:06:55:41 +0000] "GET /448946375?items=0448373790 HTTP/1.0" 200 8505 "-" "Mozilla/5.0 (compatible; AhrefsBot/7.0; +http://ahrefs.com/robot/)"
20.171.207.20 - - [02/Oct/2025:06:55:41 +0000] "GET /325887483?fileloc=/var/www/vhosts/aceitunaslosada.com/web/wp-signup.php&path=/var/www/vhosts/aceitunaslosada.com/web HTTP/1.0" 200 13843 "-" "Mozilla/5.0 AppleWebKit/537.36 (KHTML, like Gecko; compatible; GPTBot/1.2; +https://openai.com/gptbot)"
216.73.216.183 - - [02/Oct/2025:06:55:41 +0000] "GET /product/edit/A562017392?fileloc=%2Fvar%2Fwww%2Fvhosts%2Faceitunaslosada.com%2Fweb%2Fwp-content%2Fuploads%2F2020%2F09%2FIMG_6823-150x150.jpg&path=%2Fvar%2Fwww%2Fvhosts%2Faceitunaslosada.com%2Fweb%2Fwp-content%2Fuploads%2F2020%2F09 HTTP/1.0" 200 6431 "-" "Mozilla/5.0 AppleWebKit/537.36 (KHTML, like Gecko; compatible; ClaudeBot/1.0; +claudebot@anthropic.com)"
216.73.216.183 - - [02/Oct/2025:06:55:42 +0000] "GET /product/edit/A562017392?fileloc=%2Fvar%2Fwww%2Fvhosts%2Faceitunaslosada.com%2Fweb%2Fwp-content%2Fuploads%2F2020%2F07%2F89039-960x720.jpg&path=%2Fvar%2Fwww%2Fvhosts%2Faceitunaslosada.com%2Fweb%2Fwp-content%2Fuploads%2F2020%2F07 HTTP/1.0" 200 6428 "-" "Mozilla/5.0 AppleWebKit/537.36 (KHTML, like Gecko; compatible; ClaudeBot/1.0; +claudebot@anthropic.com)"
216.73.216.183 - - [02/Oct/2025:06:55:42 +0000] "GET /product/edit/A562017392?fileloc=%2Fvar%2Fwww%2Fvhosts%2Faceitunaslosada.com%2Fweb%2Fcopia%2Fwp-content%2Fuploads%2F2020%2F10%2FIMG_0297-1-1920x750.jpg&path=%2Fvar%2Fwww%2Fvhosts%2Faceitunaslosada.com%2Fweb%2Fcopia%2Fwp-content%2Fuploads%2F2020%2F10 HTTP/1.0" 200 6442 "-" "Mozilla/5.0 AppleWebKit/537.36 (KHTML, like Gecko; compatible; ClaudeBot/1.0; +claudebot@anthropic.com)"
216.73.216.183 - - [02/Oct/2025:06:55:42 +0000] "GET /product/edit/A562017392?fileloc=%2Fvar%2Fwww%2Fvhosts%2Faceitunaslosada.com%2Fweb%2Fwp-content%2Fuploads%2F2020%2F10%2FIMG_0174-960x720.jpg&path=%2Fvar%2Fwww%2Fvhosts%2Faceitunaslosada.com%2Fweb%2Fwp-content%2Fuploads%2F2020%2F10 HTTP/1.0" 200 6430 "-" "Mozilla/5.0 AppleWebKit/537.36 (KHTML, like Gecko; compatible; ClaudeBot/1.0; +claudebot@anthropic.com)"
216.73.216.183 - - [02/Oct/2025:06:55:42 +0000] "GET /product/edit/A562017392?fileloc=%2Fvar%2Fwww%2Fvhosts%2Faceitunaslosada.com%2Fweb%2Fwp-content%2Fuploads%2F2020%2F10%2FIMG_0301-1-1630x860.jpg&path=%2Fvar%2Fwww%2Fvhosts%2Faceitunaslosada.com%2Fweb%2Fwp-content%2Fuploads%2F2020%2F10 HTTP/1.0" 200 6431 "-" "Mozilla/5.0 AppleWebKit/537.36 (KHTML, like Gecko; compatible; ClaudeBot/1.0; +claudebot@anthropic.com)"
216.73.216.183 - - [02/Oct/2025:06:55:42 +0000] "GET /product/edit/A562017392?fileloc=%2Fvar%2Fwww%2Fvhosts%2Faceitunaslosada.com%2Fweb%2Fwp-content%2Fuploads%2F2020%2F05%2FIMG_9552-1-1280x500.jpg&path=%2Fvar%2Fwww%2Fvhosts%2Faceitunaslosada.com%2Fweb%2Fwp-content%2Fuploads%2F2020%2F05 HTTP/1.0" 200 6434 "-" "Mozilla/5.0 AppleWebKit/537.36 (KHTML, like Gecko; compatible; ClaudeBot/1.0; +claudebot@anthropic.com)"
20.171.207.20 - - [02/Oct/2025:06:55:43 +0000] "GET /actor163001928.html?fileloc=/var/www/vhosts/aceitunaslosada.com/web/google722af835742a9b4d.html&path=/var/www/vhosts/aceitunaslosada.com/web HTTP/1.0" 200 6395 "-" "Mozilla/5.0 AppleWebKit/537.36 (KHTML, like Gecko; compatible; GPTBot/1.2; +https://openai.com/gptbot)"
44.207.207.36 - - [02/Oct/2025:06:55:43 +0000] "GET /producto/aceituna-cornicabra-natural-2/?path=/var/www/vhosts/aceitunaslosada.com/web/wp-content/cache/page_enhanced/www.aceitunaslosada.com//2vbein8krjc HTTP/1.0" 200 6826 "-" "Mozilla/5.0 AppleWebKit/537.36 (KHTML, like Gecko; compatible; Amazonbot/0.1; +https://developer.amazon.com/support/amazonbot) Chrome/119.0.6045.214 Safari/537.36"
216.73.216.183 - - [02/Oct/2025:06:55:43 +0000] "GET /product/edit/A562017392?fileloc=%2Fvar%2Fwww%2Fvhosts%2Faceitunaslosada.com%2Fweb%2Fwp-content%2Fuploads%2F2020%2F10%2FIMG_0301-1630x860.jpg&path=%2Fvar%2Fwww%2Fvhosts%2Faceitunaslosada.com%2Fweb%2Fwp-content%2Fuploads%2F2020%2F10 HTTP/1.0" 200 6430 "-" "Mozilla/5.0 AppleWebKit/537.36 (KHTML, like Gecko; compatible; ClaudeBot/1.0; +claudebot@anthropic.com)"
216.73.216.183 - - [02/Oct/2025:06:55:43 +0000] "GET /product/edit/A562017392?fileloc=%2Fvar%2Fwww%2Fvhosts%2Faceitunaslosada.com%2Fweb%2Fwp-content%2Fuploads%2F2020%2F06%2F21-724x1024.jpg&path=%2Fvar%2Fwww%2Fvhosts%2Faceitunaslosada.com%2Fweb%2Fwp-content%2Fuploads%2F2020%2F06 HTTP/1.0" 200 6426 "-" "Mozilla/5.0 AppleWebKit/537.36 (KHTML, like Gecko; compatible; ClaudeBot/1.0; +claudebot@anthropic.com)"
216.73.216.183 - - [02/Oct/2025:06:55:44 +0000] "GET /product/edit/A562017392?fileloc=%2Fvar%2Fwww%2Fvhosts%2Faceitunaslosada.com%2Fweb%2Fcopia%2Fwp-content%2Fuploads%2F2020%2F10%2FIMG_0184-1200x675.jpg&path=%2Fvar%2Fwww%2Fvhosts%2Faceitunaslosada.com%2Fweb%2Fcopia%2Fwp-content%2Fuploads%2F2020%2F10 HTTP/1.0" 200 6440 "-" "Mozilla/5.0 AppleWebKit/537.36 (KHTML, like Gecko; compatible; ClaudeBot/1.0; +claudebot@anthropic.com)"
216.73.216.183 - - [02/Oct/2025:06:55:44 +0000] "GET /product/edit/A562017392?fileloc=%2Fvar%2Fwww%2Fvhosts%2Faceitunaslosada.com%2Fweb%2Fcopia%2Fwp-content%2Fuploads%2F2020%2F10%2FIMG_3210-1536x2048.jpg&path=%2Fvar%2Fwww%2Fvhosts%2Faceitunaslosada.com%2Fweb%2Fcopia%2Fwp-content%2Fuploads%2F2020%2F10 HTTP/1.0" 200 6441 "-" "Mozilla/5.0 AppleWebKit/537.36 (KHTML, like Gecko; compatible; ClaudeBot/1.0; +claudebot@anthropic.com)"
176.31.139.30 - - [02/Oct/2025:06:55:44 +0000] "GET /487395046?items=0486773358 HTTP/1.0" 200 8506 "-" "Mozilla/5.0 (compatible; AhrefsBot/7.0; +http://ahrefs.com/robot/)"
216.73.216.183 - - [02/Oct/2025:06:55:44 +0000] "GET /product/edit/A562017392?fileloc=%2Fvar%2Fwww%2Fvhosts%2Faceitunaslosada.com%2Fweb%2Fcopia%2Fwp-content%2Fuploads%2F2020%2F05%2FIMG_3525-1024x500.jpg&path=%2Fvar%2Fwww%2Fvhosts%2Faceitunaslosada.com%2Fweb%2Fcopia%2Fwp-content%2Fuploads%2F2020%2F05 HTTP/1.0" 200 6441 "-" "Mozilla/5.0 AppleWebKit/537.36 (KHTML, like Gecko; compatible; ClaudeBot/1.0; +claudebot@anthropic.com)"
216.73.216.183 - - [02/Oct/2025:06:55:44 +0000] "GET /product/edit/A562017392?fileloc=%2Fvar%2Fwww%2Fvhosts%2Faceitunaslosada.com%2Fweb%2Fcopia%2Fwp-content%2Fuploads%2F2020%2F07%2FIMG_1967-1-1280x1000.jpg&path=%2Fvar%2Fwww%2Fvhosts%2Faceitunaslosada.com%2Fweb%2Fcopia%2Fwp-content%2Fuploads%2F2020%2F07 HTTP/1.0" 200 6444 "-" "Mozilla/5.0 AppleWebKit/537.36 (KHTML, like Gecko; compatible; ClaudeBot/1.0; +claudebot@anthropic.com)"
20.171.207.20 - - [02/Oct/2025:06:55:44 +0000] "GET /880315693?path=/ HTTP/1.0" 200 6363 "-" "Mozilla/5.0 AppleWebKit/537.36 (KHTML, like Gecko; compatible; GPTBot/1.2; +https://openai.com/gptbot)"
216.73.216.183 - - [02/Oct/2025:06:55:45 +0000] "GET /product/edit/A562017392?fileloc=%2Fvar%2Fwww%2Fvhosts%2Faceitunaslosada.com%2Fweb%2Fwp-content%2Fuploads%2F2020%2F05%2FIMG_9820-1280x1000.jpg&path=%2Fvar%2Fwww%2Fvhosts%2Faceitunaslosada.com%2Fweb%2Fwp-content%2Fuploads%2F2020%2F05 HTTP/1.0" 200 6432 "-" "Mozilla/5.0 AppleWebKit/537.36 (KHTML, like Gecko; compatible; ClaudeBot/1.0; +claudebot@anthropic.com)"
216.73.216.183 - - [02/Oct/2025:06:55:45 +0000] "GET /product/edit/A562017392?fileloc=%2Fvar%2Fwww%2Fvhosts%2Faceitunaslosada.com%2Fweb%2Fcopia%2Fwp-content%2Fuploads%2F2020%2F10%2FIMG_3212-1280x500.jpg&path=%2Fvar%2Fwww%2Fvhosts%2Faceitunaslosada.com%2Fweb%2Fcopia%2Fwp-content%2Fuploads%2F2020%2F10 HTTP/1.0" 200 6440 "-" "Mozilla/5.0 AppleWebKit/537.36 (KHTML, like Gecko; compatible; ClaudeBot/1.0; +claudebot@anthropic.com)"
216.73.216.183 - - [02/Oct/2025:06:55:45 +0000] "GET /product/edit/A562017392?fileloc=%2Fvar%2Fwww%2Fvhosts%2Faceitunaslosada.com%2Fweb%2Fwp-content%2Fuploads%2F2020%2F07%2FIMG_9161-2.jpg&path=%2Fvar%2Fwww%2Fvhosts%2Faceitunaslosada.com%2Fweb%2Fwp-content%2Fuploads%2F2020%2F07 HTTP/1.0" 200 6427 "-" "Mozilla/5.0 AppleWebKit/537.36 (KHTML, like Gecko; compatible; ClaudeBot/1.0; +claudebot@anthropic.com)"
216.73.216.183 - - [02/Oct/2025:06:55:45 +0000] "GET /product/edit/A562017392?fileloc=%2Fvar%2Fwww%2Fvhosts%2Faceitunaslosada.com%2Fweb%2Fwp-content%2Fuploads%2F2020%2F06%2FIMG_3620-80x80.jpg&path=%2Fvar%2Fwww%2Fvhosts%2Faceitunaslosada.com%2Fweb%2Fwp-content%2Fuploads%2F2020%2F06 HTTP/1.0" 200 6430 "-" "Mozilla/5.0 AppleWebKit/537.36 (KHTML, like Gecko; compatible; ClaudeBot/1.0; +claudebot@anthropic.com)"
216.73.216.183 - - [02/Oct/2025:06:55:46 +0000] "GET /product/edit/A562017392?fileloc=%2Fvar%2Fwww%2Fvhosts%2Faceitunaslosada.com%2Fweb%2Fwp-content%2Fuploads%2F2020%2F10%2FClla-losada-960x720.jpg&path=%2Fvar%2Fwww%2Fvhosts%2Faceitunaslosada.com%2Fweb%2Fwp-content%2Fuploads%2F2020%2F10 HTTP/1.0" 200 6428 "-" "Mozilla/5.0 AppleWebKit/537.36 (KHTML, like Gecko; compatible; ClaudeBot/1.0; +claudebot@anthropic.com)"
216.73.216.183 - - [02/Oct/2025:06:55:46 +0000] "GET /product/edit/A562017392?fileloc=%2Fvar%2Fwww%2Fvhosts%2Faceitunaslosada.com%2Fweb%2Fwp-content%2Fuploads%2F2020%2F05%2FIMG_9621-50x28.jpg&path=%2Fvar%2Fwww%2Fvhosts%2Faceitunaslosada.com%2Fweb%2Fwp-content%2Fuploads%2F2020%2F05 HTTP/1.0" 200 6430 "-" "Mozilla/5.0 AppleWebKit/537.36 (KHTML, like Gecko; compatible; ClaudeBot/1.0; +claudebot@anthropic.com)"
157.55.39.11 - - [02/Oct/2025:06:55:46 +0000] "GET /product/edit/A1997520575 HTTP/1.0" 200 26546 "-" "Mozilla/5.0 AppleWebKit/537.36 (KHTML, like Gecko; compatible; bingbot/2.0; +http://www.bing.com/bingbot.htm) Chrome/116.0.1938.76 Safari/537.36"
20.171.207.20 - - [02/Oct/2025:06:55:46 +0000] "GET /light051040998.html?fileloc=/var/www/vhosts/aceitunaslosada.com/web/google722af835742a9b4d.html&path=/var/www/vhosts/aceitunaslosada.com/web HTTP/1.0" 200 6395 "-" "Mozilla/5.0 AppleWebKit/537.36 (KHTML, like Gecko; compatible; GPTBot/1.2; +https://openai.com/gptbot)"
34.239.197.197 - - [02/Oct/2025:06:55:46 +0000] "GET /2020/07/03/our-best-ambassador-for-evoo-and-spanish-table-olives-2/?path=/var/www/vhosts/aceitunaslosada.com/web/wp-content/plugins/w3-total-cache/vendor/aws/aws-sdk-php/src/Route53 HTTP/1.0" 200 6929 "-" "Mozilla/5.0 AppleWebKit/537.36 (KHTML, like Gecko; compatible; Amazonbot/0.1; +https://developer.amazon.com/support/amazonbot) Chrome/119.0.6045.214 Safari/537.36"
216.73.216.183 - - [02/Oct/2025:06:55:47 +0000] "GET /product/edit/A562017392?fileloc=%2Fvar%2Fwww%2Fvhosts%2Faceitunaslosada.com%2Fweb%2Fwp-content%2Fuploads%2F2020%2F05%2FIMG_9591-2-150x150.jpg&path=%2Fvar%2Fwww%2Fvhosts%2Faceitunaslosada.com%2Fweb%2Fwp-content%2Fuploads%2F2020%2F05 HTTP/1.0" 200 6432 "-" "Mozilla/5.0 AppleWebKit/537.36 (KHTML, like Gecko; compatible; ClaudeBot/1.0; +claudebot@anthropic.com)"
216.73.216.183 - - [02/Oct/2025:06:55:47 +0000] "GET /product/edit/A562017392?fileloc=%2Fvar%2Fwww%2Fvhosts%2Faceitunaslosada.com%2Fweb%2Fcopia%2Fwp-content%2Fuploads%2F2020%2F07%2Fdeshacer-512x500.png&path=%2Fvar%2Fwww%2Fvhosts%2Faceitunaslosada.com%2Fweb%2Fcopia%2Fwp-content%2Fuploads%2F2020%2F07 HTTP/1.0" 200 6437 "-" "Mozilla/5.0 AppleWebKit/537.36 (KHTML, like Gecko; compatible; ClaudeBot/1.0; +claudebot@anthropic.com)"
216.73.216.183 - - [02/Oct/2025:06:55:47 +0000] "GET /product/edit/A562017392?fileloc=%2Fvar%2Fwww%2Fvhosts%2Faceitunaslosada.com%2Fweb%2Fcopia%2Fwp-content%2Fuploads%2F2020%2F05%2FIMG_9591-4-260x146.jpg&path=%2Fvar%2Fwww%2Fvhosts%2Faceitunaslosada.com%2Fweb%2Fcopia%2Fwp-content%2Fuploads%2F2020%2F05 HTTP/1.0" 200 6443 "-" "Mozilla/5.0 AppleWebKit/537.36 (KHTML, like Gecko; compatible; ClaudeBot/1.0; +claudebot@anthropic.com)"
216.73.216.183 - - [02/Oct/2025:06:55:47 +0000] "GET /product/edit/A562017392?fileloc=%2Fvar%2Fwww%2Fvhosts%2Faceitunaslosada.com%2Fweb%2Fcopia%2Fwp-content%2Fuploads%2F2020%2F10%2FEMPELTRE-3-50x38.jpg&path=%2Fvar%2Fwww%2Fvhosts%2Faceitunaslosada.com%2Fweb%2Fcopia%2Fwp-content%2Fuploads%2F2020%2F10 HTTP/1.0" 200 6440 "-" "Mozilla/5.0 AppleWebKit/537.36 (KHTML, like Gecko; compatible; ClaudeBot/1.0; +claudebot@anthropic.com)"
216.73.216.183 - - [02/Oct/2025:06:55:47 +0000] "GET /product/edit/A562017392?fileloc=%2Fvar%2Fwww%2Fvhosts%2Faceitunaslosada.com%2Fweb%2Fcopia%2Fwp-content%2Fuploads%2F2020%2F10%2FIMG_3217-300x225.jpg&path=%2Fvar%2Fwww%2Fvhosts%2Faceitunaslosada.com%2Fweb%2Fcopia%2Fwp-content%2Fuploads%2F2020%2F10 HTTP/1.0" 200 6440 "-" "Mozilla/5.0 AppleWebKit/537.36 (KHTML, like Gecko; compatible; ClaudeBot/1.0; +claudebot@anthropic.com)"
216.73.216.183 - - [02/Oct/2025:06:55:48 +0000] "GET /product/edit/A562017392?fileloc=%2Fvar%2Fwww%2Fvhosts%2Faceitunaslosada.com%2Fweb%2Fcopia%2Fwp-content%2Fthemes%2Fbetheme%2Fimages%2Fheaders%2Fcity.jpg&path=%2Fvar%2Fwww%2Fvhosts%2Faceitunaslosada.com%2Fweb%2Fcopia%2Fwp-content%2Fthemes%2Fbetheme%2Fimages%2Fheaders HTTP/1.0" 200 6442 "-" "Mozilla/5.0 AppleWebKit/537.36 (KHTML, like Gecko; compatible; ClaudeBot/1.0; +claudebot@anthropic.com)"
20.171.207.20 - - [02/Oct/2025:06:55:48 +0000] "GET /325877549?path=/ HTTP/1.0" 200 6363 "-" "Mozilla/5.0 AppleWebKit/537.36 (KHTML, like Gecko; compatible; GPTBot/1.2; +https://openai.com/gptbot)"
