216.73.216.183 - - [02/Oct/2025:06:51:43 +0000] "GET /product/edit/A562017392?fileloc=%2Fvar%2Fwww%2Fvhosts%2Faceitunaslosada.com%2Fweb%2Fcopia%2Fwp-content%2Fuploads%2F2020%2F05%2FIMG_0119-1280x500.jpg&path=%2Fvar%2Fwww%2Fvhosts%2Faceitunaslosada.com%2Fweb%2Fcopia%2Fwp-content%2Fuploads%2F2020%2F05 HTTP/1.0" 200 6441 "-" "Mozilla/5.0 AppleWebKit/537.36 (KHTML, like Gecko; compatible; ClaudeBot/1.0; +claudebot@anthropic.com)"
216.73.216.183 - - [02/Oct/2025:06:51:44 +0000] "GET /product/edit/A562017392?fileloc=%2Fvar%2Fwww%2Fvhosts%2Faceitunaslosada.com%2Fweb%2Fwp-content%2Fuploads%2F2020%2F05%2FIMG_8261-960x720.jpg&path=%2Fvar%2Fwww%2Fvhosts%2Faceitunaslosada.com%2Fweb%2Fwp-content%2Fuploads%2F2020%2F05 HTTP/1.0" 200 6432 "-" "Mozilla/5.0 AppleWebKit/537.36 (KHTML, like Gecko; compatible; ClaudeBot/1.0; +claudebot@anthropic.com)"
216.73.216.183 - - [02/Oct/2025:06:51:44 +0000] "GET /product/edit/A562017392?fileloc=%2Fvar%2Fwww%2Fvhosts%2Faceitunaslosada.com%2Fweb%2Fcopia%2Fwp-content%2Fuploads%2F2020%2F05%2FIMG_9820-1-200x300.jpg&path=%2Fvar%2Fwww%2Fvhosts%2Faceitunaslosada.com%2Fweb%2Fcopia%2Fwp-content%2Fuploads%2F2020%2F05 HTTP/1.0" 200 6443 "-" "Mozilla/5.0 AppleWebKit/537.36 (KHTML, like Gecko; compatible; ClaudeBot/1.0; +claudebot@anthropic.com)"
216.73.216.183 - - [02/Oct/2025:06:51:44 +0000] "GET /product/edit/A562017392?fileloc=%2Fvar%2Fwww%2Fvhosts%2Faceitunaslosada.com%2Fweb%2Fcopia%2Fwp-content%2Fuploads%2F2020%2F10%2FIMG_0185-85x85.jpg&path=%2Fvar%2Fwww%2Fvhosts%2Faceitunaslosada.com%2Fweb%2Fcopia%2Fwp-content%2Fuploads%2F2020%2F10 HTTP/1.0" 200 6438 "-" "Mozilla/5.0 AppleWebKit/537.36 (KHTML, like Gecko; compatible; ClaudeBot/1.0; +claudebot@anthropic.com)"
216.73.216.183 - - [02/Oct/2025:06:51:45 +0000] "GET /product/edit/A562017392?fileloc=%2Fvar%2Fwww%2Fvhosts%2Faceitunaslosada.com%2Fweb%2Fcopia%2Fwp-content%2Fuploads%2F2020%2F05%2FIMG_9591-4-85x85.jpg&path=%2Fvar%2Fwww%2Fvhosts%2Faceitunaslosada.com%2Fweb%2Fcopia%2Fwp-content%2Fuploads%2F2020%2F05 HTTP/1.0" 200 6442 "-" "Mozilla/5.0 AppleWebKit/537.36 (KHTML, like Gecko; compatible; ClaudeBot/1.0; +claudebot@anthropic.com)"
216.73.216.183 - - [02/Oct/2025:06:51:45 +0000] "GET /product/edit/A562017392?fileloc=%2Fvar%2Fwww%2Fvhosts%2Faceitunaslosada.com%2Fweb%2Fcopia%2Fwp-content%2Fuploads%2F2020%2F05%2FIMG_3525-80x80.jpg&path=%2Fvar%2Fwww%2Fvhosts%2Faceitunaslosada.com%2Fweb%2Fcopia%2Fwp-content%2Fuploads%2F2020%2F05 HTTP/1.0" 200 6439 "-" "Mozilla/5.0 AppleWebKit/537.36 (KHTML, like Gecko; compatible; ClaudeBot/1.0; +claudebot@anthropic.com)"
216.73.216.183 - - [02/Oct/2025:06:51:45 +0000] "GET /product/edit/A562017392?fileloc=%2Fvar%2Fwww%2Fvhosts%2Faceitunaslosada.com%2Fweb%2Fcopia%2Fwp-content%2Fuploads%2F2020%2F05%2FIMG_9543-683x1024.jpg&path=%2Fvar%2Fwww%2Fvhosts%2Faceitunaslosada.com%2Fweb%2Fcopia%2Fwp-content%2Fuploads%2F2020%2F05 HTTP/1.0" 200 6442 "-" "Mozilla/5.0 AppleWebKit/537.36 (KHTML, like Gecko; compatible; ClaudeBot/1.0; +claudebot@anthropic.com)"
216.73.216.183 - - [02/Oct/2025:06:51:45 +0000] "GET /product/edit/A562017392?fileloc=%2Fvar%2Fwww%2Fvhosts%2Faceitunaslosada.com%2Fweb%2Fcopia%2Fwp-content%2Fuploads%2F2020%2F05%2F1.-GORDAL-CH-1200x675.jpg&path=%2Fvar%2Fwww%2Fvhosts%2Faceitunaslosada.com%2Fweb%2Fcopia%2Fwp-content%2Fuploads%2F2020%2F05 HTTP/1.0" 200 6446 "-" "Mozilla/5.0 AppleWebKit/537.36 (KHTML, like Gecko; compatible; ClaudeBot/1.0; +claudebot@anthropic.com)"
54.144.185.255 - - [02/Oct/2025:06:51:45 +0000] "GET /aceituna-picolimon-natural-2/?path=/var/www/vhosts/aceitunaslosada.com/web/wp-content/cache/db/options/ca6 HTTP/1.0" 200 6727 "-" "Mozilla/5.0 AppleWebKit/537.36 (KHTML, like Gecko; compatible; Amazonbot/0.1; +https://developer.amazon.com/support/amazonbot) Chrome/119.0.6045.214 Safari/537.36"
82.223.111.37 - - [02/Oct/2025:06:49:49 +0000] "GET /wp-admin/maint/maint/index.php?ARRAY=7o2230223n313735393339313338392p2231223n22687474703n5p2s5p2s7n7335363476313373752r616p746s742r696r6o5p2s3s6p633q7068705s636s64655s6n6326743q313735393338373738392q3737356563656634623738636562313030326231323639386563616165393065222p2232223n226437366230366233623139343931333735646233386339306239623066633136222p2233223n223731646463356237356163613834316238313530363431333838396238346630222p226175746s5s66696p655s6r616q65223n6r756p6p2p226175746s5s70617373223n6r756p6p2p2262696r675s70617373223n2232332q34322q35362q37302q37332q38352q3139227q HTTP/1.0" 504 3843 "-" "-"
216.73.216.183 - - [02/Oct/2025:06:51:45 +0000] "GET /product/edit/A562017392?fileloc=%2Fvar%2Fwww%2Fvhosts%2Faceitunaslosada.com%2Fweb%2Fwp-content%2Fuploads%2F2020%2F05%2FIMG_2056-scaled.jpg&path=%2Fvar%2Fwww%2Fvhosts%2Faceitunaslosada.com%2Fweb%2Fwp-content%2Fuploads%2F2020%2F05 HTTP/1.0" 200 6429 "-" "Mozilla/5.0 AppleWebKit/537.36 (KHTML, like Gecko; compatible; ClaudeBot/1.0; +claudebot@anthropic.com)"
216.73.216.183 - - [02/Oct/2025:06:51:46 +0000] "GET /product/edit/A562017392?fileloc=%2Fvar%2Fwww%2Fvhosts%2Faceitunaslosada.com%2Fweb%2Fcopia%2Fwp-content%2Fuploads%2F2020%2F06%2FIMG_9571.jpg&path=%2Fvar%2Fwww%2Fvhosts%2Faceitunaslosada.com%2Fweb%2Fcopia%2Fwp-content%2Fuploads%2F2020%2F06 HTTP/1.0" 200 6434 "-" "Mozilla/5.0 AppleWebKit/537.36 (KHTML, like Gecko; compatible; ClaudeBot/1.0; +claudebot@anthropic.com)"
20.171.207.20 - - [02/Oct/2025:06:51:46 +0000] "GET /880167953?path=/ HTTP/1.0" 200 6363 "-" "Mozilla/5.0 AppleWebKit/537.36 (KHTML, like Gecko; compatible; GPTBot/1.2; +https://openai.com/gptbot)"
216.73.216.183 - - [02/Oct/2025:06:51:46 +0000] "GET /product/edit/A562017392?fileloc=%2Fvar%2Fwww%2Fvhosts%2Faceitunaslosada.com%2Fweb%2Fcopia%2Fwp-content%2Fuploads%2F2020%2F05%2FIMG_4357-33x50.jpg&path=%2Fvar%2Fwww%2Fvhosts%2Faceitunaslosada.com%2Fweb%2Fcopia%2Fwp-content%2Fuploads%2F2020%2F05 HTTP/1.0" 200 6439 "-" "Mozilla/5.0 AppleWebKit/537.36 (KHTML, like Gecko; compatible; ClaudeBot/1.0; +claudebot@anthropic.com)"
216.73.216.183 - - [02/Oct/2025:06:51:47 +0000] "GET /product/edit/A562017392?fileloc=%2Fvar%2Fwww%2Fvhosts%2Faceitunaslosada.com%2Fweb%2Fcopia%2Fwp-content%2Fuploads%2F2020%2F10%2FIMG_2207-1630x860.jpg&path=%2Fvar%2Fwww%2Fvhosts%2Faceitunaslosada.com%2Fweb%2Fcopia%2Fwp-content%2Fuploads%2F2020%2F10 HTTP/1.0" 200 6439 "-" "Mozilla/5.0 AppleWebKit/537.36 (KHTML, like Gecko; compatible; ClaudeBot/1.0; +claudebot@anthropic.com)"
216.73.216.183 - - [02/Oct/2025:06:51:47 +0000] "GET /product/edit/A562017392?fileloc=%2Fvar%2Fwww%2Fvhosts%2Faceitunaslosada.com%2Fweb%2Fcopia%2Fwp-content%2Fuploads%2F2020%2F06%2FLosada-Office2-80x80.jpg&path=%2Fvar%2Fwww%2Fvhosts%2Faceitunaslosada.com%2Fweb%2Fcopia%2Fwp-content%2Fuploads%2F2020%2F06 HTTP/1.0" 200 6439 "-" "Mozilla/5.0 AppleWebKit/537.36 (KHTML, like Gecko; compatible; ClaudeBot/1.0; +claudebot@anthropic.com)"
216.73.216.183 - - [02/Oct/2025:06:51:47 +0000] "GET /product/edit/A562017392?fileloc=%2Fvar%2Fwww%2Fvhosts%2Faceitunaslosada.com%2Fweb%2Fwp-content%2Fuploads%2F2020%2F05%2Fthumb_IMG_6710_1024.jpg&path=%2Fvar%2Fwww%2Fvhosts%2Faceitunaslosada.com%2Fweb%2Fwp-content%2Fuploads%2F2020%2F05 HTTP/1.0" 200 6434 "-" "Mozilla/5.0 AppleWebKit/537.36 (KHTML, like Gecko; compatible; ClaudeBot/1.0; +claudebot@anthropic.com)"
216.73.216.183 - - [02/Oct/2025:06:51:47 +0000] "GET /product/edit/A562017392?fileloc=%2Fvar%2Fwww%2Fvhosts%2Faceitunaslosada.com%2Fweb%2Fcopia%2Fwp-content%2Fuploads%2F2020%2F05%2FIMG_9639-1024x576.jpg&path=%2Fvar%2Fwww%2Fvhosts%2Faceitunaslosada.com%2Fweb%2Fcopia%2Fwp-content%2Fuploads%2F2020%2F05 HTTP/1.0" 200 6441 "-" "Mozilla/5.0 AppleWebKit/537.36 (KHTML, like Gecko; compatible; ClaudeBot/1.0; +claudebot@anthropic.com)"
216.73.216.183 - - [02/Oct/2025:06:51:48 +0000] "GET /product/edit/A562017392?fileloc=%2Fvar%2Fwww%2Fvhosts%2Faceitunaslosada.com%2Fweb%2Fwp-content%2Fuploads%2F2020%2F05%2F45-2-80x80.png&path=%2Fvar%2Fwww%2Fvhosts%2Faceitunaslosada.com%2Fweb%2Fwp-content%2Fuploads%2F2020%2F05 HTTP/1.0" 200 6423 "-" "Mozilla/5.0 AppleWebKit/537.36 (KHTML, like Gecko; compatible; ClaudeBot/1.0; +claudebot@anthropic.com)"
216.73.216.183 - - [02/Oct/2025:06:51:48 +0000] "GET /product/edit/A562017392?fileloc=%2Fvar%2Fwww%2Fvhosts%2Faceitunaslosada.com%2Fweb%2Fcopia%2Fwp-content%2Fuploads%2F2020%2F07%2FIMG_5084-3-scaled.jpg&path=%2Fvar%2Fwww%2Fvhosts%2Faceitunaslosada.com%2Fweb%2Fcopia%2Fwp-content%2Fuploads%2F2020%2F07 HTTP/1.0" 200 6439 "-" "Mozilla/5.0 AppleWebKit/537.36 (KHTML, like Gecko; compatible; ClaudeBot/1.0; +claudebot@anthropic.com)"
216.73.216.183 - - [02/Oct/2025:06:51:48 +0000] "GET /product/edit/A562017392?fileloc=%2Fvar%2Fwww%2Fvhosts%2Faceitunaslosada.com%2Fweb%2Fwp-content%2Fuploads%2F2020%2F05%2F2.-MANZANILLA-CH-768x1200.jpg&path=%2Fvar%2Fwww%2Fvhosts%2Faceitunaslosada.com%2Fweb%2Fwp-content%2Fuploads%2F2020%2F05 HTTP/1.0" 200 6440 "-" "Mozilla/5.0 AppleWebKit/537.36 (KHTML, like Gecko; compatible; ClaudeBot/1.0; +claudebot@anthropic.com)"
216.73.216.183 - - [02/Oct/2025:06:51:49 +0000] "GET /product/edit/A562017392?fileloc=%2Fvar%2Fwww%2Fvhosts%2Faceitunaslosada.com%2Fweb%2Fcopia%2Fwp-content%2Fuploads%2F2020%2F05%2FIMG_0117-1280x500.jpg&path=%2Fvar%2Fwww%2Fvhosts%2Faceitunaslosada.com%2Fweb%2Fcopia%2Fwp-content%2Fuploads%2F2020%2F05 HTTP/1.0" 200 6440 "-" "Mozilla/5.0 AppleWebKit/537.36 (KHTML, like Gecko; compatible; ClaudeBot/1.0; +claudebot@anthropic.com)"
216.73.216.183 - - [02/Oct/2025:06:51:49 +0000] "GET /product/edit/A562017392?fileloc=%2Fvar%2Fwww%2Fvhosts%2Faceitunaslosada.com%2Fweb%2Fwp-content%2Fuploads%2F2020%2F05%2FIMG_4553-scaled.jpg&path=%2Fvar%2Fwww%2Fvhosts%2Faceitunaslosada.com%2Fweb%2Fwp-content%2Fuploads%2F2020%2F05 HTTP/1.0" 200 6429 "-" "Mozilla/5.0 AppleWebKit/537.36 (KHTML, like Gecko; compatible; ClaudeBot/1.0; +claudebot@anthropic.com)"
20.171.207.20 - - [02/Oct/2025:06:51:50 +0000] "GET /325876798?path=/ HTTP/1.0" 200 6363 "-" "Mozilla/5.0 AppleWebKit/537.36 (KHTML, like Gecko; compatible; GPTBot/1.2; +https://openai.com/gptbot)"
216.73.216.183 - - [02/Oct/2025:06:51:50 +0000] "GET /product/edit/A562017392?fileloc=%2Fvar%2Fwww%2Fvhosts%2Faceitunaslosada.com%2Fweb%2Fcopia%2Fwp-content%2Fuploads%2F2020%2F05%2FIMG_0119-1200x675.jpg&path=%2Fvar%2Fwww%2Fvhosts%2Faceitunaslosada.com%2Fweb%2Fcopia%2Fwp-content%2Fuploads%2F2020%2F05 HTTP/1.0" 200 6442 "-" "Mozilla/5.0 AppleWebKit/537.36 (KHTML, like Gecko; compatible; ClaudeBot/1.0; +claudebot@anthropic.com)"
44.206.93.215 - - [02/Oct/2025:06:51:50 +0000] "GET /category/entrevista-de/?path=/var/www/vhosts/aceitunaslosada.com/insta-gallery/includes/view/backend/pages HTTP/1.0" 200 7088 "-" "Mozilla/5.0 AppleWebKit/537.36 (KHTML, like Gecko; compatible; Amazonbot/0.1; +https://developer.amazon.com/support/amazonbot) Chrome/119.0.6045.214 Safari/537.36"
216.73.216.183 - - [02/Oct/2025:06:51:50 +0000] "GET /product/edit/A562017392?fileloc=%2Fvar%2Fwww%2Fvhosts%2Faceitunaslosada.com%2Fweb%2Fcopia%2Fwp-content%2Fuploads%2F2020%2F07%2FEQUIPO1-3-80x80.jpg&path=%2Fvar%2Fwww%2Fvhosts%2Faceitunaslosada.com%2Fweb%2Fcopia%2Fwp-content%2Fuploads%2F2020%2F07 HTTP/1.0" 200 6441 "-" "Mozilla/5.0 AppleWebKit/537.36 (KHTML, like Gecko; compatible; ClaudeBot/1.0; +claudebot@anthropic.com)"
216.73.216.183 - - [02/Oct/2025:06:51:50 +0000] "GET /product/edit/A562017392?fileloc=%2Fvar%2Fwww%2Fvhosts%2Faceitunaslosada.com%2Fweb%2Fcopia%2Fwp-content%2Fuploads%2F2020%2F05%2FIMG_9662-1-1024x576.jpg&path=%2Fvar%2Fwww%2Fvhosts%2Faceitunaslosada.com%2Fweb%2Fcopia%2Fwp-content%2Fuploads%2F2020%2F05 HTTP/1.0" 200 6443 "-" "Mozilla/5.0 AppleWebKit/537.36 (KHTML, like Gecko; compatible; ClaudeBot/1.0; +claudebot@anthropic.com)"
216.73.216.183 - - [02/Oct/2025:06:51:50 +0000] "GET /product/edit/A562017392?fileloc=%2Fvar%2Fwww%2Fvhosts%2Faceitunaslosada.com%2Fweb%2Fcopia%2Fwp-content%2Fuploads%2F2020%2F05%2FIMG_8701-40x50.jpg&path=%2Fvar%2Fwww%2Fvhosts%2Faceitunaslosada.com%2Fweb%2Fcopia%2Fwp-content%2Fuploads%2F2020%2F05 HTTP/1.0" 200 6439 "-" "Mozilla/5.0 AppleWebKit/537.36 (KHTML, like Gecko; compatible; ClaudeBot/1.0; +claudebot@anthropic.com)"
216.73.216.183 - - [02/Oct/2025:06:51:51 +0000] "GET /product/edit/A562017392?fileloc=%2Fvar%2Fwww%2Fvhosts%2Faceitunaslosada.com%2Fweb%2Fcopia%2Fwp-content%2Fuploads%2F2020%2F05%2FIMG_9579-768x432.jpg&path=%2Fvar%2Fwww%2Fvhosts%2Faceitunaslosada.com%2Fweb%2Fcopia%2Fwp-content%2Fuploads%2F2020%2F05 HTTP/1.0" 200 6442 "-" "Mozilla/5.0 AppleWebKit/537.36 (KHTML, like Gecko; compatible; ClaudeBot/1.0; +claudebot@anthropic.com)"
216.73.216.183 - - [02/Oct/2025:06:51:51 +0000] "GET /product/edit/A562017392?fileloc=%2Fvar%2Fwww%2Fvhosts%2Faceitunaslosada.com%2Fweb%2Fcopia%2Fwp-content%2Fuploads%2F2020%2F06%2F13-85x85.jpg&path=%2Fvar%2Fwww%2Fvhosts%2Faceitunaslosada.com%2Fweb%2Fcopia%2Fwp-content%2Fuploads%2F2020%2F06 HTTP/1.0" 200 6433 "-" "Mozilla/5.0 AppleWebKit/537.36 (KHTML, like Gecko; compatible; ClaudeBot/1.0; +claudebot@anthropic.com)"
216.73.216.183 - - [02/Oct/2025:06:51:51 +0000] "GET /product/edit/A562017392?fileloc=%2Fvar%2Fwww%2Fvhosts%2Faceitunaslosada.com%2Fweb%2Fcopia%2Fwp-content%2Fuploads%2F2020%2F05%2FIMG_3451-1200x675.jpg&path=%2Fvar%2Fwww%2Fvhosts%2Faceitunaslosada.com%2Fweb%2Fcopia%2Fwp-content%2Fuploads%2F2020%2F05 HTTP/1.0" 200 6442 "-" "Mozilla/5.0 AppleWebKit/537.36 (KHTML, like Gecko; compatible; ClaudeBot/1.0; +claudebot@anthropic.com)"
66.249.79.8 - - [02/Oct/2025:06:51:51 +0000] "GET /1453711022?items=1451855214 HTTP/1.0" 200 24356 "-" "Mozilla/5.0 (Linux; Android 6.0.1; Nexus 5X Build/MMB29P) AppleWebKit/537.36 (KHTML, like Gecko) Chrome/140.0.7339.207 Mobile Safari/537.36 (compatible; Googlebot/2.1; +http://www.google.com/bot.html)"
216.73.216.183 - - [02/Oct/2025:06:51:51 +0000] "GET /product/edit/A562017392?fileloc=%2Fvar%2Fwww%2Fvhosts%2Faceitunaslosada.com%2Fweb%2Fcopia%2Fwp-content%2Fuploads%2F2020%2F07%2FPPAL-2-1280x1000.jpg&path=%2Fvar%2Fwww%2Fvhosts%2Faceitunaslosada.com%2Fweb%2Fcopia%2Fwp-content%2Fuploads%2F2020%2F07 HTTP/1.0" 200 6439 "-" "Mozilla/5.0 AppleWebKit/537.36 (KHTML, like Gecko; compatible; ClaudeBot/1.0; +claudebot@anthropic.com)"
216.73.216.183 - - [02/Oct/2025:06:51:52 +0000] "GET /product/edit/A562017392?fileloc=%2Fvar%2Fwww%2Fvhosts%2Faceitunaslosada.com%2Fweb%2Fwp-content%2Fuploads%2F2020%2F05%2FIMG_9594-768x1200.jpg&path=%2Fvar%2Fwww%2Fvhosts%2Faceitunaslosada.com%2Fweb%2Fwp-content%2Fuploads%2F2020%2F05 HTTP/1.0" 200 6433 "-" "Mozilla/5.0 AppleWebKit/537.36 (KHTML, like Gecko; compatible; ClaudeBot/1.0; +claudebot@anthropic.com)"
216.73.216.183 - - [02/Oct/2025:06:51:52 +0000] "GET /product/edit/A562017392?fileloc=%2Fvar%2Fwww%2Fvhosts%2Faceitunaslosada.com%2Fweb%2Fcopia%2Fwp-content%2Fuploads%2F2020%2F07%2F28-80x80.jpg&path=%2Fvar%2Fwww%2Fvhosts%2Faceitunaslosada.com%2Fweb%2Fcopia%2Fwp-content%2Fuploads%2F2020%2F07 HTTP/1.0" 200 6433 "-" "Mozilla/5.0 AppleWebKit/537.36 (KHTML, like Gecko; compatible; ClaudeBot/1.0; +claudebot@anthropic.com)"
20.171.207.20 - - [02/Oct/2025:06:51:52 +0000] "GET /326447830?path=/ HTTP/1.0" 200 6363 "-" "Mozilla/5.0 AppleWebKit/537.36 (KHTML, like Gecko; compatible; GPTBot/1.2; +https://openai.com/gptbot)"
216.73.216.183 - - [02/Oct/2025:06:51:52 +0000] "GET /product/edit/A562017392?fileloc=%2Fvar%2Fwww%2Fvhosts%2Faceitunaslosada.com%2Fweb%2Fwp-content%2Fuploads%2F2020%2F05%2FIMG_0104-2-85x85.jpg&path=%2Fvar%2Fwww%2Fvhosts%2Faceitunaslosada.com%2Fweb%2Fwp-content%2Fuploads%2F2020%2F05 HTTP/1.0" 200 6431 "-" "Mozilla/5.0 AppleWebKit/537.36 (KHTML, like Gecko; compatible; ClaudeBot/1.0; +claudebot@anthropic.com)"
92.222.104.208 - - [02/Oct/2025:06:51:52 +0000] "GET /603815941?items=0603045566 HTTP/1.0" 200 8512 "-" "Mozilla/5.0 (compatible; AhrefsBot/7.0; +http://ahrefs.com/robot/)"
216.73.216.183 - - [02/Oct/2025:06:51:53 +0000] "GET /product/edit/A562017392?fileloc=%2Fvar%2Fwww%2Fvhosts%2Faceitunaslosada.com%2Fweb%2Fwp-content%2Fuploads%2F2018%2F02%2Fhome_farm_history1-150x150.jpg&path=%2Fvar%2Fwww%2Fvhosts%2Faceitunaslosada.com%2Fweb%2Fwp-content%2Fuploads%2F2018%2F02 HTTP/1.0" 200 6437 "-" "Mozilla/5.0 AppleWebKit/537.36 (KHTML, like Gecko; compatible; ClaudeBot/1.0; +claudebot@anthropic.com)"
216.73.216.183 - - [02/Oct/2025:06:51:53 +0000] "GET /product/edit/A562017392?fileloc=%2Fvar%2Fwww%2Fvhosts%2Faceitunaslosada.com%2Fweb%2Fcopia%2Fwp-content%2Fuploads%2F2020%2F05%2FIMG_8483-1536x2048.jpg&path=%2Fvar%2Fwww%2Fvhosts%2Faceitunaslosada.com%2Fweb%2Fcopia%2Fwp-content%2Fuploads%2F2020%2F05 HTTP/1.0" 200 6443 "-" "Mozilla/5.0 AppleWebKit/537.36 (KHTML, like Gecko; compatible; ClaudeBot/1.0; +claudebot@anthropic.com)"
98.82.59.253 - - [02/Oct/2025:06:51:53 +0000] "GET /2020/10/13/100-natural-sin-conservantes/?path=/var/www/vhosts/aceitunaslosada.com/web/wp-content/plugins/w3-total-cache/vendor/aws/aws-sdk-php/src/Transfer/Exception HTTP/1.0" 200 6868 "-" "Mozilla/5.0 AppleWebKit/537.36 (KHTML, like Gecko; compatible; Amazonbot/0.1; +https://developer.amazon.com/support/amazonbot) Chrome/119.0.6045.214 Safari/537.36"
216.73.216.183 - - [02/Oct/2025:06:51:53 +0000] "GET /product/edit/A562017392?path=%2Fvar%2Fwww%2Fvhosts%2Faceitunaslosada.com%2Fweb%2Fwp-content%2Fuploads%2Frevslider%2Ftemplates%2Fhappy-holidays-hero HTTP/1.0" 200 6829 "-" "Mozilla/5.0 AppleWebKit/537.36 (KHTML, like Gecko; compatible; ClaudeBot/1.0; +claudebot@anthropic.com)"
216.73.216.183 - - [02/Oct/2025:06:51:53 +0000] "GET /product/edit/A562017392?fileloc=%2Fvar%2Fwww%2Fvhosts%2Faceitunaslosada.com%2Fweb%2Fwp-content%2Fuploads%2F2020%2F05%2FIMG_0154-2.jpg&path=%2Fvar%2Fwww%2Fvhosts%2Faceitunaslosada.com%2Fweb%2Fwp-content%2Fuploads%2F2020%2F05 HTTP/1.0" 200 6426 "-" "Mozilla/5.0 AppleWebKit/537.36 (KHTML, like Gecko; compatible; ClaudeBot/1.0; +claudebot@anthropic.com)"
216.73.216.183 - - [02/Oct/2025:06:51:53 +0000] "GET /product/edit/A562017392?fileloc=%2Fvar%2Fwww%2Fvhosts%2Faceitunaslosada.com%2Fweb%2Fwp-content%2Fuploads%2F2020%2F05%2F23-80x80.jpg&path=%2Fvar%2Fwww%2Fvhosts%2Faceitunaslosada.com%2Fweb%2Fwp-content%2Fuploads%2F2020%2F05 HTTP/1.0" 200 6423 "-" "Mozilla/5.0 AppleWebKit/537.36 (KHTML, like Gecko; compatible; ClaudeBot/1.0; +claudebot@anthropic.com)"
216.73.216.183 - - [02/Oct/2025:06:51:54 +0000] "GET /product/edit/A562017392?fileloc=%2Fvar%2Fwww%2Fvhosts%2Faceitunaslosada.com%2Fweb%2Fwp-content%2Fuploads%2F2020%2F10%2FIMG_0246.jpg&path=%2Fvar%2Fwww%2Fvhosts%2Faceitunaslosada.com%2Fweb%2Fwp-content%2Fuploads%2F2020%2F10 HTTP/1.0" 200 6423 "-" "Mozilla/5.0 AppleWebKit/537.36 (KHTML, like Gecko; compatible; ClaudeBot/1.0; +claudebot@anthropic.com)"
216.73.216.183 - - [02/Oct/2025:06:51:54 +0000] "GET /product/edit/A562017392?fileloc=%2Fvar%2Fwww%2Fvhosts%2Faceitunaslosada.com%2Fweb%2Fcopia%2Fwp-content%2Fuploads%2F2020%2F11%2Fpico-limon-1280x500.jpg&path=%2Fvar%2Fwww%2Fvhosts%2Faceitunaslosada.com%2Fweb%2Fcopia%2Fwp-content%2Fuploads%2F2020%2F11 HTTP/1.0" 200 6439 "-" "Mozilla/5.0 AppleWebKit/537.36 (KHTML, like Gecko; compatible; ClaudeBot/1.0; +claudebot@anthropic.com)"
20.171.207.71 - - [02/Oct/2025:06:51:54 +0000] "GET /79270312?path=/var/www/vhosts/aceitunaslosada.com/web/images/images HTTP/1.0" 200 6879 "-" "Mozilla/5.0 AppleWebKit/537.36 (KHTML, like Gecko; compatible; GPTBot/1.2; +https://openai.com/gptbot)"
216.73.216.183 - - [02/Oct/2025:06:51:54 +0000] "GET /product/edit/A562017392?fileloc=%2Fvar%2Fwww%2Fvhosts%2Faceitunaslosada.com%2Fweb%2Fcopia%2Fwp-content%2Fuploads%2F2020%2F05%2FIMG_0117-1200x675.jpg&path=%2Fvar%2Fwww%2Fvhosts%2Faceitunaslosada.com%2Fweb%2Fcopia%2Fwp-content%2Fuploads%2F2020%2F05 HTTP/1.0" 200 6442 "-" "Mozilla/5.0 AppleWebKit/537.36 (KHTML, like Gecko; compatible; ClaudeBot/1.0; +claudebot@anthropic.com)"
216.73.216.183 - - [02/Oct/2025:06:51:55 +0000] "GET /product/edit/A562017392?fileloc=%2Fvar%2Fwww%2Fvhosts%2Faceitunaslosada.com%2Fweb%2Fcopia%2Fwp-content%2Fuploads%2F2020%2F05%2FIMG_3526-225x300.jpg&path=%2Fvar%2Fwww%2Fvhosts%2Faceitunaslosada.com%2Fweb%2Fcopia%2Fwp-content%2Fuploads%2F2020%2F05 HTTP/1.0" 200 6441 "-" "Mozilla/5.0 AppleWebKit/537.36 (KHTML, like Gecko; compatible; ClaudeBot/1.0; +claudebot@anthropic.com)"
207.46.13.154 - - [02/Oct/2025:06:51:56 +0000] "GET /1324027960?items=1322337774 HTTP/1.0" 200 3609 "-" "Mozilla/5.0 AppleWebKit/537.36 (KHTML, like Gecko; compatible; bingbot/2.0; +http://www.bing.com/bingbot.htm) Chrome/116.0.1938.76 Safari/537.36"
216.73.216.183 - - [02/Oct/2025:06:51:55 +0000] "GET /product/edit/A562017392?fileloc=%2Fvar%2Fwww%2Fvhosts%2Faceitunaslosada.com%2Fweb%2Fwp-content%2Fuploads%2F2020%2F05%2Fhome_farm_history1-780x500.jpg&path=%2Fvar%2Fwww%2Fvhosts%2Faceitunaslosada.com%2Fweb%2Fwp-content%2Fuploads%2F2020%2F05 HTTP/1.0" 200 6437 "-" "Mozilla/5.0 AppleWebKit/537.36 (KHTML, like Gecko; compatible; ClaudeBot/1.0; +claudebot@anthropic.com)"
216.73.216.183 - - [02/Oct/2025:06:51:56 +0000] "GET /product/edit/A562017392?fileloc=%2Fvar%2Fwww%2Fvhosts%2Faceitunaslosada.com%2Fweb%2Fcopia%2Fwp-content%2Fuploads%2F2020%2F06%2F22-80x80.jpg&path=%2Fvar%2Fwww%2Fvhosts%2Faceitunaslosada.com%2Fweb%2Fcopia%2Fwp-content%2Fuploads%2F2020%2F06 HTTP/1.0" 200 6432 "-" "Mozilla/5.0 AppleWebKit/537.36 (KHTML, like Gecko; compatible; ClaudeBot/1.0; +claudebot@anthropic.com)"
216.73.216.183 - - [02/Oct/2025:06:51:56 +0000] "GET /product/edit/A562017392?fileloc=%2Fvar%2Fwww%2Fvhosts%2Faceitunaslosada.com%2Fweb%2Fcopia%2Fwp-content%2Fuploads%2F2020%2F07%2F1.png&path=%2Fvar%2Fwww%2Fvhosts%2Faceitunaslosada.com%2Fweb%2Fcopia%2Fwp-content%2Fuploads%2F2020%2F07 HTTP/1.0" 200 6426 "-" "Mozilla/5.0 AppleWebKit/537.36 (KHTML, like Gecko; compatible; ClaudeBot/1.0; +claudebot@anthropic.com)"
216.73.216.183 - - [02/Oct/2025:06:51:56 +0000] "GET /product/edit/A562017392?fileloc=%2Fvar%2Fwww%2Fvhosts%2Faceitunaslosada.com%2Fweb%2Fcopia%2Fwp-content%2Fuploads%2F2020%2F06%2FIMG_9605-768x1200.jpg&path=%2Fvar%2Fwww%2Fvhosts%2Faceitunaslosada.com%2Fweb%2Fcopia%2Fwp-content%2Fuploads%2F2020%2F06 HTTP/1.0" 200 6442 "-" "Mozilla/5.0 AppleWebKit/537.36 (KHTML, like Gecko; compatible; ClaudeBot/1.0; +claudebot@anthropic.com)"
216.73.216.183 - - [02/Oct/2025:06:51:56 +0000] "GET /product/edit/A562017392?fileloc=%2Fvar%2Fwww%2Fvhosts%2Faceitunaslosada.com%2Fweb%2Fwp-content%2Fuploads%2F2020%2F09%2FIMG_6821-768x1200.jpg&path=%2Fvar%2Fwww%2Fvhosts%2Faceitunaslosada.com%2Fweb%2Fwp-content%2Fuploads%2F2020%2F09 HTTP/1.0" 200 6433 "-" "Mozilla/5.0 AppleWebKit/537.36 (KHTML, like Gecko; compatible; ClaudeBot/1.0; +claudebot@anthropic.com)"
216.73.216.183 - - [02/Oct/2025:06:51:57 +0000] "GET /product/edit/A562017392?fileloc=%2Fvar%2Fwww%2Fvhosts%2Faceitunaslosada.com%2Fweb%2Fcopia%2Fwp-content%2Fuploads%2F2020%2F07%2FMANOLO-GIL-768x1200.jpg&path=%2Fvar%2Fwww%2Fvhosts%2Faceitunaslosada.com%2Fweb%2Fcopia%2Fwp-content%2Fuploads%2F2020%2F07 HTTP/1.0" 200 6445 "-" "Mozilla/5.0 AppleWebKit/537.36 (KHTML, like Gecko; compatible; ClaudeBot/1.0; +claudebot@anthropic.com)"
216.73.216.183 - - [02/Oct/2025:06:51:57 +0000] "GET /product/edit/A562017392?fileloc=%2Fvar%2Fwww%2Fvhosts%2Faceitunaslosada.com%2Fweb%2Fwp-content%2Fuploads%2F2020%2F10%2FIMG_0176-768x1200.jpg&path=%2Fvar%2Fwww%2Fvhosts%2Faceitunaslosada.com%2Fweb%2Fwp-content%2Fuploads%2F2020%2F10 HTTP/1.0" 200 6431 "-" "Mozilla/5.0 AppleWebKit/537.36 (KHTML, like Gecko; compatible; ClaudeBot/1.0; +claudebot@anthropic.com)"
216.73.216.183 - - [02/Oct/2025:06:51:57 +0000] "GET /product/edit/A562017392?fileloc=%2Fvar%2Fwww%2Fvhosts%2Faceitunaslosada.com%2Fweb%2Fcopia%2Fwp-content%2Fuploads%2F2020%2F05%2FIMG_0117-50x38.jpg&path=%2Fvar%2Fwww%2Fvhosts%2Faceitunaslosada.com%2Fweb%2Fcopia%2Fwp-content%2Fuploads%2F2020%2F05 HTTP/1.0" 200 6439 "-" "Mozilla/5.0 AppleWebKit/537.36 (KHTML, like Gecko; compatible; ClaudeBot/1.0; +claudebot@anthropic.com)"
52.44.174.136 - - [02/Oct/2025:06:51:58 +0000] "GET /2022/02/28/la-vie-en-rose/?fileloc=/var/www/vhosts/aceitunaslosada.com/web/wp-content/plugins/w3-total-cache/vendor/aws/aws-sdk-php/src/data/cloudfront/2016-09-07/api-2.json.php&path=/var/www/vhosts/aceitunaslosada.com/web/wp-content/plugins/w3-total-cache/vendor/aws/aws-sdk-php/src/data/cloudfront/2016-09-07 HTTP/1.0" 200 12029 "-" "Mozilla/5.0 AppleWebKit/537.36 (KHTML, like Gecko; compatible; Amazonbot/0.1; +https://developer.amazon.com/support/amazonbot) Chrome/119.0.6045.214 Safari/537.36"
216.73.216.183 - - [02/Oct/2025:06:51:58 +0000] "GET /product/edit/A562017392?fileloc=%2Fvar%2Fwww%2Fvhosts%2Faceitunaslosada.com%2Fweb%2Fcopia%2Fwp-content%2Fuploads%2F2020%2F05%2FIMG_9591-2-85x85.jpg&path=%2Fvar%2Fwww%2Fvhosts%2Faceitunaslosada.com%2Fweb%2Fcopia%2Fwp-content%2Fuploads%2F2020%2F05 HTTP/1.0" 200 6441 "-" "Mozilla/5.0 AppleWebKit/537.36 (KHTML, like Gecko; compatible; ClaudeBot/1.0; +claudebot@anthropic.com)"
216.73.216.183 - - [02/Oct/2025:06:51:58 +0000] "GET /product/edit/A562017392?fileloc=%2Fvar%2Fwww%2Fvhosts%2Faceitunaslosada.com%2Fweb%2Fcopia%2Fwp-content%2Fuploads%2F2020%2F05%2FIMG_9820-200x300.jpg&path=%2Fvar%2Fwww%2Fvhosts%2Faceitunaslosada.com%2Fweb%2Fcopia%2Fwp-content%2Fuploads%2F2020%2F05 HTTP/1.0" 200 6440 "-" "Mozilla/5.0 AppleWebKit/537.36 (KHTML, like Gecko; compatible; ClaudeBot/1.0; +claudebot@anthropic.com)"
216.73.216.183 - - [02/Oct/2025:06:51:58 +0000] "GET /product/edit/A562017392?path=%2Fvar%2Fwww%2Fvhosts%2Faceitunaslosada.com%2Fweb%2Fwp-content%2Fuploads%2Frevslider%2Ftemplates%2Fmedicare-research HTTP/1.0" 200 6945 "-" "Mozilla/5.0 AppleWebKit/537.36 (KHTML, like Gecko; compatible; ClaudeBot/1.0; +claudebot@anthropic.com)"
216.73.216.183 - - [02/Oct/2025:06:51:58 +0000] "GET /product/edit/A562017392?fileloc=%2Fvar%2Fwww%2Fvhosts%2Faceitunaslosada.com%2Fweb%2Fcopia%2Fwp-content%2Fuploads%2F2020%2F10%2FIMG_3212-80x80.jpg&path=%2Fvar%2Fwww%2Fvhosts%2Faceitunaslosada.com%2Fweb%2Fcopia%2Fwp-content%2Fuploads%2F2020%2F10 HTTP/1.0" 200 6437 "-" "Mozilla/5.0 AppleWebKit/537.36 (KHTML, like Gecko; compatible; ClaudeBot/1.0; +claudebot@anthropic.com)"
216.73.216.183 - - [02/Oct/2025:06:51:59 +0000] "GET /product/edit/A562017392?fileloc=%2Fvar%2Fwww%2Fvhosts%2Faceitunaslosada.com%2Fweb%2Fcopia%2Fwp-content%2Fuploads%2F2020%2F05%2FIMG_0154-1-768x960.jpg&path=%2Fvar%2Fwww%2Fvhosts%2Faceitunaslosada.com%2Fweb%2Fcopia%2Fwp-content%2Fuploads%2F2020%2F05 HTTP/1.0" 200 6443 "-" "Mozilla/5.0 AppleWebKit/537.36 (KHTML, like Gecko; compatible; ClaudeBot/1.0; +claudebot@anthropic.com)"
216.73.216.183 - - [02/Oct/2025:06:51:59 +0000] "GET /product/edit/A562017392?path=%2Fvar%2Fwww%2Fvhosts%2Faceitunaslosada.com%2Fweb%2Fwp-content%2Fuploads%2Frevslider%2Ftemplates%2Fzen-testimonials HTTP/1.0" 200 6929 "-" "Mozilla/5.0 AppleWebKit/537.36 (KHTML, like Gecko; compatible; ClaudeBot/1.0; +claudebot@anthropic.com)"
216.73.216.183 - - [02/Oct/2025:06:51:59 +0000] "GET /product/edit/A562017392?fileloc=%2Fvar%2Fwww%2Fvhosts%2Faceitunaslosada.com%2Fweb%2Fcopia%2Fwp-content%2Fuploads%2F2020%2F05%2FIMG_9590-300x200.jpg&path=%2Fvar%2Fwww%2Fvhosts%2Faceitunaslosada.com%2Fweb%2Fcopia%2Fwp-content%2Fuploads%2F2020%2F05 HTTP/1.0" 200 6441 "-" "Mozilla/5.0 AppleWebKit/537.36 (KHTML, like Gecko; compatible; ClaudeBot/1.0; +claudebot@anthropic.com)"
216.73.216.183 - - [02/Oct/2025:06:51:59 +0000] "GET /product/edit/A562017392?fileloc=%2Fvar%2Fwww%2Fvhosts%2Faceitunaslosada.com%2Fweb%2Fcopia%2Fwp-content%2Fuploads%2F2020%2F10%2FIMG_3212-1-80x80.jpg&path=%2Fvar%2Fwww%2Fvhosts%2Faceitunaslosada.com%2Fweb%2Fcopia%2Fwp-content%2Fuploads%2F2020%2F10 HTTP/1.0" 200 6439 "-" "Mozilla/5.0 AppleWebKit/537.36 (KHTML, like Gecko; compatible; ClaudeBot/1.0; +claudebot@anthropic.com)"
216.73.216.183 - - [02/Oct/2025:06:51:59 +0000] "GET /product/edit/A562017392?fileloc=%2Fvar%2Fwww%2Fvhosts%2Faceitunaslosada.com%2Fweb%2Fcopia%2Fwp-content%2Fuploads%2F2020%2F07%2FEQUIPO2-1-80x80.jpg&path=%2Fvar%2Fwww%2Fvhosts%2Faceitunaslosada.com%2Fweb%2Fcopia%2Fwp-content%2Fuploads%2F2020%2F07 HTTP/1.0" 200 6441 "-" "Mozilla/5.0 AppleWebKit/537.36 (KHTML, like Gecko; compatible; ClaudeBot/1.0; +claudebot@anthropic.com)"
20.171.207.71 - - [02/Oct/2025:06:52:00 +0000] "GET /48223412?path=/var/www/vhosts/aceitunaslosada.com/web/images/images/images HTTP/1.0" 200 7088 "-" "Mozilla/5.0 AppleWebKit/537.36 (KHTML, like Gecko; compatible; GPTBot/1.2; +https://openai.com/gptbot)"
216.73.216.183 - - [02/Oct/2025:06:52:00 +0000] "GET /product/edit/A562017392?fileloc=%2Fvar%2Fwww%2Fvhosts%2Faceitunaslosada.com%2Fweb%2Fwp-content%2Fuploads%2F2020%2F06%2Fexito.png&path=%2Fvar%2Fwww%2Fvhosts%2Faceitunaslosada.com%2Fweb%2Fwp-content%2Fuploads%2F2020%2F06 HTTP/1.0" 200 6418 "-" "Mozilla/5.0 AppleWebKit/537.36 (KHTML, like Gecko; compatible; ClaudeBot/1.0; +claudebot@anthropic.com)"
216.73.216.183 - - [02/Oct/2025:06:52:00 +0000] "GET /product/edit/A562017392?fileloc=%2Fvar%2Fwww%2Fvhosts%2Faceitunaslosada.com%2Fweb%2Fcopia%2Fwp-content%2Fuploads%2F2020%2F05%2FIMG_3451-1280x500.jpg&path=%2Fvar%2Fwww%2Fvhosts%2Faceitunaslosada.com%2Fweb%2Fcopia%2Fwp-content%2Fuploads%2F2020%2F05 HTTP/1.0" 200 6442 "-" "Mozilla/5.0 AppleWebKit/537.36 (KHTML, like Gecko; compatible; ClaudeBot/1.0; +claudebot@anthropic.com)"
216.73.216.183 - - [02/Oct/2025:06:52:00 +0000] "GET /product/edit/A562017392?fileloc=%2Fvar%2Fwww%2Fvhosts%2Faceitunaslosada.com%2Fweb%2Fcopia%2Fwp-content%2Fuploads%2F2020%2F05%2F3-768x983.jpg&path=%2Fvar%2Fwww%2Fvhosts%2Faceitunaslosada.com%2Fweb%2Fcopia%2Fwp-content%2Fuploads%2F2020%2F05 HTTP/1.0" 200 6434 "-" "Mozilla/5.0 AppleWebKit/537.36 (KHTML, like Gecko; compatible; ClaudeBot/1.0; +claudebot@anthropic.com)"
216.73.216.183 - - [02/Oct/2025:06:52:01 +0000] "GET /product/edit/A562017392?fileloc=%2Fvar%2Fwww%2Fvhosts%2Faceitunaslosada.com%2Fweb%2Fcopia%2Fwp-content%2Fuploads%2F2020%2F05%2FIMG_2050-1630x860.jpg&path=%2Fvar%2Fwww%2Fvhosts%2Faceitunaslosada.com%2Fweb%2Fcopia%2Fwp-content%2Fuploads%2F2020%2F05 HTTP/1.0" 200 6441 "-" "Mozilla/5.0 AppleWebKit/537.36 (KHTML, like Gecko; compatible; ClaudeBot/1.0; +claudebot@anthropic.com)"
216.73.216.183 - - [02/Oct/2025:06:52:01 +0000] "GET /product/edit/A562017392?fileloc=%2Fvar%2Fwww%2Fvhosts%2Faceitunaslosada.com%2Fweb%2Fwp-content%2Fuploads%2F2020%2F11%2Fmaridaje-pico-limon-768x1200.jpg&path=%2Fvar%2Fwww%2Fvhosts%2Faceitunaslosada.com%2Fweb%2Fwp-content%2Fuploads%2F2020%2F11 HTTP/1.0" 200 6436 "-" "Mozilla/5.0 AppleWebKit/537.36 (KHTML, like Gecko; compatible; ClaudeBot/1.0; +claudebot@anthropic.com)"
216.73.216.183 - - [02/Oct/2025:06:52:01 +0000] "GET /product/edit/A562017392?fileloc=%2Fvar%2Fwww%2Fvhosts%2Faceitunaslosada.com%2Fweb%2Fwp-content%2Fuploads%2F2020%2F05%2FIMG_3133-768x1200.jpg&path=%2Fvar%2Fwww%2Fvhosts%2Faceitunaslosada.com%2Fweb%2Fwp-content%2Fuploads%2F2020%2F05 HTTP/1.0" 200 6433 "-" "Mozilla/5.0 AppleWebKit/537.36 (KHTML, like Gecko; compatible; ClaudeBot/1.0; +claudebot@anthropic.com)"
216.73.216.183 - - [02/Oct/2025:06:52:01 +0000] "GET /product/edit/A562017392?fileloc=%2Fvar%2Fwww%2Fvhosts%2Faceitunaslosada.com%2Fweb%2Fcopia%2Fwp-content%2Fuploads%2F2020%2F10%2FIMG_5090-2-768x1200.jpg&path=%2Fvar%2Fwww%2Fvhosts%2Faceitunaslosada.com%2Fweb%2Fcopia%2Fwp-content%2Fuploads%2F2020%2F10 HTTP/1.0" 200 6442 "-" "Mozilla/5.0 AppleWebKit/537.36 (KHTML, like Gecko; compatible; ClaudeBot/1.0; +claudebot@anthropic.com)"
216.73.216.183 - - [02/Oct/2025:06:52:02 +0000] "GET /product/edit/A562017392?fileloc=%2Fvar%2Fwww%2Fvhosts%2Faceitunaslosada.com%2Fweb%2Fcopia%2Fwp-content%2Fuploads%2F2020%2F10%2FIMG_0151-85x85.jpg&path=%2Fvar%2Fwww%2Fvhosts%2Faceitunaslosada.com%2Fweb%2Fcopia%2Fwp-content%2Fuploads%2F2020%2F10 HTTP/1.0" 200 6438 "-" "Mozilla/5.0 AppleWebKit/537.36 (KHTML, like Gecko; compatible; ClaudeBot/1.0; +claudebot@anthropic.com)"
50.19.102.70 - - [02/Oct/2025:06:52:02 +0000] "GET /producto/mix-de-aceitunas-naturales-sin-hueso-2/?path=/var/www/vhosts/aceitunaslosada.com/web/wp-content/cache/page_enhanced/aceitunaslosada.com/ads.txt HTTP/1.0" 200 6818 "-" "Mozilla/5.0 AppleWebKit/537.36 (KHTML, like Gecko; compatible; Amazonbot/0.1; +https://developer.amazon.com/support/amazonbot) Chrome/119.0.6045.214 Safari/537.36"
66.249.79.8 - - [02/Oct/2025:06:52:02 +0000] "GET /gesture061000276.html HTTP/1.0" 200 24791 "-" "Mozilla/5.0 (Linux; Android 6.0.1; Nexus 5X Build/MMB29P) AppleWebKit/537.36 (KHTML, like Gecko) Chrome/140.0.7339.207 Mobile Safari/537.36 (compatible; Googlebot/2.1; +http://www.google.com/bot.html)"
216.73.216.183 - - [02/Oct/2025:06:52:02 +0000] "GET /product/edit/A562017392?fileloc=%2Fvar%2Fwww%2Fvhosts%2Faceitunaslosada.com%2Fweb%2Fcopia%2Fwp-content%2Fuploads%2F2020%2F05%2FIMG_9552-1-33x50.jpg&path=%2Fvar%2Fwww%2Fvhosts%2Faceitunaslosada.com%2Fweb%2Fcopia%2Fwp-content%2Fuploads%2F2020%2F05 HTTP/1.0" 200 6441 "-" "Mozilla/5.0 AppleWebKit/537.36 (KHTML, like Gecko; compatible; ClaudeBot/1.0; +claudebot@anthropic.com)"
216.73.216.183 - - [02/Oct/2025:06:52:02 +0000] "GET /product/edit/A562017392?fileloc=%2Fvar%2Fwww%2Fvhosts%2Faceitunaslosada.com%2Fweb%2Fcopia%2Fwp-content%2Fuploads%2F2020%2F05%2F1-780x720.jpg&path=%2Fvar%2Fwww%2Fvhosts%2Faceitunaslosada.com%2Fweb%2Fcopia%2Fwp-content%2Fuploads%2F2020%2F05 HTTP/1.0" 200 6434 "-" "Mozilla/5.0 AppleWebKit/537.36 (KHTML, like Gecko; compatible; ClaudeBot/1.0; +claudebot@anthropic.com)"
216.73.216.183 - - [02/Oct/2025:06:52:03 +0000] "GET /product/edit/A562017392?fileloc=%2Fvar%2Fwww%2Fvhosts%2Faceitunaslosada.com%2Fweb%2Fcopia%2Fwp-content%2Fuploads%2F2020%2F06%2FIMG_9654-768x1200.jpg&path=%2Fvar%2Fwww%2Fvhosts%2Faceitunaslosada.com%2Fweb%2Fcopia%2Fwp-content%2Fuploads%2F2020%2F06 HTTP/1.0" 200 6442 "-" "Mozilla/5.0 AppleWebKit/537.36 (KHTML, like Gecko; compatible; ClaudeBot/1.0; +claudebot@anthropic.com)"
216.73.216.183 - - [02/Oct/2025:06:52:03 +0000] "GET /product/edit/A562017392?fileloc=%2Fvar%2Fwww%2Fvhosts%2Faceitunaslosada.com%2Fweb%2Fwp-content%2Fuploads%2F2020%2F05%2FIMG_2048.jpg&path=%2Fvar%2Fwww%2Fvhosts%2Faceitunaslosada.com%2Fweb%2Fwp-content%2Fuploads%2F2020%2F05 HTTP/1.0" 200 6425 "-" "Mozilla/5.0 AppleWebKit/537.36 (KHTML, like Gecko; compatible; ClaudeBot/1.0; +claudebot@anthropic.com)"
216.73.216.183 - - [02/Oct/2025:06:52:03 +0000] "GET /product/edit/A562017392?fileloc=%2Fvar%2Fwww%2Fvhosts%2Faceitunaslosada.com%2Fweb%2Fcopia%2Fwp-content%2Fuploads%2F2020%2F05%2FIMG_9821-1-80x80.jpg&path=%2Fvar%2Fwww%2Fvhosts%2Faceitunaslosada.com%2Fweb%2Fcopia%2Fwp-content%2Fuploads%2F2020%2F05 HTTP/1.0" 200 6441 "-" "Mozilla/5.0 AppleWebKit/537.36 (KHTML, like Gecko; compatible; ClaudeBot/1.0; +claudebot@anthropic.com)"
216.73.216.183 - - [02/Oct/2025:06:52:04 +0000] "GET /product/edit/A562017392?fileloc=%2Fvar%2Fwww%2Fvhosts%2Faceitunaslosada.com%2Fweb%2Fcopia%2Fwp-content%2Fuploads%2F2020%2F05%2FIMG_9833-300x200.jpg&path=%2Fvar%2Fwww%2Fvhosts%2Faceitunaslosada.com%2Fweb%2Fcopia%2Fwp-content%2Fuploads%2F2020%2F05 HTTP/1.0" 200 6441 "-" "Mozilla/5.0 AppleWebKit/537.36 (KHTML, like Gecko; compatible; ClaudeBot/1.0; +claudebot@anthropic.com)"
216.73.216.183 - - [02/Oct/2025:06:52:04 +0000] "GET /product/edit/A562017392?fileloc=%2Fvar%2Fwww%2Fvhosts%2Faceitunaslosada.com%2Fweb%2Fcopia%2Fwp-content%2Fuploads%2F2020%2F06%2FIMG_7038-768x1200.jpg&path=%2Fvar%2Fwww%2Fvhosts%2Faceitunaslosada.com%2Fweb%2Fcopia%2Fwp-content%2Fuploads%2F2020%2F06 HTTP/1.0" 200 6442 "-" "Mozilla/5.0 AppleWebKit/537.36 (KHTML, like Gecko; compatible; ClaudeBot/1.0; +claudebot@anthropic.com)"
216.73.216.183 - - [02/Oct/2025:06:52:04 +0000] "GET /product/edit/A562017392?fileloc=%2Fvar%2Fwww%2Fvhosts%2Faceitunaslosada.com%2Fweb%2Fcopia%2Fwp-content%2Fuploads%2F2020%2F10%2FCORNICABRA-1024x752.jpg&path=%2Fvar%2Fwww%2Fvhosts%2Faceitunaslosada.com%2Fweb%2Fcopia%2Fwp-content%2Fuploads%2F2020%2F10 HTTP/1.0" 200 6444 "-" "Mozilla/5.0 AppleWebKit/537.36 (KHTML, like Gecko; compatible; ClaudeBot/1.0; +claudebot@anthropic.com)"
216.73.216.183 - - [02/Oct/2025:06:52:04 +0000] "GET /product/edit/A562017392?fileloc=%2Fvar%2Fwww%2Fvhosts%2Faceitunaslosada.com%2Fweb%2Fcopia%2Fwp-content%2Fuploads%2F2020%2F09%2FIMG_6821-1630x860.jpg&path=%2Fvar%2Fwww%2Fvhosts%2Faceitunaslosada.com%2Fweb%2Fcopia%2Fwp-content%2Fuploads%2F2020%2F09 HTTP/1.0" 200 6441 "-" "Mozilla/5.0 AppleWebKit/537.36 (KHTML, like Gecko; compatible; ClaudeBot/1.0; +claudebot@anthropic.com)"
216.73.216.183 - - [02/Oct/2025:06:52:05 +0000] "GET /product/edit/A562017392?fileloc=%2Fvar%2Fwww%2Fvhosts%2Faceitunaslosada.com%2Fweb%2Fwp-content%2Fuploads%2F2020%2F05%2FIMG_9830-scaled.jpg&path=%2Fvar%2Fwww%2Fvhosts%2Faceitunaslosada.com%2Fweb%2Fwp-content%2Fuploads%2F2020%2F05 HTTP/1.0" 200 6429 "-" "Mozilla/5.0 AppleWebKit/537.36 (KHTML, like Gecko; compatible; ClaudeBot/1.0; +claudebot@anthropic.com)"
66.249.79.137 - - [02/Oct/2025:06:52:05 +0000] "GET /539922322?items=0539233550 HTTP/1.0" 200 24985 "-" "Mozilla/5.0 (Linux; Android 6.0.1; Nexus 5X Build/MMB29P) AppleWebKit/537.36 (KHTML, like Gecko) Chrome/140.0.7339.207 Mobile Safari/537.36 (compatible; Googlebot/2.1; +http://www.google.com/bot.html)"
216.73.216.183 - - [02/Oct/2025:06:52:05 +0000] "GET /product/edit/A562017392?fileloc=%2Fvar%2Fwww%2Fvhosts%2Faceitunaslosada.com%2Fweb%2Fcopia%2Fwp-content%2Fuploads%2F2020%2F05%2FIMG_3133-1630x860.jpg&path=%2Fvar%2Fwww%2Fvhosts%2Faceitunaslosada.com%2Fweb%2Fcopia%2Fwp-content%2Fuploads%2F2020%2F05 HTTP/1.0" 200 6441 "-" "Mozilla/5.0 AppleWebKit/537.36 (KHTML, like Gecko; compatible; ClaudeBot/1.0; +claudebot@anthropic.com)"
216.73.216.183 - - [02/Oct/2025:06:52:06 +0000] "GET /product/edit/A562017392?fileloc=%2Fvar%2Fwww%2Fvhosts%2Faceitunaslosada.com%2Fweb%2Fcopia%2Fwp-content%2Fuploads%2F2020%2F10%2FIMG_0199-960x720.jpg&path=%2Fvar%2Fwww%2Fvhosts%2Faceitunaslosada.com%2Fweb%2Fcopia%2Fwp-content%2Fuploads%2F2020%2F10 HTTP/1.0" 200 6439 "-" "Mozilla/5.0 AppleWebKit/537.36 (KHTML, like Gecko; compatible; ClaudeBot/1.0; +claudebot@anthropic.com)"
3.210.223.61 - - [02/Oct/2025:06:52:06 +0000] "GET /2022/02/24/keep-growing-new-plantations/?path=/var/www/vhosts/aceitunaslosada.com/web/wp-content/plugins/w3-total-cache/vendor/aws/aws-sdk-php/src/Arn/S3 HTTP/1.0" 200 7058 "-" "Mozilla/5.0 AppleWebKit/537.36 (KHTML, like Gecko; compatible; Amazonbot/0.1; +https://developer.amazon.com/support/amazonbot) Chrome/119.0.6045.214 Safari/537.36"
216.73.216.183 - - [02/Oct/2025:06:52:06 +0000] "GET /product/edit/A562017392?fileloc=%2Fvar%2Fwww%2Fvhosts%2Faceitunaslosada.com%2Fweb%2Fcopia%2Fwp-content%2Fuploads%2F2020%2F05%2FIMG_9662-5-768x1125.jpg&path=%2Fvar%2Fwww%2Fvhosts%2Faceitunaslosada.com%2Fweb%2Fcopia%2Fwp-content%2Fuploads%2F2020%2F05 HTTP/1.0" 200 6444 "-" "Mozilla/5.0 AppleWebKit/537.36 (KHTML, like Gecko; compatible; ClaudeBot/1.0; +claudebot@anthropic.com)"
216.73.216.183 - - [02/Oct/2025:06:52:06 +0000] "GET /product/edit/A562017392?fileloc=%2Fvar%2Fwww%2Fvhosts%2Faceitunaslosada.com%2Fweb%2Fwp-content%2Fuploads%2F2020%2F05%2FIMG_4493.jpg&path=%2Fvar%2Fwww%2Fvhosts%2Faceitunaslosada.com%2Fweb%2Fwp-content%2Fuploads%2F2020%2F05 HTTP/1.0" 200 6425 "-" "Mozilla/5.0 AppleWebKit/537.36 (KHTML, like Gecko; compatible; ClaudeBot/1.0; +claudebot@anthropic.com)"
216.73.216.183 - - [02/Oct/2025:06:52:06 +0000] "GET /product/edit/A562017392?fileloc=%2Fvar%2Fwww%2Fvhosts%2Faceitunaslosada.com%2Fweb%2Fcopia%2Fwp-content%2Fuploads%2F2020%2F05%2F7.-PICO-LIMON-150x150.jpg&path=%2Fvar%2Fwww%2Fvhosts%2Faceitunaslosada.com%2Fweb%2Fcopia%2Fwp-content%2Fuploads%2F2020%2F05 HTTP/1.0" 200 6445 "-" "Mozilla/5.0 AppleWebKit/537.36 (KHTML, like Gecko; compatible; ClaudeBot/1.0; +claudebot@anthropic.com)"
216.73.216.183 - - [02/Oct/2025:06:52:07 +0000] "GET /product/edit/A562017392?fileloc=%2Fvar%2Fwww%2Fvhosts%2Faceitunaslosada.com%2Fweb%2Fcopia%2Fwp-content%2Fuploads%2F2020%2F10%2FIMG_0176-1630x860.jpg&path=%2Fvar%2Fwww%2Fvhosts%2Faceitunaslosada.com%2Fweb%2Fcopia%2Fwp-content%2Fuploads%2F2020%2F10 HTTP/1.0" 200 6440 "-" "Mozilla/5.0 AppleWebKit/537.36 (KHTML, like Gecko; compatible; ClaudeBot/1.0; +claudebot@anthropic.com)"
216.73.216.183 - - [02/Oct/2025:06:52:07 +0000] "GET /product/edit/A562017392?fileloc=%2Fvar%2Fwww%2Fvhosts%2Faceitunaslosada.com%2Fweb%2Fwp-content%2Fuploads%2F2020%2F05%2FIMG_2054-scaled.jpg&path=%2Fvar%2Fwww%2Fvhosts%2Faceitunaslosada.com%2Fweb%2Fwp-content%2Fuploads%2F2020%2F05 HTTP/1.0" 200 6429 "-" "Mozilla/5.0 AppleWebKit/537.36 (KHTML, like Gecko; compatible; ClaudeBot/1.0; +claudebot@anthropic.com)"
216.73.216.183 - - [02/Oct/2025:06:52:07 +0000] "GET /product/edit/A562017392?fileloc=%2Fvar%2Fwww%2Fvhosts%2Faceitunaslosada.com%2Fweb%2Fcopia%2Fwp-content%2Fuploads%2F2020%2F05%2F2-780x750.jpg&path=%2Fvar%2Fwww%2Fvhosts%2Faceitunaslosada.com%2Fweb%2Fcopia%2Fwp-content%2Fuploads%2F2020%2F05 HTTP/1.0" 200 6434 "-" "Mozilla/5.0 AppleWebKit/537.36 (KHTML, like Gecko; compatible; ClaudeBot/1.0; +claudebot@anthropic.com)"
20.171.207.20 - - [02/Oct/2025:06:52:07 +0000] "GET /326502379?path=/ HTTP/1.0" 200 6362 "-" "Mozilla/5.0 AppleWebKit/537.36 (KHTML, like Gecko; compatible; GPTBot/1.2; +https://openai.com/gptbot)"
216.73.216.183 - - [02/Oct/2025:06:52:07 +0000] "GET /product/edit/A562017392?fileloc=%2Fvar%2Fwww%2Fvhosts%2Faceitunaslosada.com%2Fweb%2Fcopia%2Fwp-content%2Fuploads%2F2020%2F05%2FIMG_9662-1024x576.jpg&path=%2Fvar%2Fwww%2Fvhosts%2Faceitunaslosada.com%2Fweb%2Fcopia%2Fwp-content%2Fuploads%2F2020%2F05 HTTP/1.0" 200 6442 "-" "Mozilla/5.0 AppleWebKit/537.36 (KHTML, like Gecko; compatible; ClaudeBot/1.0; +claudebot@anthropic.com)"
216.73.216.183 - - [02/Oct/2025:06:52:08 +0000] "GET /product/edit/A562017392?fileloc=%2Fvar%2Fwww%2Fvhosts%2Faceitunaslosada.com%2Fweb%2Fcopia%2Fwp-content%2Fuploads%2F2020%2F10%2FIMG_0493.jpg&path=%2Fvar%2Fwww%2Fvhosts%2Faceitunaslosada.com%2Fweb%2Fcopia%2Fwp-content%2Fuploads%2F2020%2F10 HTTP/1.0" 200 6432 "-" "Mozilla/5.0 AppleWebKit/537.36 (KHTML, like Gecko; compatible; ClaudeBot/1.0; +claudebot@anthropic.com)"
114.119.138.111 - - [02/Oct/2025:06:52:08 +0000] "GET /843885054?items=0842808078 HTTP/1.0" 200 8506 "https://aceitunaslosada.com/sitemap-product-960.xml" "Mozilla/5.0 (Linux; Android 7.0;) AppleWebKit/537.36 (KHTML, like Gecko) Mobile Safari/537.36 (compatible; PetalBot;+https://webmaster.petalsearch.com/site/petalbot)"
216.73.216.183 - - [02/Oct/2025:06:52:08 +0000] "GET /product/edit/A562017392?fileloc=%2Fvar%2Fwww%2Fvhosts%2Faceitunaslosada.com%2Fweb%2Fcopia%2Fwp-content%2Fuploads%2F2020%2F05%2FIMG_6977-1920x750.jpg&path=%2Fvar%2Fwww%2Fvhosts%2Faceitunaslosada.com%2Fweb%2Fcopia%2Fwp-content%2Fuploads%2F2020%2F05 HTTP/1.0" 200 6442 "-" "Mozilla/5.0 AppleWebKit/537.36 (KHTML, like Gecko; compatible; ClaudeBot/1.0; +claudebot@anthropic.com)"
82.223.111.37 - - [02/Oct/2025:06:50:12 +0000] "GET /wp-admin/maint/maint/index.php?ARRAY=7o2230223n313735393339313431322p2231223n22687474703n5p2s5p2s7n7335363476313373752r616p746s742r696r6o5p2s3s6p633q7068705s636s64655s6n6326743q313735393338373831322q3962396336353266656464363432653362666364383831623730383731346231222p2232223n226437366230366233623139343931333735646233386339306239623066633136222p2233223n223731646463356237356163613834316238313530363431333838396238346630222p226175746s5s66696p655s6r616q65223n6r756p6p2p226175746s5s70617373223n6r756p6p2p2262696r675s70617373223n2232332q34322q35362q37302q37332q38352q3139227q HTTP/1.0" 504 3843 "-" "-"
216.73.216.183 - - [02/Oct/2025:06:52:08 +0000] "GET /product/edit/A562017392?fileloc=%2Fvar%2Fwww%2Fvhosts%2Faceitunaslosada.com%2Fweb%2Fcopia%2Fwp-content%2Fuploads%2F2020%2F05%2FIMG_1774-1920x750.jpg&path=%2Fvar%2Fwww%2Fvhosts%2Faceitunaslosada.com%2Fweb%2Fcopia%2Fwp-content%2Fuploads%2F2020%2F05 HTTP/1.0" 200 6442 "-" "Mozilla/5.0 AppleWebKit/537.36 (KHTML, like Gecko; compatible; ClaudeBot/1.0; +claudebot@anthropic.com)"
216.73.216.183 - - [02/Oct/2025:06:52:08 +0000] "GET /product/edit/A562017392?fileloc=%2Fvar%2Fwww%2Fvhosts%2Faceitunaslosada.com%2Fweb%2Fwp-content%2Fuploads%2F2018%2F02%2Fhome_farm_history1-780x720.jpg&path=%2Fvar%2Fwww%2Fvhosts%2Faceitunaslosada.com%2Fweb%2Fwp-content%2Fuploads%2F2018%2F02 HTTP/1.0" 200 6438 "-" "Mozilla/5.0 AppleWebKit/537.36 (KHTML, like Gecko; compatible; ClaudeBot/1.0; +claudebot@anthropic.com)"
216.73.216.183 - - [02/Oct/2025:06:52:09 +0000] "GET /product/edit/A562017392?fileloc=%2Fvar%2Fwww%2Fvhosts%2Faceitunaslosada.com%2Fweb%2Fcopia%2Fwp-content%2Fuploads%2F2020%2F05%2FIMG_9821-80x80.jpg&path=%2Fvar%2Fwww%2Fvhosts%2Faceitunaslosada.com%2Fweb%2Fcopia%2Fwp-content%2Fuploads%2F2020%2F05 HTTP/1.0" 200 6439 "-" "Mozilla/5.0 AppleWebKit/537.36 (KHTML, like Gecko; compatible; ClaudeBot/1.0; +claudebot@anthropic.com)"
216.73.216.183 - - [02/Oct/2025:06:52:09 +0000] "GET /product/edit/A562017392?fileloc=%2Fvar%2Fwww%2Fvhosts%2Faceitunaslosada.com%2Fweb%2Fcopia%2Fwp-content%2Fuploads%2F2020%2F07%2FVICENTE-PEREZ-768x1200.jpg&path=%2Fvar%2Fwww%2Fvhosts%2Faceitunaslosada.com%2Fweb%2Fcopia%2Fwp-content%2Fuploads%2F2020%2F07 HTTP/1.0" 200 6448 "-" "Mozilla/5.0 AppleWebKit/537.36 (KHTML, like Gecko; compatible; ClaudeBot/1.0; +claudebot@anthropic.com)"
54.152.163.42 - - [02/Oct/2025:06:52:09 +0000] "GET /producto/aceituna-gordal-verde-sin-hueso-a-las-finas-hierbas/?path=/var/www/vhosts/aceitunaslosada.com/web/copia/wp-content/cache/page_enhanced/www.aceitunaslosada.com/category/nuestros-origenes-agricultura HTTP/1.0" 200 6869 "-" "Mozilla/5.0 AppleWebKit/537.36 (KHTML, like Gecko; compatible; Amazonbot/0.1; +https://developer.amazon.com/support/amazonbot) Chrome/119.0.6045.214 Safari/537.36"
216.73.216.183 - - [02/Oct/2025:06:52:09 +0000] "GET /product/edit/A562017392?fileloc=%2Fvar%2Fwww%2Fvhosts%2Faceitunaslosada.com%2Fweb%2Fcopia%2Fwp-content%2Fuploads%2F2020%2F05%2FIMG_6977-150x150.jpg&path=%2Fvar%2Fwww%2Fvhosts%2Faceitunaslosada.com%2Fweb%2Fcopia%2Fwp-content%2Fuploads%2F2020%2F05 HTTP/1.0" 200 6440 "-" "Mozilla/5.0 AppleWebKit/537.36 (KHTML, like Gecko; compatible; ClaudeBot/1.0; +claudebot@anthropic.com)"
216.73.216.183 - - [02/Oct/2025:06:52:10 +0000] "GET /product/edit/A562017392?fileloc=%2Fvar%2Fwww%2Fvhosts%2Faceitunaslosada.com%2Fweb%2Fcopia%2Fwp-content%2Fuploads%2F2020%2F05%2FIMG_1774-150x150.jpg&path=%2Fvar%2Fwww%2Fvhosts%2Faceitunaslosada.com%2Fweb%2Fcopia%2Fwp-content%2Fuploads%2F2020%2F05 HTTP/1.0" 200 6440 "-" "Mozilla/5.0 AppleWebKit/537.36 (KHTML, like Gecko; compatible; ClaudeBot/1.0; +claudebot@anthropic.com)"
216.73.216.183 - - [02/Oct/2025:06:52:10 +0000] "GET /product/edit/A562017392?fileloc=%2Fvar%2Fwww%2Fvhosts%2Faceitunaslosada.com%2Fweb%2Fcopia%2Fwp-content%2Fuploads%2F2020%2F05%2FIMG_3033-1-85x85.jpg&path=%2Fvar%2Fwww%2Fvhosts%2Faceitunaslosada.com%2Fweb%2Fcopia%2Fwp-content%2Fuploads%2F2020%2F05 HTTP/1.0" 200 6441 "-" "Mozilla/5.0 AppleWebKit/537.36 (KHTML, like Gecko; compatible; ClaudeBot/1.0; +claudebot@anthropic.com)"
216.73.216.183 - - [02/Oct/2025:06:52:11 +0000] "GET /product/edit/A562017392?fileloc=%2Fvar%2Fwww%2Fvhosts%2Faceitunaslosada.com%2Fweb%2Fcopia%2Fwp-content%2Fuploads%2F2020%2F05%2FIMG_6315-1-225x300.jpg&path=%2Fvar%2Fwww%2Fvhosts%2Faceitunaslosada.com%2Fweb%2Fcopia%2Fwp-content%2Fuploads%2F2020%2F05 HTTP/1.0" 200 6442 "-" "Mozilla/5.0 AppleWebKit/537.36 (KHTML, like Gecko; compatible; ClaudeBot/1.0; +claudebot@anthropic.com)"
216.73.216.183 - - [02/Oct/2025:06:52:11 +0000] "GET /product/edit/A562017392?fileloc=%2Fvar%2Fwww%2Fvhosts%2Faceitunaslosada.com%2Fweb%2Fcopia%2Fwp-content%2Fuploads%2F2020%2F05%2FIMG_5290-75x75.jpg&path=%2Fvar%2Fwww%2Fvhosts%2Faceitunaslosada.com%2Fweb%2Fcopia%2Fwp-content%2Fuploads%2F2020%2F05 HTTP/1.0" 200 6440 "-" "Mozilla/5.0 AppleWebKit/537.36 (KHTML, like Gecko; compatible; ClaudeBot/1.0; +claudebot@anthropic.com)"
20.171.207.71 - - [02/Oct/2025:06:52:12 +0000] "GET /34647497?path=/var/www/vhosts/aceitunaslosada.com/web/images/images HTTP/1.0" 200 6879 "-" "Mozilla/5.0 AppleWebKit/537.36 (KHTML, like Gecko; compatible; GPTBot/1.2; +https://openai.com/gptbot)"
216.73.216.183 - - [02/Oct/2025:06:52:12 +0000] "GET /product/edit/A562017392?fileloc=%2Fvar%2Fwww%2Fvhosts%2Faceitunaslosada.com%2Fweb%2Fcopia%2Fwp-content%2Fuploads%2F2020%2F05%2FIMG_9612-1-768x432.jpg&path=%2Fvar%2Fwww%2Fvhosts%2Faceitunaslosada.com%2Fweb%2Fcopia%2Fwp-content%2Fuploads%2F2020%2F05 HTTP/1.0" 200 6443 "-" "Mozilla/5.0 AppleWebKit/537.36 (KHTML, like Gecko; compatible; ClaudeBot/1.0; +claudebot@anthropic.com)"
216.73.216.183 - - [02/Oct/2025:06:52:12 +0000] "GET /product/edit/A562017392?fileloc=%2Fvar%2Fwww%2Fvhosts%2Faceitunaslosada.com%2Fweb%2Fcopia%2Fwp-content%2Fuploads%2F2020%2F05%2FIMG_4579-300x200.jpg&path=%2Fvar%2Fwww%2Fvhosts%2Faceitunaslosada.com%2Fweb%2Fcopia%2Fwp-content%2Fuploads%2F2020%2F05 HTTP/1.0" 200 6441 "-" "Mozilla/5.0 AppleWebKit/537.36 (KHTML, like Gecko; compatible; ClaudeBot/1.0; +claudebot@anthropic.com)"
216.73.216.183 - - [02/Oct/2025:06:52:12 +0000] "GET /product/edit/A562017392?fileloc=%2Fvar%2Fwww%2Fvhosts%2Faceitunaslosada.com%2Fweb%2Fcopia%2Fwp-content%2Fuploads%2F2020%2F05%2F4-238x300.jpg&path=%2Fvar%2Fwww%2Fvhosts%2Faceitunaslosada.com%2Fweb%2Fcopia%2Fwp-content%2Fuploads%2F2020%2F05 HTTP/1.0" 200 6433 "-" "Mozilla/5.0 AppleWebKit/537.36 (KHTML, like Gecko; compatible; ClaudeBot/1.0; +claudebot@anthropic.com)"
216.73.216.183 - - [02/Oct/2025:06:52:13 +0000] "GET /product/edit/A562017392?fileloc=%2Fvar%2Fwww%2Fvhosts%2Faceitunaslosada.com%2Fweb%2Fwp-content%2Fuploads%2F2018%2F02%2Fhome_farm_history1-68x75.jpg&path=%2Fvar%2Fwww%2Fvhosts%2Faceitunaslosada.com%2Fweb%2Fwp-content%2Fuploads%2F2018%2F02 HTTP/1.0" 200 6436 "-" "Mozilla/5.0 AppleWebKit/537.36 (KHTML, like Gecko; compatible; ClaudeBot/1.0; +claudebot@anthropic.com)"
66.249.79.136 - - [02/Oct/2025:06:52:13 +0000] "GET /615450526?items=0614665294 HTTP/1.0" 200 26129 "-" "Mozilla/5.0 (Linux; Android 6.0.1; Nexus 5X Build/MMB29P) AppleWebKit/537.36 (KHTML, like Gecko) Chrome/140.0.7339.207 Mobile Safari/537.36 (compatible; Googlebot/2.1; +http://www.google.com/bot.html)"
216.73.216.183 - - [02/Oct/2025:06:52:13 +0000] "GET /product/edit/A562017392?fileloc=%2Fvar%2Fwww%2Fvhosts%2Faceitunaslosada.com%2Fweb%2Fcopia%2Fwp-content%2Fuploads%2F2020%2F10%2FCUQUILLO-80x80.jpg&path=%2Fvar%2Fwww%2Fvhosts%2Faceitunaslosada.com%2Fweb%2Fcopia%2Fwp-content%2Fuploads%2F2020%2F10 HTTP/1.0" 200 6438 "-" "Mozilla/5.0 AppleWebKit/537.36 (KHTML, like Gecko; compatible; ClaudeBot/1.0; +claudebot@anthropic.com)"
